{"id":721332,"date":"2025-08-27T18:48:43","date_gmt":"2025-08-27T15:48:43","guid":{"rendered":"https:\/\/roveyayinevi.com.tr\/index.php\/urun\/malte-laurids-briggenin-notlari-2\/"},"modified":"2026-04-16T02:29:20","modified_gmt":"2026-04-15T23:29:20","slug":"malte-laurids-briggenin-notlari-2","status":"publish","type":"product","link":"https:\/\/roveyayinevi.com.tr\/index.php\/urun\/malte-laurids-briggenin-notlari-2\/","title":{"rendered":"Malte Laurids Brigge\u2019nin Notlar\u0131"},"content":{"rendered":"<p>Otobiyografik \u00f6\u011feler ta\u015f\u0131yan, birbirinden ba\u011f\u0131ms\u0131z gu\u0308nlu\u0308k kay\u0131tlar\u0131n\u0131n, du\u0308zyaz\u0131 \u015fiirlerinin ve ayr\u0131nt\u0131l\u0131 betimlemelerin yer ald\u0131\u011f\u0131 bu eserde, Danimarkal\u0131 hassas gen\u00e7 \u015fair Malte Laurids Brigge, bize Rainer Maria Rilke\u2019nin g\u00f6zu\u0308nden Paris\u2019i anlat\u0131yor. Onun Paris\u2019i, toplumdan d\u0131\u015flanan insanlarla, sefaletle, hastal\u0131klarla ve \u00f6lu\u0308mle dolu bir \u015fehir. Bu nedenle Malte Laurids Brigge, tek ba\u015f\u0131na oturdu\u011fu ku\u0308\u00e7u\u0308cu\u0308k odas\u0131ndan, i\u00e7sel hesapla\u015fmalar\u0131n\u0131, hayattan ve hayallerinden korkular\u0131n\u0131, dine, sanata, a\u015fka ve \u00f6lu\u0308me dair du\u0308\u015fu\u0308ncelerini anlat\u0131yor. Rainer Maria Rilke, varolu\u015fun ve sanat\u0131n du\u0308\u015ftu\u0308\u011fu\u0308 kriz ile ilgili, 1910 y\u0131l\u0131na ait gu\u0308nlu\u0308k niteli\u011findeki bu roman\u0131yla, kendisine \u00f6zgu\u0308 sorgulay\u0131c\u0131 ve \u015fiirsel bir yakla\u015f\u0131mla, o d\u00f6neme ayna tutuyor ve bize ilk bu\u0308yu\u0308k \u015fehir roman\u0131n\u0131 sunuyor&#8230;<\/p>\n","protected":false},"excerpt":{"rendered":"<p>Otobiyografik \u00f6\u011feler ta\u015f\u0131yan, birbirinden ba\u011f\u0131ms\u0131z gu\u0308nlu\u0308k kay\u0131tlar\u0131n\u0131n, du\u0308zyaz\u0131 \u015fiirlerinin ve ayr\u0131nt\u0131l\u0131 betimlemelerin yer ald\u0131\u011f\u0131 bu eserde, Danimarkal\u0131 hassas gen\u00e7 \u015fair Malte Laurids Brigge, bize Rainer Maria<span class=\"excerpt-hellip\"> [\u2026]<\/span><\/p>\n","protected":false},"featured_media":0,"template":"","meta":{"_monsterinsights_skip_tracking":false,"_monsterinsights_sitenote_active":false,"_monsterinsights_sitenote_note":"","_monsterinsights_sitenote_category":0},"product_brand":[],"product_cat":[12782,12291],"product_tag":[],"class_list":{"0":"post-721332","1":"product","2":"type-product","3":"status-publish","5":"product_cat-alman-edebiyati","6":"product_cat-edebiyat","7":"pa_cilt-ciltsiz","8":"pa_tur-kitap","9":"pa_yayinevi-ayrinti-yayinlari","10":"pa_yazar-rainer-maria-rilke","12":"first","13":"instock","14":"sale","15":"shipping-taxable","16":"purchasable","17":"product-type-simple"},"_links":{"self":[{"href":"https:\/\/roveyayinevi.com.tr\/index.php\/wp-json\/wp\/v2\/product\/721332","targetHints":{"allow":["GET"]}}],"collection":[{"href":"https:\/\/roveyayinevi.com.tr\/index.php\/wp-json\/wp\/v2\/product"}],"about":[{"href":"https:\/\/roveyayinevi.com.tr\/index.php\/wp-json\/wp\/v2\/types\/product"}],"wp:attachment":[{"href":"https:\/\/roveyayinevi.com.tr\/index.php\/wp-json\/wp\/v2\/media?parent=721332"}],"wp:term":[{"taxonomy":"product_brand","embeddable":true,"href":"https:\/\/roveyayinevi.com.tr\/index.php\/wp-json\/wp\/v2\/product_brand?post=721332"},{"taxonomy":"product_cat","embeddable":true,"href":"https:\/\/roveyayinevi.com.tr\/index.php\/wp-json\/wp\/v2\/product_cat?post=721332"},{"taxonomy":"product_tag","embeddable":true,"href":"https:\/\/roveyayinevi.com.tr\/index.php\/wp-json\/wp\/v2\/product_tag?post=721332"}],"curies":[{"name":"wp","href":"https:\/\/api.w.org\/{rel}","templated":true}]}}