{"id":721318,"date":"2025-08-27T18:48:31","date_gmt":"2025-08-27T15:48:31","guid":{"rendered":"https:\/\/roveyayinevi.com.tr\/index.php\/urun\/zamanimizin-kahramani\/"},"modified":"2026-04-16T02:29:20","modified_gmt":"2026-04-15T23:29:20","slug":"zamanimizin-kahramani","status":"publish","type":"product","link":"https:\/\/roveyayinevi.com.tr\/index.php\/urun\/zamanimizin-kahramani\/","title":{"rendered":"Zaman\u0131m\u0131z\u0131n Kahraman\u0131"},"content":{"rendered":"<p>Zaman\u0131m\u0131z\u0131n Kahraman\u0131, Mihail Lermontov\u2019un en \u00fcnl\u00fc eseridir.\u0130lk kez 1840\u2019ta yay\u0131mlanan eserde b\u00fcy\u00fck usta \u00c7ehov\u2019un, Rus edebiyat\u0131ndaki en sevdi\u011fim \u00f6yk\u00fc dedi\u011fi \u201cTaman\u201d\u0131n yan\u0131 s\u0131ra, subay Pe\u00e7orin\u2019in kad\u0131nlarla ya\u015fad\u0131\u011f\u0131 maceralar\u0131n anlat\u0131ld\u0131\u011f\u0131 \u00f6yk\u00fcler de yer al\u0131r.Kad\u0131nlar\u0131n aynas\u0131ndan g\u00f6rd\u00fc\u011f\u00fcm\u00fcz Pe\u00e7orin, d\u00fcnya edebiyat\u0131ndaki belki de t\u00fcm \u201cl\u00fczumsuz adam\u201dlar\u0131n babas\u0131 say\u0131lacak bir \u00c2dem\u2019dir.Lermontov, Pe\u00e7orin\u2019e \u201czaman\u0131m\u0131z\u0131n kahraman\u0131\u201d diyerek \u201ckahraman\u201dlar\u0131n masallarda kald\u0131\u011f\u0131n\u0131, yeni d\u00fcnyan\u0131n Pe\u00e7orin benzeri (anti)kahramanlara kald\u0131\u011f\u0131n\u0131 s\u00f6yler gibidir.Mihail Lermontov\u2019un, \u00f6l\u00fcm\u00fcnden bir y\u0131l \u00f6nce yay\u0131mlanan eseri Zaman\u0131m\u0131z\u0131n Kahraman\u0131, Rus edebiyat\u0131nda psikolojik roman t\u00fcr\u00fcn\u00fcn ilk \u00f6rne\u011fi olma \u00f6zelli\u011fiyle Lermontov\u2019u \u00f6l\u00fcms\u00fcz k\u0131lm\u0131\u015ft\u0131r.Sadece Pe\u00e7orin\u2019i yaratsayd\u0131 da de\u011ferinden bir \u015fey kaybetmezdi belki; \u00e7\u00fcnk\u00fc Pe\u00e7orin bizim zaman\u0131m\u0131z\u0131n da kahraman\u0131d\u0131r.Okunmasa olmayacak kitaplardan\u2026 Nuri Y\u0131ld\u0131r\u0131m\u2019\u0131n Rus\u00e7a asl\u0131ndan \u00e7evirisiyle ve yine Yordam Edebiyat\u2019tan!<\/p>\n","protected":false},"excerpt":{"rendered":"<p>Zaman\u0131m\u0131z\u0131n Kahraman\u0131, Mihail Lermontov\u2019un en \u00fcnl\u00fc eseridir.\u0130lk kez 1840\u2019ta yay\u0131mlanan eserde b\u00fcy\u00fck usta \u00c7ehov\u2019un, Rus edebiyat\u0131ndaki en sevdi\u011fim \u00f6yk\u00fc dedi\u011fi \u201cTaman\u201d\u0131n yan\u0131 s\u0131ra, subay Pe\u00e7orin\u2019in kad\u0131nlarla<span class=\"excerpt-hellip\"> [\u2026]<\/span><\/p>\n","protected":false},"featured_media":0,"template":"","meta":{"_monsterinsights_skip_tracking":false,"_monsterinsights_sitenote_active":false,"_monsterinsights_sitenote_note":"","_monsterinsights_sitenote_category":0},"product_brand":[],"product_cat":[12291,13570],"product_tag":[],"class_list":{"0":"post-721318","1":"product","2":"type-product","3":"status-publish","5":"product_cat-edebiyat","6":"product_cat-rus-edebiyati","7":"pa_cilt-ciltsiz","8":"pa_tur-kitap","9":"pa_yayinevi-yordam-kitap","10":"pa_yazar-mihail-lermontov","12":"first","13":"instock","14":"sale","15":"shipping-taxable","16":"purchasable","17":"product-type-simple"},"_links":{"self":[{"href":"https:\/\/roveyayinevi.com.tr\/index.php\/wp-json\/wp\/v2\/product\/721318","targetHints":{"allow":["GET"]}}],"collection":[{"href":"https:\/\/roveyayinevi.com.tr\/index.php\/wp-json\/wp\/v2\/product"}],"about":[{"href":"https:\/\/roveyayinevi.com.tr\/index.php\/wp-json\/wp\/v2\/types\/product"}],"wp:attachment":[{"href":"https:\/\/roveyayinevi.com.tr\/index.php\/wp-json\/wp\/v2\/media?parent=721318"}],"wp:term":[{"taxonomy":"product_brand","embeddable":true,"href":"https:\/\/roveyayinevi.com.tr\/index.php\/wp-json\/wp\/v2\/product_brand?post=721318"},{"taxonomy":"product_cat","embeddable":true,"href":"https:\/\/roveyayinevi.com.tr\/index.php\/wp-json\/wp\/v2\/product_cat?post=721318"},{"taxonomy":"product_tag","embeddable":true,"href":"https:\/\/roveyayinevi.com.tr\/index.php\/wp-json\/wp\/v2\/product_tag?post=721318"}],"curies":[{"name":"wp","href":"https:\/\/api.w.org\/{rel}","templated":true}]}}