{"id":721307,"date":"2025-08-27T18:48:22","date_gmt":"2025-08-27T15:48:22","guid":{"rendered":"https:\/\/roveyayinevi.com.tr\/index.php\/urun\/kok-2\/"},"modified":"2026-04-16T02:29:19","modified_gmt":"2026-04-15T23:29:19","slug":"kok-2","status":"publish","type":"product","link":"https:\/\/roveyayinevi.com.tr\/index.php\/urun\/kok-2\/","title":{"rendered":"K\u00f6k"},"content":{"rendered":"<p>\u201cG\u00f6zlerini a\u00e7t\u0131\u011f\u0131nda, devasa avizelerin alt\u0131nda, k\u0131rm\u0131z\u0131 ve alt\u0131n renginin ihti\u015fam\u0131 i\u00e7inde g\u00f6rd\u00fc\u011f\u00fc ilk \u015fey, kuca\u011f\u0131nda birbirine kenetlenmi\u015f elleri. \u0130lk gen\u00e7lik y\u0131llar\u0131ndan beri edindi\u011fi bir al\u0131\u015fkanl\u0131k bu, ellerini birbirine kenetlemek. Kendini bo\u015flukta, yapayaln\u0131z hissetti\u011fi zamanlarda, bir elin di\u011ferini umut bellemesi gibi istemsizce yapt\u0131\u011f\u0131 bir hareket. Y\u0131llarca yakas\u0131n\u0131 b\u0131rakmayan o bo\u015flukta olma hissi yok oluyor birden. Ellerinin \u00fczerinde hissetti\u011fi s\u0131cak dokunu\u015fla parmaklar\u0131 birbirinden ayr\u0131l\u0131p k\u00f6k oluyor, jenerikteki gibi topra\u011fa kenetleniyor s\u0131ms\u0131k\u0131.\u201dBir \u00e7ocu\u011fu sevmeye ne yar\u0131m bir ak\u0131l ne de yar\u0131m bir kalp engeldi&#8230;Kendi benli\u011finden yepyeni bir ben do\u011furup, hayata k\u00f6k salabilmesinin tek yoluydu ger\u00e7ekle y\u00fczle\u015fmek. Pay\u0131na d\u00fc\u015fen sevgiyi de, korkuyu da, endi\u015feyi de, ne\u015feyi de, h\u00fczn\u00fc de mutlaka ya\u015f\u0131yordu herkes&#8230; \u015eanss\u0131zl\u0131\u011f\u0131na isyan ederken, kaderinin onu bir felaketten esirgeyerek, bir umuda emanet etti\u011fini anlad\u0131\u011f\u0131 g\u00fcn yeniden do\u011fdu.Her yol ayr\u0131m\u0131 yeni bir umuttu. Ve onun hikayesi bir\u00e7ok ki\u015finin kaderini de\u011fi\u015ftiren b\u00f6yle bir yol ayr\u0131m\u0131nda yaz\u0131lm\u0131\u015ft\u0131.<\/p>\n","protected":false},"excerpt":{"rendered":"<p>\u201cG\u00f6zlerini a\u00e7t\u0131\u011f\u0131nda, devasa avizelerin alt\u0131nda, k\u0131rm\u0131z\u0131 ve alt\u0131n renginin ihti\u015fam\u0131 i\u00e7inde g\u00f6rd\u00fc\u011f\u00fc ilk \u015fey, kuca\u011f\u0131nda birbirine kenetlenmi\u015f elleri. \u0130lk gen\u00e7lik y\u0131llar\u0131ndan beri edindi\u011fi bir al\u0131\u015fkanl\u0131k bu,<span class=\"excerpt-hellip\"> [\u2026]<\/span><\/p>\n","protected":false},"featured_media":0,"template":"","meta":{"_monsterinsights_skip_tracking":false,"_monsterinsights_sitenote_active":false,"_monsterinsights_sitenote_note":"","_monsterinsights_sitenote_category":0},"product_brand":[],"product_cat":[12291,12711],"product_tag":[],"class_list":{"0":"post-721307","1":"product","2":"type-product","3":"status-publish","5":"product_cat-edebiyat","6":"product_cat-roman-oyku","7":"pa_cilt-ciltsiz","8":"pa_tur-kitap","9":"pa_yayinevi-aya-kitap","10":"pa_yazar-isik-gurer","12":"first","13":"instock","14":"sale","15":"shipping-taxable","16":"purchasable","17":"product-type-simple"},"_links":{"self":[{"href":"https:\/\/roveyayinevi.com.tr\/index.php\/wp-json\/wp\/v2\/product\/721307","targetHints":{"allow":["GET"]}}],"collection":[{"href":"https:\/\/roveyayinevi.com.tr\/index.php\/wp-json\/wp\/v2\/product"}],"about":[{"href":"https:\/\/roveyayinevi.com.tr\/index.php\/wp-json\/wp\/v2\/types\/product"}],"wp:attachment":[{"href":"https:\/\/roveyayinevi.com.tr\/index.php\/wp-json\/wp\/v2\/media?parent=721307"}],"wp:term":[{"taxonomy":"product_brand","embeddable":true,"href":"https:\/\/roveyayinevi.com.tr\/index.php\/wp-json\/wp\/v2\/product_brand?post=721307"},{"taxonomy":"product_cat","embeddable":true,"href":"https:\/\/roveyayinevi.com.tr\/index.php\/wp-json\/wp\/v2\/product_cat?post=721307"},{"taxonomy":"product_tag","embeddable":true,"href":"https:\/\/roveyayinevi.com.tr\/index.php\/wp-json\/wp\/v2\/product_tag?post=721307"}],"curies":[{"name":"wp","href":"https:\/\/api.w.org\/{rel}","templated":true}]}}