{"id":721305,"date":"2025-08-27T18:48:21","date_gmt":"2025-08-27T15:48:21","guid":{"rendered":"https:\/\/roveyayinevi.com.tr\/index.php\/urun\/turk-toresi-2\/"},"modified":"2026-04-16T02:29:19","modified_gmt":"2026-04-15T23:29:19","slug":"turk-toresi-2","status":"publish","type":"product","link":"https:\/\/roveyayinevi.com.tr\/index.php\/urun\/turk-toresi-2\/","title":{"rendered":"T\u00fcrk T\u00f6resi"},"content":{"rendered":"<p>Ziya G\u00f6kalp, T\u00fcrk T\u00f6resi\u2019nde T\u00fcrk halk k\u00fclt\u00fcr\u00fcn\u00fc ve tarihini bir arada ele alm\u0131\u015ft\u0131r. Orhun Kitabeleri\u2019nde t\u00f6resiz bir devlet veya topluluk olamayaca\u011f\u0131 yaz\u0131l\u0131d\u0131r.G\u00f6kalp, onun i\u00e7in halk k\u00fclt\u00fcr\u00fcn\u00fc mill\u00ee devletin esas\u0131 g\u00f6r\u00fcr.1923\u2019te yay\u0131mlanan T\u00fcrk\u00e7\u00fcl\u00fc\u011f\u00fcn Esaslar\u0131\u2019nda, bak\u0131lmas\u0131 i\u00e7in kaynak g\u00f6stererek at\u0131fta bulundu\u011fu T\u00fcrk T\u00f6resi de ayn\u0131 y\u0131l bas\u0131lm\u0131\u015ft\u0131r. Her toplumun kendine g\u00f6re ge\u00e7mi\u015ften gelen al\u0131\u015fkanl\u0131klar\u0131 ve kendilerine \u00f6zg\u00fc t\u00f6releri ve hayat tarzlar\u0131 vard\u0131r. G\u00f6kalp T\u00fcrk T\u00f6resi\u2019nde, T\u00fcrklerin t\u00f6resini, ya\u015fama bi\u00e7imlerini ele alm\u0131\u015f, anayurtta bir arada veya kom\u015fu olduklar\u0131 toplumlarla, \u00f6zellikle \u00c7inliler ve Mo\u011follarla k\u0131yaslam\u0131\u015f, ge\u00e7i\u015fleri, ayr\u0131\u015fmalar\u0131 ana kaynaklara girerek bir bir g\u00f6stermi\u015ftir. T\u00fcrk T\u00f6resi, bir \u00f6nc\u00fc eserdir. Sonraki \u00e7al\u0131\u015fmalar\u0131n, bu eser \u00fczerine bina edildi\u011fini s\u00f6yleyebiliriz.<\/p>\n","protected":false},"excerpt":{"rendered":"<p>Ziya G\u00f6kalp, T\u00fcrk T\u00f6resi\u2019nde T\u00fcrk halk k\u00fclt\u00fcr\u00fcn\u00fc ve tarihini bir arada ele alm\u0131\u015ft\u0131r. Orhun Kitabeleri\u2019nde t\u00f6resiz bir devlet veya topluluk olamayaca\u011f\u0131 yaz\u0131l\u0131d\u0131r.G\u00f6kalp, onun i\u00e7in halk k\u00fclt\u00fcr\u00fcn\u00fc<span class=\"excerpt-hellip\"> [\u2026]<\/span><\/p>\n","protected":false},"featured_media":0,"template":"","meta":{"_monsterinsights_skip_tracking":false,"_monsterinsights_sitenote_active":false,"_monsterinsights_sitenote_note":"","_monsterinsights_sitenote_category":0},"product_brand":[],"product_cat":[12325,12324],"product_tag":[],"class_list":{"0":"post-721305","1":"product","2":"type-product","3":"status-publish","5":"product_cat-diger-sosyoloji","6":"product_cat-sosyoloji","7":"pa_cilt-ciltsiz","8":"pa_tur-kitap","9":"pa_yayinevi-bilge-kultur-sanat","10":"pa_yazar-ziya-gokalp","12":"first","13":"instock","14":"sale","15":"shipping-taxable","16":"purchasable","17":"product-type-simple"},"_links":{"self":[{"href":"https:\/\/roveyayinevi.com.tr\/index.php\/wp-json\/wp\/v2\/product\/721305","targetHints":{"allow":["GET"]}}],"collection":[{"href":"https:\/\/roveyayinevi.com.tr\/index.php\/wp-json\/wp\/v2\/product"}],"about":[{"href":"https:\/\/roveyayinevi.com.tr\/index.php\/wp-json\/wp\/v2\/types\/product"}],"wp:attachment":[{"href":"https:\/\/roveyayinevi.com.tr\/index.php\/wp-json\/wp\/v2\/media?parent=721305"}],"wp:term":[{"taxonomy":"product_brand","embeddable":true,"href":"https:\/\/roveyayinevi.com.tr\/index.php\/wp-json\/wp\/v2\/product_brand?post=721305"},{"taxonomy":"product_cat","embeddable":true,"href":"https:\/\/roveyayinevi.com.tr\/index.php\/wp-json\/wp\/v2\/product_cat?post=721305"},{"taxonomy":"product_tag","embeddable":true,"href":"https:\/\/roveyayinevi.com.tr\/index.php\/wp-json\/wp\/v2\/product_tag?post=721305"}],"curies":[{"name":"wp","href":"https:\/\/api.w.org\/{rel}","templated":true}]}}