{"id":721296,"date":"2025-08-27T18:48:14","date_gmt":"2025-08-27T15:48:14","guid":{"rendered":"https:\/\/roveyayinevi.com.tr\/index.php\/urun\/bu-benim-dansim\/"},"modified":"2026-04-08T02:37:07","modified_gmt":"2026-04-07T23:37:07","slug":"bu-benim-dansim","status":"publish","type":"product","link":"https:\/\/roveyayinevi.com.tr\/index.php\/urun\/bu-benim-dansim\/","title":{"rendered":"Bu Benim Dans\u0131m"},"content":{"rendered":"<p>Bea\u2019n\u0131n okulda can\u0131 \u00e7ok s\u0131k\u0131l\u0131yordu.Dikkatini bir t\u00fcrl\u00fc derslere veremiyordu. Sonra bir g\u00fcn m\u00fczi\u011fi duydu ve bir daha yerinde duramad\u0131.Bea\u2019n\u0131n dans etmesi gerekiyordu. Dans ona \u00e7ok iyi geliyordu.Matematik bile&#8230;Dans ederken daha kolayd\u0131. Bu Bea\u2019n\u0131n dans\u0131&#8230;Var m\u0131s\u0131n dans edelim birlikte!<\/p>\n","protected":false},"excerpt":{"rendered":"<p>Bea\u2019n\u0131n okulda can\u0131 \u00e7ok s\u0131k\u0131l\u0131yordu.Dikkatini bir t\u00fcrl\u00fc derslere veremiyordu. Sonra bir g\u00fcn m\u00fczi\u011fi duydu ve bir daha yerinde duramad\u0131.Bea\u2019n\u0131n dans etmesi gerekiyordu. Dans ona \u00e7ok iyi<span class=\"excerpt-hellip\"> [\u2026]<\/span><\/p>\n","protected":false},"featured_media":0,"template":"","meta":{"_monsterinsights_skip_tracking":false,"_monsterinsights_sitenote_active":false,"_monsterinsights_sitenote_note":"","_monsterinsights_sitenote_category":0},"product_brand":[],"product_cat":[12274,12284],"product_tag":[],"class_list":{"0":"post-721296","1":"product","2":"type-product","3":"status-publish","5":"product_cat-cocuk-ve-genclik-kitaplari","6":"product_cat-hikayeler","7":"pa_cilt-ciltsiz","8":"pa_tur-kitap","9":"pa_yayinevi-beta-kids","10":"pa_yazar-luciano-lozano","12":"first","13":"instock","14":"sale","15":"shipping-taxable","16":"purchasable","17":"product-type-simple"},"_links":{"self":[{"href":"https:\/\/roveyayinevi.com.tr\/index.php\/wp-json\/wp\/v2\/product\/721296","targetHints":{"allow":["GET"]}}],"collection":[{"href":"https:\/\/roveyayinevi.com.tr\/index.php\/wp-json\/wp\/v2\/product"}],"about":[{"href":"https:\/\/roveyayinevi.com.tr\/index.php\/wp-json\/wp\/v2\/types\/product"}],"wp:attachment":[{"href":"https:\/\/roveyayinevi.com.tr\/index.php\/wp-json\/wp\/v2\/media?parent=721296"}],"wp:term":[{"taxonomy":"product_brand","embeddable":true,"href":"https:\/\/roveyayinevi.com.tr\/index.php\/wp-json\/wp\/v2\/product_brand?post=721296"},{"taxonomy":"product_cat","embeddable":true,"href":"https:\/\/roveyayinevi.com.tr\/index.php\/wp-json\/wp\/v2\/product_cat?post=721296"},{"taxonomy":"product_tag","embeddable":true,"href":"https:\/\/roveyayinevi.com.tr\/index.php\/wp-json\/wp\/v2\/product_tag?post=721296"}],"curies":[{"name":"wp","href":"https:\/\/api.w.org\/{rel}","templated":true}]}}