{"id":721293,"date":"2025-08-27T18:48:12","date_gmt":"2025-08-27T15:48:12","guid":{"rendered":"https:\/\/roveyayinevi.com.tr\/index.php\/urun\/siyah-etekli-manolya\/"},"modified":"2026-04-16T02:29:19","modified_gmt":"2026-04-15T23:29:19","slug":"siyah-etekli-manolya","status":"publish","type":"product","link":"https:\/\/roveyayinevi.com.tr\/index.php\/urun\/siyah-etekli-manolya\/","title":{"rendered":"Siyah Etekli Manolya"},"content":{"rendered":"<p>S\u00f6nmek&#8230; G\u00fcne\u015fken s\u00f6nmek&#8230; Bir a\u015f\u0131 pi\u015firirken, K\u00f6m\u00fcr\u00fc tutu\u015ftururken, Aysbergi eritirken s\u00f6nmek&#8230; S\u00f6yle, bu ne demek? \u201cBelki veda, belki tutku\u201d demek! <\/p>\n","protected":false},"excerpt":{"rendered":"<p>S\u00f6nmek&#8230; G\u00fcne\u015fken s\u00f6nmek&#8230; Bir a\u015f\u0131 pi\u015firirken, K\u00f6m\u00fcr\u00fc tutu\u015ftururken, Aysbergi eritirken s\u00f6nmek&#8230; S\u00f6yle, bu ne demek? \u201cBelki veda, belki tutku\u201d demek!<\/p>\n","protected":false},"featured_media":0,"template":"","meta":{"_monsterinsights_skip_tracking":false,"_monsterinsights_sitenote_active":false,"_monsterinsights_sitenote_note":"","_monsterinsights_sitenote_category":0},"product_brand":[],"product_cat":[12291,12509],"product_tag":[],"class_list":{"0":"post-721293","1":"product","2":"type-product","3":"status-publish","5":"product_cat-edebiyat","6":"product_cat-siir","7":"pa_cilt-ciltsiz","8":"pa_tur-kitap","9":"pa_yayinevi-luna-yayinlari","10":"pa_yazar-huzeyfe-karabay","12":"first","13":"instock","14":"sale","15":"shipping-taxable","16":"purchasable","17":"product-type-simple"},"_links":{"self":[{"href":"https:\/\/roveyayinevi.com.tr\/index.php\/wp-json\/wp\/v2\/product\/721293","targetHints":{"allow":["GET"]}}],"collection":[{"href":"https:\/\/roveyayinevi.com.tr\/index.php\/wp-json\/wp\/v2\/product"}],"about":[{"href":"https:\/\/roveyayinevi.com.tr\/index.php\/wp-json\/wp\/v2\/types\/product"}],"wp:attachment":[{"href":"https:\/\/roveyayinevi.com.tr\/index.php\/wp-json\/wp\/v2\/media?parent=721293"}],"wp:term":[{"taxonomy":"product_brand","embeddable":true,"href":"https:\/\/roveyayinevi.com.tr\/index.php\/wp-json\/wp\/v2\/product_brand?post=721293"},{"taxonomy":"product_cat","embeddable":true,"href":"https:\/\/roveyayinevi.com.tr\/index.php\/wp-json\/wp\/v2\/product_cat?post=721293"},{"taxonomy":"product_tag","embeddable":true,"href":"https:\/\/roveyayinevi.com.tr\/index.php\/wp-json\/wp\/v2\/product_tag?post=721293"}],"curies":[{"name":"wp","href":"https:\/\/api.w.org\/{rel}","templated":true}]}}