{"id":721288,"date":"2025-08-27T18:48:08","date_gmt":"2025-08-27T15:48:08","guid":{"rendered":"https:\/\/roveyayinevi.com.tr\/index.php\/urun\/seckinlerin-siyaseti\/"},"modified":"2026-04-16T02:29:19","modified_gmt":"2026-04-15T23:29:19","slug":"seckinlerin-siyaseti","status":"publish","type":"product","link":"https:\/\/roveyayinevi.com.tr\/index.php\/urun\/seckinlerin-siyaseti\/","title":{"rendered":"Se\u00e7kinlerin Siyaseti"},"content":{"rendered":"<p>T\u00fcrkiye gibi geli\u015fmekte olan \u00fclkeler ile geli\u015fmemi\u015f \u00fclkelerde siyaset, bir k\u00f6\u015fe kapmaca ve ayr\u0131cal\u0131kl\u0131 bir meslek gurubu olarak alg\u0131lanmaktad\u0131r. Siyasi partilerin y\u00f6netim kadrolar\u0131nda do\u011frudan veya dolayl\u0131 yoldan bir mevki yakalayanlar, s\u00f6z\u00fcm ona siyasi se\u00e7kinler gurubuna d\u00e2hil olmaktad\u0131r. S\u0131n\u0131fsal bir ayr\u0131cal\u0131k gibi g\u00f6r\u00fcnen bu siyasi koltuklar, mevcut siyasiler i\u00e7in bir kariyer ve korunmas\u0131 gereken kutsal mevkiler olarak g\u00f6r\u00fclmektedir. T\u00fcrkiye\u2019de; demokrat\u0131ndan otoriterine ve en radikaline kadar, neredeyse t\u00fcm parti y\u00f6netimlerindeki ortak konu, her ne pahas\u0131na olursa olsun mevcut y\u00f6netimin ve koltuklar\u0131n korunmas\u0131d\u0131r. Farkl\u0131 ideolojik e\u011filimler ve \u00f6rg\u00fct modelleri sergileyen bu siyasi partiler, y\u00f6netimin payla\u015f\u0131lmas\u0131 konusunda adeta birbirlerini tamamlayan ortak zincirin birer halkas\u0131 gibidir. T\u00fcrkiye\u2019de, yukar\u0131dan a\u015fa\u011f\u0131ya do\u011fru \u00f6rg\u00fctlenen siyasal ortam, zaman i\u00e7erisinde tabana yay\u0131lma ve toplumsal kat\u0131l\u0131m\u0131 sa\u011flayacak bir d\u00f6n\u00fc\u015f\u00fcm\u00fc hi\u00e7bir zaman ger\u00e7ekle\u015ftirememi\u015ftir. Olu\u015fan bu siyasal saadet zinciri, ilk g\u00fcnden itibaren oligar\u015fik bir yap\u0131ya sahip s\u00f6z\u00fcm ona se\u00e7kinlerin denetiminde y\u00f6nlendirilmi\u015f ve \u015fekillendirilmi\u015ftir. Oysa siyasal sistemini sa\u011fl\u0131kl\u0131 tamamlam\u0131\u015f bat\u0131 demokrasilerinde siyaset, liyakat ve toplumsal tercih zemininde \u015fekillenmektedir. Bu \u00fclkelerde siyaset, parti genel ba\u015fkan\u0131ndan sade \u00fcyeye kadar, t\u00fcm katmanlar\u0131n\u0131n kararlara i\u015ftirakine elveri\u015fli bir yap\u0131dad\u0131r. Siyaset bir kariyer ve meslek gurubu olarak g\u00f6r\u00fclmez. Lobicilik, hiziple\u015fme gibi i\u00e7 grupla\u015fmalar\u0131n ya\u015fanmad\u0131\u011f\u0131 bu demokrasilerde, benim adam\u0131m anlay\u0131\u015f\u0131 yoktur. En liyakatli aday\u0131n geni\u015f kat\u0131l\u0131mla aranmas\u0131 ve bulunmas\u0131 sonras\u0131nda, g\u00f6rev verilmesi siyasi k\u00fclt\u00fcr\u00fc yerle\u015ftirilmi\u015ftir. <\/p>\n","protected":false},"excerpt":{"rendered":"<p>T\u00fcrkiye gibi geli\u015fmekte olan \u00fclkeler ile geli\u015fmemi\u015f \u00fclkelerde siyaset, bir k\u00f6\u015fe kapmaca ve ayr\u0131cal\u0131kl\u0131 bir meslek gurubu olarak alg\u0131lanmaktad\u0131r. Siyasi partilerin y\u00f6netim kadrolar\u0131nda do\u011frudan veya dolayl\u0131<span class=\"excerpt-hellip\"> [\u2026]<\/span><\/p>\n","protected":false},"featured_media":0,"template":"","meta":{"_monsterinsights_skip_tracking":false,"_monsterinsights_sitenote_active":false,"_monsterinsights_sitenote_note":"","_monsterinsights_sitenote_category":0},"product_brand":[],"product_cat":[13059,12337],"product_tag":[],"class_list":{"0":"post-721288","1":"product","2":"type-product","3":"status-publish","5":"product_cat-diger-politika-siyaset","6":"product_cat-politika-siyaset","7":"pa_cilt-ciltsiz","8":"pa_tur-kitap","9":"pa_yayinevi-la-kitap-yayinlari","10":"pa_yazar-celal-celik","12":"first","13":"instock","14":"sale","15":"shipping-taxable","16":"purchasable","17":"product-type-simple"},"_links":{"self":[{"href":"https:\/\/roveyayinevi.com.tr\/index.php\/wp-json\/wp\/v2\/product\/721288","targetHints":{"allow":["GET"]}}],"collection":[{"href":"https:\/\/roveyayinevi.com.tr\/index.php\/wp-json\/wp\/v2\/product"}],"about":[{"href":"https:\/\/roveyayinevi.com.tr\/index.php\/wp-json\/wp\/v2\/types\/product"}],"wp:attachment":[{"href":"https:\/\/roveyayinevi.com.tr\/index.php\/wp-json\/wp\/v2\/media?parent=721288"}],"wp:term":[{"taxonomy":"product_brand","embeddable":true,"href":"https:\/\/roveyayinevi.com.tr\/index.php\/wp-json\/wp\/v2\/product_brand?post=721288"},{"taxonomy":"product_cat","embeddable":true,"href":"https:\/\/roveyayinevi.com.tr\/index.php\/wp-json\/wp\/v2\/product_cat?post=721288"},{"taxonomy":"product_tag","embeddable":true,"href":"https:\/\/roveyayinevi.com.tr\/index.php\/wp-json\/wp\/v2\/product_tag?post=721288"}],"curies":[{"name":"wp","href":"https:\/\/api.w.org\/{rel}","templated":true}]}}