{"id":721273,"date":"2025-08-27T18:47:57","date_gmt":"2025-08-27T15:47:57","guid":{"rendered":"https:\/\/roveyayinevi.com.tr\/index.php\/urun\/velazquez\/"},"modified":"2026-03-12T02:38:09","modified_gmt":"2026-03-11T23:38:09","slug":"velazquez","status":"publish","type":"product","link":"https:\/\/roveyayinevi.com.tr\/index.php\/urun\/velazquez\/","title":{"rendered":"Velazquez"},"content":{"rendered":"<p>Tart\u0131\u015fmaya a\u00e7\u0131k olmayan mutlak bir benzerlik; ger\u00e7ek bir \u201cger\u00e7eklik\u201d; ola\u011fand\u0131\u015f\u0131 bir g\u00f6zlem ve g\u00f6zlemleri tuvale aktarma g\u00fcc\u00fc; sanat\u00e7\u0131n\u0131n zekas\u0131yla resimlerine bakanlar\u0131n zekas\u0131n\u0131 yar\u0131\u015ft\u0131racak, bulu\u015fturacak, beyin f\u0131rt\u0131nas\u0131 yaratacak muamma; bu muammay\u0131 inan\u0131lmas\u0131 g\u00fc\u00e7 bir yal\u0131nl\u0131kla ancak ayn\u0131 zamanda heybetli bir \u015fekilde tuvale yans\u0131tma becerisi. Velazquez resimlerinin \u00f6zeti bu. G\u00f6r\u00fcn\u00fcrde yaln\u0131zca birka\u00e7 fig\u00fcr\u00fcn bir araya gelerek s\u0131radan bir poz verdi\u011fi i\u00e7 mekan resminin ard\u0131na as\u0131rlard\u0131r yap\u0131lan tart\u0131\u015fmalara ra\u011fmen halen kesin bir yarg\u0131ya var\u0131lamayan gizemler ekleyen bir ressamdan bahsediyoruz.Resim sanat\u0131 tarihinin Avrupa\u2019daki en \u00f6nemli temsilcilerinden biri olan Vel\u00e1zquez, filozoflara ve sanat kuramc\u0131lar\u0131na y\u00fczy\u0131llard\u0131r gizemi \u00e7\u00f6z\u00fclemeyen bir bilmece b\u0131rakt\u0131: Nedimeler (Las Meninas). Edebiyat\u00e7\u0131lar\u0131n, hatta film yap\u0131mc\u0131lar\u0131n\u0131n bile ilgi oda\u011f\u0131nda olan resim, pek \u00e7ok ressama da ilham verdi. Resmini yapmaya de\u011fer buldu\u011fu ki\u015filerle ve se\u00e7ti\u011fi konularla da y\u00fczy\u0131llard\u0131r herkesi etkilemeye devam eden \u00fcnl\u00fc ressam, eserlerinin pek \u00e7o\u011funa izleyiciye adeta g\u00f6z k\u0131rpan bulmacalar eklemeyi ihmal etmedi.Hayalperest Yay\u0131nlar\u0131\u2019n\u0131n \u201cSanat\u0131n B\u00fcy\u00fck Ustalar\u0131\u201d serisinin bir par\u00e7as\u0131 olan bu kitap, ressam\u0131n yaln\u0131zca ya\u015fam\u0131n\u0131 anlatmakla yetinmiyor, \u00f6nemli eserlerini mercek alt\u0131na alarak g\u00fcn\u00fcm\u00fczde sanat tarihindeki yerini nas\u0131l ald\u0131\u011f\u0131n\u0131 ortaya koyuyor. Doksan alt\u0131 sayfadan olu\u015fan kitap, sanatla ilgilenen herkes i\u00e7in temel bir kaynak niteli\u011fi ta\u015f\u0131yor.\u0130\u00e7erdi\u011fi g\u00f6rsellerle birlikte metnin i\u00e7eri\u011fini zenginle\u015ftiren notlar b\u00f6l\u00fcm\u00fcyle katmanl\u0131 bir okuma imkan\u0131 sunan kitap, \u201cressamlar\u0131n kral\u0131\u201d ve \u201ckrallar\u0131n ressam\u0131\u201d olarak da an\u0131lan Velazquez\u2019in d\u00fcnyas\u0131na a\u00e7\u0131lan kap\u0131y\u0131 aral\u0131yor ve sanat tarihinde \u00e7\u0131kt\u0131\u011f\u0131 yolculukta okurun keyif almas\u0131n\u0131 umuyor.<\/p>\n","protected":false},"excerpt":{"rendered":"<p>Tart\u0131\u015fmaya a\u00e7\u0131k olmayan mutlak bir benzerlik; ger\u00e7ek bir \u201cger\u00e7eklik\u201d; ola\u011fand\u0131\u015f\u0131 bir g\u00f6zlem ve g\u00f6zlemleri tuvale aktarma g\u00fcc\u00fc; sanat\u00e7\u0131n\u0131n zekas\u0131yla resimlerine bakanlar\u0131n zekas\u0131n\u0131 yar\u0131\u015ft\u0131racak, bulu\u015fturacak, beyin f\u0131rt\u0131nas\u0131<span class=\"excerpt-hellip\"> [\u2026]<\/span><\/p>\n","protected":false},"featured_media":0,"template":"","meta":{"_monsterinsights_skip_tracking":false,"_monsterinsights_sitenote_active":false,"_monsterinsights_sitenote_note":"","_monsterinsights_sitenote_category":0},"product_brand":[],"product_cat":[13366,13365],"product_tag":[],"class_list":{"0":"post-721273","1":"product","2":"type-product","3":"status-publish","5":"product_cat-diger-saglik","6":"product_cat-saglik","7":"pa_cilt-ciltsiz","8":"pa_tur-kitap","9":"pa_yayinevi-hayalperest-yayinlari","10":"pa_yazar-firdevs-candil-erdogan","12":"first","13":"instock","14":"sale","15":"shipping-taxable","16":"purchasable","17":"product-type-simple"},"_links":{"self":[{"href":"https:\/\/roveyayinevi.com.tr\/index.php\/wp-json\/wp\/v2\/product\/721273","targetHints":{"allow":["GET"]}}],"collection":[{"href":"https:\/\/roveyayinevi.com.tr\/index.php\/wp-json\/wp\/v2\/product"}],"about":[{"href":"https:\/\/roveyayinevi.com.tr\/index.php\/wp-json\/wp\/v2\/types\/product"}],"wp:attachment":[{"href":"https:\/\/roveyayinevi.com.tr\/index.php\/wp-json\/wp\/v2\/media?parent=721273"}],"wp:term":[{"taxonomy":"product_brand","embeddable":true,"href":"https:\/\/roveyayinevi.com.tr\/index.php\/wp-json\/wp\/v2\/product_brand?post=721273"},{"taxonomy":"product_cat","embeddable":true,"href":"https:\/\/roveyayinevi.com.tr\/index.php\/wp-json\/wp\/v2\/product_cat?post=721273"},{"taxonomy":"product_tag","embeddable":true,"href":"https:\/\/roveyayinevi.com.tr\/index.php\/wp-json\/wp\/v2\/product_tag?post=721273"}],"curies":[{"name":"wp","href":"https:\/\/api.w.org\/{rel}","templated":true}]}}