{"id":721272,"date":"2025-08-27T18:47:56","date_gmt":"2025-08-27T15:47:56","guid":{"rendered":"https:\/\/roveyayinevi.com.tr\/index.php\/urun\/sanat-kavramlarina-giris\/"},"modified":"2026-03-12T02:38:09","modified_gmt":"2026-03-11T23:38:09","slug":"sanat-kavramlarina-giris","status":"publish","type":"product","link":"https:\/\/roveyayinevi.com.tr\/index.php\/urun\/sanat-kavramlarina-giris\/","title":{"rendered":"Sanat Kavramlar\u0131na Giri\u015f"},"content":{"rendered":"<p>Sanat e\u011fitimi almay\u0131 hedefleyen, sanata ilgi duyan ve iyi bir sanat okuru olmak isteyen herkesin bu alana \u00f6zg\u00fc kavramlarla ilgili bilgi edinebilece\u011fi Sanat Kavramlar\u0131na Giri\u015f, konuyu anla\u015f\u0131l\u0131r ve sade bir dille ele al\u0131yor. Toplumun, siyasetin, felsefenin, bilimin sanat \u00fczerindeki etkilerini, estetik kuramlar\u0131n\u0131n geli\u015fim s\u00fcrecini ve farkl\u0131 kuramsal yakla\u015f\u0131mlar\u0131 anlatan kitap, okurun bir esere bakarken, eseri de\u011ferlendirirken g\u00f6zetmesi gereken \u201csanat tarihsel \u00f6\u011feler\u201d hakk\u0131nda bilgiler sunuyor.Sanat Kavramlar\u0131na Giri\u015f, sanat kavramlar\u0131n\u0131 d\u00f6nemsel, tarihsel ve d\u00fc\u015f\u00fcnsel arka plan\u0131yla birlikte a\u00e7\u0131kl\u0131yor. Sanat ak\u0131mlar\u0131n\u0131n \u00f6zg\u00fcn kavramlar\u0131na da de\u011finen kitap farkl\u0131 sanat disiplinlerini de ihmal etmiyor. Y\u00fczy\u0131llar i\u00e7inde geli\u015ftirilen sanat kavramlar\u0131n\u0131n \u00f6zellikle resim ve m\u00fczik alan\u0131ndaki kar\u015f\u0131l\u0131klar\u0131n\u0131 \u00f6rnekler \u00fczerinden a\u00e7\u0131kl\u0131yor.Prof. Dr. Ayla Ersoy\u2019un yazd\u0131\u011f\u0131 kitap, Hayalperest Yay\u0131nevi taraf\u0131ndan yay\u0131mlanan g\u00f6zden ge\u00e7irilmi\u015f yeni bask\u0131s\u0131yla t\u00fcm okurlar\u0131 bir sanat tarihi yolculu\u011funa \u00e7\u0131kar\u0131yor ve bu yolculukta okulara k\u0131lavuzluk ediyor.<\/p>\n","protected":false},"excerpt":{"rendered":"<p>Sanat e\u011fitimi almay\u0131 hedefleyen, sanata ilgi duyan ve iyi bir sanat okuru olmak isteyen herkesin bu alana \u00f6zg\u00fc kavramlarla ilgili bilgi edinebilece\u011fi Sanat Kavramlar\u0131na Giri\u015f, konuyu<span class=\"excerpt-hellip\"> [\u2026]<\/span><\/p>\n","protected":false},"featured_media":0,"template":"","meta":{"_monsterinsights_skip_tracking":false,"_monsterinsights_sitenote_active":false,"_monsterinsights_sitenote_note":"","_monsterinsights_sitenote_category":0},"product_brand":[],"product_cat":[13548,12408],"product_tag":[],"class_list":{"0":"post-721272","1":"product","2":"type-product","3":"status-publish","5":"product_cat-kuram","6":"product_cat-sanat","7":"pa_cilt-ciltsiz","8":"pa_tur-kitap","9":"pa_yayinevi-hayalperest-yayinlari","10":"pa_yazar-ayla-ersoy","12":"first","13":"instock","14":"sale","15":"shipping-taxable","16":"purchasable","17":"product-type-simple"},"_links":{"self":[{"href":"https:\/\/roveyayinevi.com.tr\/index.php\/wp-json\/wp\/v2\/product\/721272","targetHints":{"allow":["GET"]}}],"collection":[{"href":"https:\/\/roveyayinevi.com.tr\/index.php\/wp-json\/wp\/v2\/product"}],"about":[{"href":"https:\/\/roveyayinevi.com.tr\/index.php\/wp-json\/wp\/v2\/types\/product"}],"wp:attachment":[{"href":"https:\/\/roveyayinevi.com.tr\/index.php\/wp-json\/wp\/v2\/media?parent=721272"}],"wp:term":[{"taxonomy":"product_brand","embeddable":true,"href":"https:\/\/roveyayinevi.com.tr\/index.php\/wp-json\/wp\/v2\/product_brand?post=721272"},{"taxonomy":"product_cat","embeddable":true,"href":"https:\/\/roveyayinevi.com.tr\/index.php\/wp-json\/wp\/v2\/product_cat?post=721272"},{"taxonomy":"product_tag","embeddable":true,"href":"https:\/\/roveyayinevi.com.tr\/index.php\/wp-json\/wp\/v2\/product_tag?post=721272"}],"curies":[{"name":"wp","href":"https:\/\/api.w.org\/{rel}","templated":true}]}}