{"id":721269,"date":"2025-08-27T18:47:54","date_gmt":"2025-08-27T15:47:54","guid":{"rendered":"https:\/\/roveyayinevi.com.tr\/index.php\/urun\/100-soruda-annelik-babalik-rehberi\/"},"modified":"2026-04-16T02:29:19","modified_gmt":"2026-04-15T23:29:19","slug":"100-soruda-annelik-babalik-rehberi","status":"publish","type":"product","link":"https:\/\/roveyayinevi.com.tr\/index.php\/urun\/100-soruda-annelik-babalik-rehberi\/","title":{"rendered":"100 Soruda Annelik Babal\u0131k Rehberi"},"content":{"rendered":"<p>Kitab\u0131 haz\u0131rlarken \u00e7ocuklu hemen t\u00fcm evlerde ya\u015fanan ortak sorunlardan, \u00e7at\u0131\u015fma konular\u0131ndan yola \u00e7\u0131kt\u0131k. Birinci s\u0131n\u0131fa ba\u015flayacak \u00e7ocu\u011funuz okula gitmek istemezse ne yapmal\u0131s\u0131n\u0131z?  \u00d6devine ne kadar yard\u0131m etmelisiniz? Cep telefonunu ka\u00e7 ya\u015f\u0131nda almal\u0131s\u0131n\u0131z? Ergen \u00e7ocu\u011funuzla ileti\u015fiminizi nas\u0131l sa\u011fl\u0131kl\u0131 tutars\u0131n\u0131z? \u00c7ocu\u011funuz okuldaki zorbalardan biri mi yoksa? Ya da zorbal\u0131\u011fa u\u011fruyor olabilir mi? \u00c7ocu\u011funuzun her dedi\u011fi yapmamay\u0131 nas\u0131l ba\u015faracaks\u0131n\u0131z? Ona g\u00fcn\u00fcn\u00fc planlamay\u0131 nas\u0131l \u00f6\u011freteceksiniz? Bunun gibi onlarca sorunun yan\u0131t\u0131n\u0131, alanlar\u0131ndaki en yetkin uzmanlar, bu kitap i\u00e7in verdi. <\/p>\n","protected":false},"excerpt":{"rendered":"<p>Kitab\u0131 haz\u0131rlarken \u00e7ocuklu hemen t\u00fcm evlerde ya\u015fanan ortak sorunlardan, \u00e7at\u0131\u015fma konular\u0131ndan yola \u00e7\u0131kt\u0131k. Birinci s\u0131n\u0131fa ba\u015flayacak \u00e7ocu\u011funuz okula gitmek istemezse ne yapmal\u0131s\u0131n\u0131z? \u00d6devine ne kadar yard\u0131m<span class=\"excerpt-hellip\"> [\u2026]<\/span><\/p>\n","protected":false},"featured_media":0,"template":"","meta":{"_monsterinsights_skip_tracking":false,"_monsterinsights_sitenote_active":false,"_monsterinsights_sitenote_note":"","_monsterinsights_sitenote_category":0},"product_brand":[],"product_cat":[12291,30969],"product_tag":[],"class_list":{"0":"post-721269","1":"product","2":"type-product","3":"status-publish","5":"product_cat-edebiyat","6":"product_cat-soylesi-edebiyat","7":"pa_cilt-ciltsiz","8":"pa_tur-kitap","9":"pa_yayinevi-cumhuriyet-kitaplari","10":"pa_yazar-figen-atalay","12":"first","13":"instock","14":"sale","15":"shipping-taxable","16":"purchasable","17":"product-type-simple"},"_links":{"self":[{"href":"https:\/\/roveyayinevi.com.tr\/index.php\/wp-json\/wp\/v2\/product\/721269","targetHints":{"allow":["GET"]}}],"collection":[{"href":"https:\/\/roveyayinevi.com.tr\/index.php\/wp-json\/wp\/v2\/product"}],"about":[{"href":"https:\/\/roveyayinevi.com.tr\/index.php\/wp-json\/wp\/v2\/types\/product"}],"wp:attachment":[{"href":"https:\/\/roveyayinevi.com.tr\/index.php\/wp-json\/wp\/v2\/media?parent=721269"}],"wp:term":[{"taxonomy":"product_brand","embeddable":true,"href":"https:\/\/roveyayinevi.com.tr\/index.php\/wp-json\/wp\/v2\/product_brand?post=721269"},{"taxonomy":"product_cat","embeddable":true,"href":"https:\/\/roveyayinevi.com.tr\/index.php\/wp-json\/wp\/v2\/product_cat?post=721269"},{"taxonomy":"product_tag","embeddable":true,"href":"https:\/\/roveyayinevi.com.tr\/index.php\/wp-json\/wp\/v2\/product_tag?post=721269"}],"curies":[{"name":"wp","href":"https:\/\/api.w.org\/{rel}","templated":true}]}}