{"id":721267,"date":"2025-08-27T18:47:52","date_gmt":"2025-08-27T15:47:52","guid":{"rendered":"https:\/\/roveyayinevi.com.tr\/index.php\/urun\/adi-okuzden-sonra-gelen\/"},"modified":"2026-04-16T02:29:19","modified_gmt":"2026-04-15T23:29:19","slug":"adi-okuzden-sonra-gelen","status":"publish","type":"product","link":"https:\/\/roveyayinevi.com.tr\/index.php\/urun\/adi-okuzden-sonra-gelen\/","title":{"rendered":"Ad\u0131 \u00d6k\u00fczden Sonra Gelen"},"content":{"rendered":"<p>Mine G. K\u0131r\u0131kkanat, \u201cAd\u0131 \u00d6k\u00fczden Sonra Genel\u201d kitab\u0131nda, tarih boyunca kad\u0131na olan bak\u0131\u015f\u0131 farkl\u0131 co\u011frafyalardan, farkl\u0131 dinlerden ve farkl\u0131 d\u00fc\u015f\u00fcn\u00fcrlerden se\u00e7kilerle ele al\u0131yor.Felsefe tarihinin \u00fcnl\u00fc d\u00fc\u015f\u00fcn\u00fcrlerinden olup da adeta bir \u201ckad\u0131n d\u00fc\u015fman\u0131\u201d olan Arthur Schopenhauer\u2019dan, onun \u00f6rnek ald\u0131\u011f\u0131 Romantik d\u00f6nemin \u00fcnl\u00fc \u015fairi Lord Byron\u2019a; devrimlerin fikir babalar\u0131ndan olmas\u0131na kar\u015f\u0131n \u201cerkek toplumu\u201d hayali kuran Jean Jacques Rousseau\u2019ya kadar onlarca dehan\u0131n kad\u0131na bak\u0131\u015f\u0131n\u0131n temeline iniyor.K\u0131r\u0131kkanat\u2019\u0131n bakt\u0131\u011f\u0131 t\u00fcm pencerelerden ise, ayn\u0131 manzara g\u00f6r\u00fcn\u00fcyor:\u201cKad\u0131n\u0131n yolunu kesen erkek egemenli\u011fi\u201d&#8230;Ad\u0131 \u00d6k\u00fczden Sonra Gelen; kad\u0131n\u0131n\u0131n, tarih boyunca toplumsal ya\u015famdan uzak tutulmas\u0131na adeta bir kan\u0131t ve ba\u015fkald\u0131r\u0131 niteli\u011finde&#8230;K\u0131r\u0131kkanat; kad\u0131n\u0131n, kaba g\u00fcc\u00fcyle olmasa da, \u201czek\u00e2s\u0131yla\u201d her ge\u00e7en g\u00fcn bu egemenli\u011fi erke\u011fin tekelinden al\u0131\u015f\u0131n\u0131 ustaca anlat\u0131yor&#8230;<\/p>\n","protected":false},"excerpt":{"rendered":"<p>Mine G. K\u0131r\u0131kkanat, \u201cAd\u0131 \u00d6k\u00fczden Sonra Genel\u201d kitab\u0131nda, tarih boyunca kad\u0131na olan bak\u0131\u015f\u0131 farkl\u0131 co\u011frafyalardan, farkl\u0131 dinlerden ve farkl\u0131 d\u00fc\u015f\u00fcn\u00fcrlerden se\u00e7kilerle ele al\u0131yor.Felsefe tarihinin \u00fcnl\u00fc d\u00fc\u015f\u00fcn\u00fcrlerinden<span class=\"excerpt-hellip\"> [\u2026]<\/span><\/p>\n","protected":false},"featured_media":0,"template":"","meta":{"_monsterinsights_skip_tracking":false,"_monsterinsights_sitenote_active":false,"_monsterinsights_sitenote_note":"","_monsterinsights_sitenote_category":0},"product_brand":[],"product_cat":[12777,12291],"product_tag":[],"class_list":{"0":"post-721267","1":"product","2":"type-product","3":"status-publish","5":"product_cat-deneme","6":"product_cat-edebiyat","7":"pa_cilt-ciltsiz","8":"pa_tur-kitap","9":"pa_yayinevi-cumhuriyet-kitaplari","10":"pa_yazar-mine-g-kirikkanat","12":"first","13":"instock","14":"sale","15":"shipping-taxable","16":"purchasable","17":"product-type-simple"},"_links":{"self":[{"href":"https:\/\/roveyayinevi.com.tr\/index.php\/wp-json\/wp\/v2\/product\/721267","targetHints":{"allow":["GET"]}}],"collection":[{"href":"https:\/\/roveyayinevi.com.tr\/index.php\/wp-json\/wp\/v2\/product"}],"about":[{"href":"https:\/\/roveyayinevi.com.tr\/index.php\/wp-json\/wp\/v2\/types\/product"}],"wp:attachment":[{"href":"https:\/\/roveyayinevi.com.tr\/index.php\/wp-json\/wp\/v2\/media?parent=721267"}],"wp:term":[{"taxonomy":"product_brand","embeddable":true,"href":"https:\/\/roveyayinevi.com.tr\/index.php\/wp-json\/wp\/v2\/product_brand?post=721267"},{"taxonomy":"product_cat","embeddable":true,"href":"https:\/\/roveyayinevi.com.tr\/index.php\/wp-json\/wp\/v2\/product_cat?post=721267"},{"taxonomy":"product_tag","embeddable":true,"href":"https:\/\/roveyayinevi.com.tr\/index.php\/wp-json\/wp\/v2\/product_tag?post=721267"}],"curies":[{"name":"wp","href":"https:\/\/api.w.org\/{rel}","templated":true}]}}