{"id":721258,"date":"2025-08-27T18:47:46","date_gmt":"2025-08-27T15:47:46","guid":{"rendered":"https:\/\/roveyayinevi.com.tr\/index.php\/urun\/baskentin-meydani-kizilayin-donusum-oykusu\/"},"modified":"2026-04-16T02:29:18","modified_gmt":"2026-04-15T23:29:18","slug":"baskentin-meydani-kizilayin-donusum-oykusu","status":"publish","type":"product","link":"https:\/\/roveyayinevi.com.tr\/index.php\/urun\/baskentin-meydani-kizilayin-donusum-oykusu\/","title":{"rendered":"Ba\u015fkent\u2019in Meydan\u0131 K\u0131z\u0131lay\u2019\u0131n D\u00f6n\u00fc\u015f\u00fcm \u00d6yk\u00fcs\u00fc"},"content":{"rendered":"<p>K\u201c1960\u2019l\u0131 y\u0131llarda Ulus\u2019tan K\u0131z\u0131lay\u2019a seyahat eden rahmetli Babaannem\u2019in \u201cBoynuzlu\u2019ya biniyorum, Kafalar\u2019da iniyorum\u201d s\u00f6zleri, o d\u00f6nem Ankara\u2019s\u0131n\u0131n eski ve yeni \u015fehir ili\u015fkisinin troleyb\u00fcslerle sa\u011flanan ba\u011flant\u0131s\u0131n\u0131 ve yeni \u015fehirdeki K\u0131z\u0131lay Genel M\u00fcd\u00fcrl\u00fc\u011f\u00fc bah\u00e7esinde yer alan b\u00fcstleri tarif ederken, asl\u0131nda K\u0131z\u0131lay Meydan\u0131\u2019n\u0131n kentin en \u00f6nemli toplanma ve da\u011f\u0131lma oda\u011f\u0131 oldu\u011funu da a\u00e7\u0131k\u00e7a ortaya koymaktayd\u0131.\u201d Bu kitapta, K\u0131z\u0131lay Meydan\u0131 Ba\u015fkent Ankara i\u00e7in her zaman \u00f6nemli bir odak m\u0131yd\u0131? Zamanla nas\u0131l de\u011fi\u015fti ve d\u00f6n\u00fc\u015ft\u00fc? Ba\u015fkentin imgesi olma \u00f6zelli\u011fini kaybetti mi? sorular\u0131, cevaplar\u0131n\u0131 bulmaya \u00e7al\u0131\u015fmaktad\u0131r. Cumhuriyetin kurulu\u015fu ve Ankara\u2019n\u0131n ba\u015fkent ilan edilmesinden g\u00fcn\u00fcm\u00fcze kadar ge\u00e7en s\u00fcre\u00e7te Ankara\u2019n\u0131n merkezi olarak tan\u0131mlanan K\u0131z\u0131lay Meydan\u0131 ve yak\u0131n \u00e7evresinin de\u011fi\u015fen sosyo-mek\u00e2nsal yap\u0131s\u0131, Ankara ve K\u0131z\u0131lay i\u00e7in \u00f6nemli de\u011fi\u015fimlere neden olan toplumsal, ekonomik ve siyasi d\u00f6n\u00fcm noktalar\u0131na referans verilerek de\u011ferlendirilmektedir. Bu de\u011ferlendirmeyi yaparken, haritalar, ar\u015fiv foto\u011fraflar\u0131, \u00e7e\u015fitli g\u00f6rsel ve yaz\u0131l\u0131 dok\u00fcmanlar ile K\u0131z\u0131lay Meydan\u0131\u2019n\u0131n d\u00f6n\u00fc\u015f\u00fcm\u00fcne tan\u0131kl\u0131k etmi\u015f ki\u015filerle yap\u0131lan derinlemesine g\u00f6r\u00fc\u015fmelerden yararlan\u0131lm\u0131\u015ft\u0131r. \u00c7al\u0131\u015fman\u0131n \u00f6zg\u00fcnl\u00fc\u011f\u00fc, K\u0131z\u0131lay\u2019\u0131n sosyo-mek\u00e2nsal yap\u0131s\u0131 ve d\u00f6n\u00fc\u015f\u00fcm s\u00fcrecini, konuyla ilgili yaz\u0131n ve g\u00f6rselleri, belle\u011fe dayal\u0131 anlat\u0131lar\u0131 i\u00e7eren s\u00f6zl\u00fc tarih \u00e7al\u0131\u015fmas\u0131 ile birlikte ele alarak ortaya koymas\u0131d\u0131r. Bir zamanlar ticari ve sosyo-k\u00fclt\u00fcrel faaliyetlerin \u00fclke \u00e7ap\u0131ndaki merkezi i\u015flevini \u00fcstlenen Cumhuriyetin modern ba\u015fkentinin simgesi olan K\u0131z\u0131lay Meydan\u0131 ve yak\u0131n \u00e7evresi, 1990\u2019l\u0131 y\u0131llar\u0131n ba\u015flar\u0131ndan itibaren kent merkezinin ana oda\u011f\u0131 olmaktan uzakla\u015fmaya ba\u015flam\u0131\u015f, 2000\u2019li y\u0131llarda ise, yo\u011fun kalabal\u0131klar\u0131n kulland\u0131\u011f\u0131, ancak i\u00e7inde ya\u015fanmayan sadece gelip ge\u00e7ilen bir mek\u00e2n haline d\u00f6n\u00fc\u015fm\u00fc\u015ft\u00fcr. Zaman i\u00e7inde ya\u015fanan bu de\u011fi\u015fim ve d\u00f6n\u00fc\u015f\u00fcme ra\u011fmen, K\u0131z\u0131lay Meydan\u0131 ve \u00e7evresi, kentin ve kentlilerin belle\u011findeki \u00f6nemini hi\u00e7bir zaman yitirmemi\u015ftir. Kitab\u0131n, Ankara kenti sosyo-mek\u00e2nsal tarihinin belgelenmesine katk\u0131 sa\u011flamas\u0131 ve ara\u015ft\u0131rma s\u00fcrecinde ara\u015ft\u0131rma ekibi olarak bizim ald\u0131\u011f\u0131m\u0131z keyfi, kitab\u0131 okuyanlara da ya\u015fatmas\u0131 dile\u011fiyle\u2026 <\/p>\n","protected":false},"excerpt":{"rendered":"<p>K\u201c1960\u2019l\u0131 y\u0131llarda Ulus\u2019tan K\u0131z\u0131lay\u2019a seyahat eden rahmetli Babaannem\u2019in \u201cBoynuzlu\u2019ya biniyorum, Kafalar\u2019da iniyorum\u201d s\u00f6zleri, o d\u00f6nem Ankara\u2019s\u0131n\u0131n eski ve yeni \u015fehir ili\u015fkisinin troleyb\u00fcslerle sa\u011flanan ba\u011flant\u0131s\u0131n\u0131 ve yeni<span class=\"excerpt-hellip\"> [\u2026]<\/span><\/p>\n","protected":false},"featured_media":0,"template":"","meta":{"_monsterinsights_skip_tracking":false,"_monsterinsights_sitenote_active":false,"_monsterinsights_sitenote_note":"","_monsterinsights_sitenote_category":0},"product_brand":[],"product_cat":[13072,12291],"product_tag":[],"class_list":{"0":"post-721258","1":"product","2":"type-product","3":"status-publish","5":"product_cat-arastirma-inceleme-referans","6":"product_cat-edebiyat","7":"pa_cilt-ciltsiz","8":"pa_tur-kitap","9":"pa_yayinevi-vekam-koc-universitesi-vehbi-koc-ankara-arastirmalari-uygulama-ve-arastirma-merkezi","10":"pa_yazar-kolektif","12":"first","13":"instock","14":"sale","15":"shipping-taxable","16":"purchasable","17":"product-type-simple"},"_links":{"self":[{"href":"https:\/\/roveyayinevi.com.tr\/index.php\/wp-json\/wp\/v2\/product\/721258","targetHints":{"allow":["GET"]}}],"collection":[{"href":"https:\/\/roveyayinevi.com.tr\/index.php\/wp-json\/wp\/v2\/product"}],"about":[{"href":"https:\/\/roveyayinevi.com.tr\/index.php\/wp-json\/wp\/v2\/types\/product"}],"wp:attachment":[{"href":"https:\/\/roveyayinevi.com.tr\/index.php\/wp-json\/wp\/v2\/media?parent=721258"}],"wp:term":[{"taxonomy":"product_brand","embeddable":true,"href":"https:\/\/roveyayinevi.com.tr\/index.php\/wp-json\/wp\/v2\/product_brand?post=721258"},{"taxonomy":"product_cat","embeddable":true,"href":"https:\/\/roveyayinevi.com.tr\/index.php\/wp-json\/wp\/v2\/product_cat?post=721258"},{"taxonomy":"product_tag","embeddable":true,"href":"https:\/\/roveyayinevi.com.tr\/index.php\/wp-json\/wp\/v2\/product_tag?post=721258"}],"curies":[{"name":"wp","href":"https:\/\/api.w.org\/{rel}","templated":true}]}}