{"id":721249,"date":"2025-08-27T18:47:38","date_gmt":"2025-08-27T15:47:38","guid":{"rendered":"https:\/\/roveyayinevi.com.tr\/index.php\/urun\/gonul-bir-yel-degirmenidir-sevda-ogutur-gunumuz-turkcesiyle\/"},"modified":"2026-04-16T02:29:18","modified_gmt":"2026-04-15T23:29:18","slug":"gonul-bir-yel-degirmenidir-sevda-ogutur-gunumuz-turkcesiyle","status":"publish","type":"product","link":"https:\/\/roveyayinevi.com.tr\/index.php\/urun\/gonul-bir-yel-degirmenidir-sevda-ogutur-gunumuz-turkcesiyle\/","title":{"rendered":"G\u00f6n\u00fcl Bir Yel De\u011firmenidir Sevda \u00d6\u011f\u00fct\u00fcr (G\u00fcn\u00fcm\u00fcz T\u00fcrk\u00e7esiyle)"},"content":{"rendered":"<p>\u015eadan Bey\u2019in \u00e7apk\u0131nl\u0131klar\u0131ndan usanan ailesi onu alelacele evlendirir ve kendisinden entelekt\u00fcel bak\u0131mdan \u00fcst\u00fcn olan kar\u0131s\u0131n\u0131n k\u00f6\u015fk\u00fcne i\u00e7g\u00fcveyi verir. \u015eadan Bey evlenmi\u015ftir, ancak \u00e7apk\u0131nl\u0131ktan vazge\u00e7mez. \u201cKar\u0131m\u0131 Nas\u0131l Aldatt\u0131m\u201d ba\u015fl\u0131\u011f\u0131yla a\u00e7\u0131lan roman, adeta g\u00f6n\u00fcl ili\u015fkileri resmi ge\u00e7idine d\u00f6nerek okuru, hatta \u015eadan Bey\u2019i bile \u015fa\u015f\u0131rtmay\u0131 ba\u015far\u0131yor. H\u00fcseyin Rahmi G\u00fcrp\u0131nar, genel toplumsal ahlak\u0131 irdelerken kurgulad\u0131\u011f\u0131 girift olay \u00f6rg\u00fcs\u00fc, ilgin\u00e7 karakterleri ve mizahi diliyle okuruna s\u00fcr\u00fckleyici bir hik\u00e2ye anlat\u0131yor.<\/p>\n","protected":false},"excerpt":{"rendered":"<p>\u015eadan Bey\u2019in \u00e7apk\u0131nl\u0131klar\u0131ndan usanan ailesi onu alelacele evlendirir ve kendisinden entelekt\u00fcel bak\u0131mdan \u00fcst\u00fcn olan kar\u0131s\u0131n\u0131n k\u00f6\u015fk\u00fcne i\u00e7g\u00fcveyi verir. \u015eadan Bey evlenmi\u015ftir, ancak \u00e7apk\u0131nl\u0131ktan vazge\u00e7mez. \u201cKar\u0131m\u0131 Nas\u0131l<span class=\"excerpt-hellip\"> [\u2026]<\/span><\/p>\n","protected":false},"featured_media":0,"template":"","meta":{"_monsterinsights_skip_tracking":false,"_monsterinsights_sitenote_active":false,"_monsterinsights_sitenote_note":"","_monsterinsights_sitenote_category":0},"product_brand":[],"product_cat":[12291,12711],"product_tag":[],"class_list":{"0":"post-721249","1":"product","2":"type-product","3":"status-publish","5":"product_cat-edebiyat","6":"product_cat-roman-oyku","7":"pa_cilt-ciltsiz","8":"pa_tur-kitap","9":"pa_yayinevi-is-bankasi-kultur-yayinlari","10":"pa_yazar-huseyin-rahmi-gurpinar","12":"first","13":"instock","14":"sale","15":"shipping-taxable","16":"purchasable","17":"product-type-simple"},"_links":{"self":[{"href":"https:\/\/roveyayinevi.com.tr\/index.php\/wp-json\/wp\/v2\/product\/721249","targetHints":{"allow":["GET"]}}],"collection":[{"href":"https:\/\/roveyayinevi.com.tr\/index.php\/wp-json\/wp\/v2\/product"}],"about":[{"href":"https:\/\/roveyayinevi.com.tr\/index.php\/wp-json\/wp\/v2\/types\/product"}],"wp:attachment":[{"href":"https:\/\/roveyayinevi.com.tr\/index.php\/wp-json\/wp\/v2\/media?parent=721249"}],"wp:term":[{"taxonomy":"product_brand","embeddable":true,"href":"https:\/\/roveyayinevi.com.tr\/index.php\/wp-json\/wp\/v2\/product_brand?post=721249"},{"taxonomy":"product_cat","embeddable":true,"href":"https:\/\/roveyayinevi.com.tr\/index.php\/wp-json\/wp\/v2\/product_cat?post=721249"},{"taxonomy":"product_tag","embeddable":true,"href":"https:\/\/roveyayinevi.com.tr\/index.php\/wp-json\/wp\/v2\/product_tag?post=721249"}],"curies":[{"name":"wp","href":"https:\/\/api.w.org\/{rel}","templated":true}]}}