{"id":721247,"date":"2025-08-27T18:47:36","date_gmt":"2025-08-27T15:47:36","guid":{"rendered":"https:\/\/roveyayinevi.com.tr\/index.php\/urun\/david-copperfield-8\/"},"modified":"2026-04-07T02:37:49","modified_gmt":"2026-04-06T23:37:49","slug":"david-copperfield-8","status":"publish","type":"product","link":"https:\/\/roveyayinevi.com.tr\/index.php\/urun\/david-copperfield-8\/","title":{"rendered":"David Copperfield"},"content":{"rendered":"<p>Charles Dickens (1812-1870): Viktorya D\u00f6nemi \u0130ngilteresi\u2019nin en \u00f6nemli romanc\u0131s\u0131 kabul edilen Dickens orta s\u0131n\u0131f bir ailenin \u00e7ocu\u011fuydu. On iki ya\u015f\u0131ndayken ailesinin dara d\u00fc\u015fmesi sonucu bir fabrikada \u00e7al\u0131\u015fmaya ba\u015flad\u0131 ve romanlar\u0131nda b\u00fcy\u00fck bir isabetle aktard\u0131\u011f\u0131 i\u015f\u00e7i s\u0131n\u0131f\u0131n\u0131n hayat\u0131n\u0131 g\u00f6zlemleme f\u0131rsat\u0131n\u0131 elde etti. Dickens\u2019\u0131n en unutulmaz karakterlerinden baz\u0131lar\u0131n\u0131n hayat buldu\u011fu David Copperfield, David\u2019in trajik \u00e7ocuklu\u011funu, erken ya\u015fta i\u015f hayat\u0131na at\u0131l\u0131\u015f\u0131n\u0131, evlili\u011fini ve nihayet ba\u015far\u0131l\u0131 yazarl\u0131k kariyerini konu al\u0131r. Dickens\u2019\u0131n kendi tabiriyle \u201cen sevdi\u011fi \u00e7ocu\u011fu\u201d, ya\u015fam\u0131ndan bir\u00e7ok iz ta\u015f\u0131yan ve d\u00fcnyan\u0131n neredeyse t\u00fcm dillerine \u00e7evrilmi\u015f eseri David Copperfield, Hasan \u00c2li Y\u00fccel Klasikler Dizisi\u2019nde okurlarla bulu\u015fuyor. <\/p>\n","protected":false},"excerpt":{"rendered":"<p>Charles Dickens (1812-1870): Viktorya D\u00f6nemi \u0130ngilteresi\u2019nin en \u00f6nemli romanc\u0131s\u0131 kabul edilen Dickens orta s\u0131n\u0131f bir ailenin \u00e7ocu\u011fuydu. On iki ya\u015f\u0131ndayken ailesinin dara d\u00fc\u015fmesi sonucu bir fabrikada<span class=\"excerpt-hellip\"> [\u2026]<\/span><\/p>\n","protected":false},"featured_media":0,"template":"","meta":{"_monsterinsights_skip_tracking":false,"_monsterinsights_sitenote_active":false,"_monsterinsights_sitenote_note":"","_monsterinsights_sitenote_category":0},"product_brand":[],"product_cat":[12291,12711],"product_tag":[],"class_list":{"0":"post-721247","1":"product","2":"type-product","3":"status-publish","5":"product_cat-edebiyat","6":"product_cat-roman-oyku","7":"pa_cilt-ciltsiz","8":"pa_tur-kitap","9":"pa_yayinevi-is-bankasi-kultur-yayinlari","10":"pa_yazar-charles-dickens","12":"first","13":"instock","14":"sale","15":"shipping-taxable","16":"purchasable","17":"product-type-simple"},"_links":{"self":[{"href":"https:\/\/roveyayinevi.com.tr\/index.php\/wp-json\/wp\/v2\/product\/721247","targetHints":{"allow":["GET"]}}],"collection":[{"href":"https:\/\/roveyayinevi.com.tr\/index.php\/wp-json\/wp\/v2\/product"}],"about":[{"href":"https:\/\/roveyayinevi.com.tr\/index.php\/wp-json\/wp\/v2\/types\/product"}],"wp:attachment":[{"href":"https:\/\/roveyayinevi.com.tr\/index.php\/wp-json\/wp\/v2\/media?parent=721247"}],"wp:term":[{"taxonomy":"product_brand","embeddable":true,"href":"https:\/\/roveyayinevi.com.tr\/index.php\/wp-json\/wp\/v2\/product_brand?post=721247"},{"taxonomy":"product_cat","embeddable":true,"href":"https:\/\/roveyayinevi.com.tr\/index.php\/wp-json\/wp\/v2\/product_cat?post=721247"},{"taxonomy":"product_tag","embeddable":true,"href":"https:\/\/roveyayinevi.com.tr\/index.php\/wp-json\/wp\/v2\/product_tag?post=721247"}],"curies":[{"name":"wp","href":"https:\/\/api.w.org\/{rel}","templated":true}]}}