{"id":721245,"date":"2025-08-27T18:47:34","date_gmt":"2025-08-27T15:47:34","guid":{"rendered":"https:\/\/roveyayinevi.com.tr\/index.php\/urun\/amerikan-edebiyati-101\/"},"modified":"2026-04-16T02:29:18","modified_gmt":"2026-04-15T23:29:18","slug":"amerikan-edebiyati-101","status":"publish","type":"product","link":"https:\/\/roveyayinevi.com.tr\/index.php\/urun\/amerikan-edebiyati-101\/","title":{"rendered":"Amerikan Edebiyat\u0131 101"},"content":{"rendered":"<p>Edgar Allan Poe, Willa Cather, Henry David Thoreau, Mark Twain ve daha fazlas\u0131&#8230; Du\u0308nden bugu\u0308ne \u00f6nemli Amerikan yazarlar\u0131n listesi b\u00f6yle uzay\u0131p gider. Hepsi de Amerikan edebiyat\u0131n\u0131n, hatta Amerika Birle\u015fik Devletleri\u2019nin \u015fekillenmesinde \u00f6nemli rollere sahiptir. Ancak genellikle kitaplar ya edebiyata ya da sadece u\u0308lke tarihine odaklan\u0131r, u\u0308stelik s\u0131k\u0131c\u0131 detaylarla doludurlar.Amerikan Edebiyat\u0131 101 ise Amerika\u2019n\u0131n tarihi, ku\u0308ltu\u0308ru\u0308 ve dili hakk\u0131nda ayr\u0131nt\u0131l\u0131, u\u0308stelik \u00e7ok e\u011flenceli bir \u00f6zet niteli\u011finde. S\u00f6mu\u0308rgecilik d\u00f6nemi anlat\u0131lar\u0131ndan \u00e7a\u011fda\u015f \u015fiire, gotik edebiyattan kurgu d\u0131\u015f\u0131 romana, postmodernizmden bu\u0308yu\u0308lu\u0308 ger\u00e7ek\u00e7ili\u011fe, Amerikan edebiyat\u0131yla ilgili bilmek istedi\u011finiz her \u015fey bu kapsaml\u0131 kitapta!<\/p>\n","protected":false},"excerpt":{"rendered":"<p>Edgar Allan Poe, Willa Cather, Henry David Thoreau, Mark Twain ve daha fazlas\u0131&#8230; Du\u0308nden bugu\u0308ne \u00f6nemli Amerikan yazarlar\u0131n listesi b\u00f6yle uzay\u0131p gider. Hepsi de Amerikan edebiyat\u0131n\u0131n,<span class=\"excerpt-hellip\"> [\u2026]<\/span><\/p>\n","protected":false},"featured_media":0,"template":"","meta":{"_monsterinsights_skip_tracking":false,"_monsterinsights_sitenote_active":false,"_monsterinsights_sitenote_note":"","_monsterinsights_sitenote_category":0},"product_brand":[],"product_cat":[13661,12291],"product_tag":[],"class_list":{"0":"post-721245","1":"product","2":"type-product","3":"status-publish","5":"product_cat-diger-ulke-edebiyatlari","6":"product_cat-edebiyat","7":"pa_cilt-ciltsiz","8":"pa_tur-kitap","9":"pa_yayinevi-say-yayinlari","10":"pa_yazar-brianne-keith","12":"first","13":"instock","14":"sale","15":"shipping-taxable","16":"purchasable","17":"product-type-simple"},"_links":{"self":[{"href":"https:\/\/roveyayinevi.com.tr\/index.php\/wp-json\/wp\/v2\/product\/721245","targetHints":{"allow":["GET"]}}],"collection":[{"href":"https:\/\/roveyayinevi.com.tr\/index.php\/wp-json\/wp\/v2\/product"}],"about":[{"href":"https:\/\/roveyayinevi.com.tr\/index.php\/wp-json\/wp\/v2\/types\/product"}],"wp:attachment":[{"href":"https:\/\/roveyayinevi.com.tr\/index.php\/wp-json\/wp\/v2\/media?parent=721245"}],"wp:term":[{"taxonomy":"product_brand","embeddable":true,"href":"https:\/\/roveyayinevi.com.tr\/index.php\/wp-json\/wp\/v2\/product_brand?post=721245"},{"taxonomy":"product_cat","embeddable":true,"href":"https:\/\/roveyayinevi.com.tr\/index.php\/wp-json\/wp\/v2\/product_cat?post=721245"},{"taxonomy":"product_tag","embeddable":true,"href":"https:\/\/roveyayinevi.com.tr\/index.php\/wp-json\/wp\/v2\/product_tag?post=721245"}],"curies":[{"name":"wp","href":"https:\/\/api.w.org\/{rel}","templated":true}]}}