{"id":721233,"date":"2025-08-27T18:47:25","date_gmt":"2025-08-27T15:47:25","guid":{"rendered":"https:\/\/roveyayinevi.com.tr\/index.php\/urun\/yunan-ve-yunan-medeniyetleri\/"},"modified":"2026-04-16T02:29:18","modified_gmt":"2026-04-15T23:29:18","slug":"yunan-ve-yunan-medeniyetleri","status":"publish","type":"product","link":"https:\/\/roveyayinevi.com.tr\/index.php\/urun\/yunan-ve-yunan-medeniyetleri\/","title":{"rendered":"Yunan ve Yunan Medeniyetleri"},"content":{"rendered":"<p>Jacob Burckhardt\u2019\u0131n hayat\u0131 (1818-1897) tarih yaz\u0131m\u0131n\u0131n 19. y\u00fczy\u0131ldaki alt\u0131n \u00e7a\u011f\u0131na rastlar. Burckhardt gen\u00e7li\u011finde Berlin\u2019de Hegelci tarih anlay\u0131\u015f\u0131na isyan ederek pozitivizmi kuran bilim adamlar\u0131ndan ders ald\u0131; \u00f6\u011fretmenleri August Boeckh ve J. G. Droysen gibi Yunan tarih\u00e7ileriyle, modern tarih ve ar\u015fiv ara\u015ft\u0131rmac\u0131l\u0131\u011f\u0131n\u0131n kurucusu Leopold von Ranke idi. Charles Darwin\u2019in, Karl Marx\u2019\u0131n ve Theodor Mommsen\u2019in \u00e7a\u011fda\u015f\u0131yd\u0131.D\u00fc\u015f\u00fcn\u00fcrler i\u00e7inde en \u00e7ok Schopenhauer\u2019e hayranl\u0131k duyard\u0131 ve gen\u00e7 Nietzsche\u2019nin dostu ve meslekta\u015f\u0131yd\u0131.\u0130talya&#8217;da R\u00f6nesans K\u00fclt\u00fcr\u00fc eseriyle tan\u0131nan k\u00fclt\u00fcr tarih\u00e7isi, bu kez Yunanlara ve Yunan medeniyetine e\u011filiyor. Uzman olmayanlar\u0131n da rahatl\u0131kla takip edebilece\u011fi derslerden olu\u015fan bu eser, eski Yunanlar\u0131n mitolojisi, \u015fehri ve g\u00fcnl\u00fck ya\u015fam\u0131 gibi unsurlar \u00fczerinden bir medeniyeti g\u00f6zler \u00f6n\u00fcne seriyor.<\/p>\n","protected":false},"excerpt":{"rendered":"<p>Jacob Burckhardt\u2019\u0131n hayat\u0131 (1818-1897) tarih yaz\u0131m\u0131n\u0131n 19. y\u00fczy\u0131ldaki alt\u0131n \u00e7a\u011f\u0131na rastlar. Burckhardt gen\u00e7li\u011finde Berlin\u2019de Hegelci tarih anlay\u0131\u015f\u0131na isyan ederek pozitivizmi kuran bilim adamlar\u0131ndan ders ald\u0131; \u00f6\u011fretmenleri<span class=\"excerpt-hellip\"> [\u2026]<\/span><\/p>\n","protected":false},"featured_media":0,"template":"","meta":{"_monsterinsights_skip_tracking":false,"_monsterinsights_sitenote_active":false,"_monsterinsights_sitenote_note":"","_monsterinsights_sitenote_category":0},"product_brand":[],"product_cat":[13590,12337],"product_tag":[],"class_list":{"0":"post-721233","1":"product","2":"type-product","3":"status-publish","5":"product_cat-arastirma-inceleme-politika-siyaset","6":"product_cat-politika-siyaset","7":"pa_cilt-ciltsiz","8":"pa_tur-kitap","9":"pa_yayinevi-pinhan-yayincilik","10":"pa_yazar-jacob-burckhardt","12":"first","13":"instock","14":"sale","15":"shipping-taxable","16":"purchasable","17":"product-type-simple"},"_links":{"self":[{"href":"https:\/\/roveyayinevi.com.tr\/index.php\/wp-json\/wp\/v2\/product\/721233","targetHints":{"allow":["GET"]}}],"collection":[{"href":"https:\/\/roveyayinevi.com.tr\/index.php\/wp-json\/wp\/v2\/product"}],"about":[{"href":"https:\/\/roveyayinevi.com.tr\/index.php\/wp-json\/wp\/v2\/types\/product"}],"wp:attachment":[{"href":"https:\/\/roveyayinevi.com.tr\/index.php\/wp-json\/wp\/v2\/media?parent=721233"}],"wp:term":[{"taxonomy":"product_brand","embeddable":true,"href":"https:\/\/roveyayinevi.com.tr\/index.php\/wp-json\/wp\/v2\/product_brand?post=721233"},{"taxonomy":"product_cat","embeddable":true,"href":"https:\/\/roveyayinevi.com.tr\/index.php\/wp-json\/wp\/v2\/product_cat?post=721233"},{"taxonomy":"product_tag","embeddable":true,"href":"https:\/\/roveyayinevi.com.tr\/index.php\/wp-json\/wp\/v2\/product_tag?post=721233"}],"curies":[{"name":"wp","href":"https:\/\/api.w.org\/{rel}","templated":true}]}}