{"id":721226,"date":"2025-08-27T18:47:14","date_gmt":"2025-08-27T15:47:14","guid":{"rendered":"https:\/\/roveyayinevi.com.tr\/index.php\/urun\/bagimsiz-denetcinin-mesleki-bagliligi-ve-denetimde-kalite-algisi\/"},"modified":"2026-04-16T02:29:18","modified_gmt":"2026-04-15T23:29:18","slug":"bagimsiz-denetcinin-mesleki-bagliligi-ve-denetimde-kalite-algisi","status":"publish","type":"product","link":"https:\/\/roveyayinevi.com.tr\/index.php\/urun\/bagimsiz-denetcinin-mesleki-bagliligi-ve-denetimde-kalite-algisi\/","title":{"rendered":"Ba\u011f\u0131ms\u0131z Denet\u00e7inin Mesleki Ba\u011fl\u0131l\u0131\u011f\u0131 ve Denetimde Kalite Alg\u0131s\u0131"},"content":{"rendered":"<p>1. Ba\u011f\u0131ms\u0131z Denetim1.1. Ba\u011f\u0131ms\u0131z Denetim Kavram\u01311.2. Ba\u011f\u0131ms\u0131z Denetim T\u00fcrleri .1.3. Ba\u011f\u0131ms\u0131z Denet\u00e7i ve Denet\u00e7i T\u00fcrleri1.4. Ba\u011f\u0131ms\u0131z Denetimin ve Denet\u00e7inin Ama\u00e7lar\u01311.5. Genel Kabul G\u00f6rm\u00fc\u015f Denetim Standartlar\u0131 (GKDS)1.6. Ba\u011f\u0131ms\u0131z Denetim S\u00fcreci1.7. Ba\u011f\u0131ms\u0131z Denetimde \u00d6nemlilik ve Risk De\u011ferlendirme2. Ba\u011f\u0131ms\u0131z denetimde kalite2.1. Ba\u011f\u0131ms\u0131z Denetimde Kalite Kavram\u01312.2. Ba\u011f\u0131ms\u0131z Denetimde Kalitenin \u00d6nemi2.3. Ba\u011f\u0131ms\u0131z Denetimde Kaliteyi Etkileyen Fakt\u00f6rler2.4. Kamu G\u00f6zetimi Kurumu Taraf\u0131ndan Yap\u0131lan Denetimlerin Kaliteye Etkisi2.5. Denetimde Kalite Alg\u0131s\u0131nda Boyutlar3. Mesleki Ba\u011fl\u0131l\u0131k3.1. Mesleki Ba\u011fl\u0131l\u0131k Kavram\u01313.2. Mesleki Ba\u011fl\u0131l\u0131k le \u0130lgili Di\u011fer Kavramalar3.3. Mesleki Ba\u011fl\u0131l\u0131\u011f\u0131n Alt Boyutlar\u01313.4. Mesleki Ba\u011fl\u0131l\u0131\u011f\u0131 Etkileyen Fakt\u00f6rler3.5. Mesleki Ba\u011fl\u0131l\u0131\u011f\u0131n Sonu\u00e7lar\u01314. Ara\u015ft\u0131rman\u0131n y\u00f6ntemi4.1. Ara\u015ft\u0131rman\u0131n Amac\u0131 ve \u00d6nemi4.2. Ara\u015ft\u0131rman\u0131n Evreni ve \u00d6rneklem4.3. Ara\u015ft\u0131rman\u0131n S\u0131n\u0131rl\u0131klar\u01314.4. Ara\u015ft\u0131rmada Kullan\u0131lan Veri Toplama Y\u00f6ntemi4.5. Ara\u015ft\u0131rma Hipotezleri ve Modeli5. Ara\u015ft\u0131rma Bulgular\u01315.1. Demografik De\u011fi\u015fkenler ile \u0130lgili Tan\u0131mlay\u0131c\u0131 \u0130statistikler5.2. Geli\u015ftirilen Hipotezlerin Analiz Sonu\u00e7lar\u0131 ve Yorumu<\/p>\n","protected":false},"excerpt":{"rendered":"<p>1. Ba\u011f\u0131ms\u0131z Denetim1.1. Ba\u011f\u0131ms\u0131z Denetim Kavram\u01311.2. Ba\u011f\u0131ms\u0131z Denetim T\u00fcrleri .1.3. Ba\u011f\u0131ms\u0131z Denet\u00e7i ve Denet\u00e7i T\u00fcrleri1.4. Ba\u011f\u0131ms\u0131z Denetimin ve Denet\u00e7inin Ama\u00e7lar\u01311.5. Genel Kabul G\u00f6rm\u00fc\u015f Denetim Standartlar\u0131 (GKDS)1.6.<span class=\"excerpt-hellip\"> [\u2026]<\/span><\/p>\n","protected":false},"featured_media":0,"template":"","meta":{"_monsterinsights_skip_tracking":false,"_monsterinsights_sitenote_active":false,"_monsterinsights_sitenote_note":"","_monsterinsights_sitenote_category":0},"product_brand":[],"product_cat":[13043,14381],"product_tag":[],"class_list":{"0":"post-721226","1":"product","2":"type-product","3":"status-publish","5":"product_cat-ekonomi","6":"product_cat-isletme-muhasebe-maliye","7":"pa_cilt-ciltsiz","8":"pa_tur-kitap","9":"pa_yayinevi-gazi-kitabevi","10":"pa_yazar-nurettin-koca","12":"first","13":"instock","14":"sale","15":"shipping-taxable","16":"purchasable","17":"product-type-simple"},"_links":{"self":[{"href":"https:\/\/roveyayinevi.com.tr\/index.php\/wp-json\/wp\/v2\/product\/721226","targetHints":{"allow":["GET"]}}],"collection":[{"href":"https:\/\/roveyayinevi.com.tr\/index.php\/wp-json\/wp\/v2\/product"}],"about":[{"href":"https:\/\/roveyayinevi.com.tr\/index.php\/wp-json\/wp\/v2\/types\/product"}],"wp:attachment":[{"href":"https:\/\/roveyayinevi.com.tr\/index.php\/wp-json\/wp\/v2\/media?parent=721226"}],"wp:term":[{"taxonomy":"product_brand","embeddable":true,"href":"https:\/\/roveyayinevi.com.tr\/index.php\/wp-json\/wp\/v2\/product_brand?post=721226"},{"taxonomy":"product_cat","embeddable":true,"href":"https:\/\/roveyayinevi.com.tr\/index.php\/wp-json\/wp\/v2\/product_cat?post=721226"},{"taxonomy":"product_tag","embeddable":true,"href":"https:\/\/roveyayinevi.com.tr\/index.php\/wp-json\/wp\/v2\/product_tag?post=721226"}],"curies":[{"name":"wp","href":"https:\/\/api.w.org\/{rel}","templated":true}]}}