{"id":721225,"date":"2025-08-27T18:47:14","date_gmt":"2025-08-27T15:47:14","guid":{"rendered":"https:\/\/roveyayinevi.com.tr\/index.php\/urun\/destanlar\/"},"modified":"2026-04-16T02:29:18","modified_gmt":"2026-04-15T23:29:18","slug":"destanlar","status":"publish","type":"product","link":"https:\/\/roveyayinevi.com.tr\/index.php\/urun\/destanlar\/","title":{"rendered":"Destanlar"},"content":{"rendered":"<p>\u00c7ok boyutlu bir d\u00fc\u015f\u00fcnce d\u00fcnyas\u0131na ve birikime sahip olan Hilmi Ziya\u2019n\u0131n felsefi g\u00f6r\u00fc\u015f ve ele\u015ftirilerinin, sosyolojik yakla\u015f\u0131mlar\u0131n\u0131n, edeb\u00ee \u00fcr\u00fcnlerinin, tarih\u00ee vakalar kar\u015f\u0131s\u0131ndaki tavr\u0131n\u0131n yan\u0131s\u0131ra T\u00fcrk milletinin \u00f6zelinde olmak \u00fczere t\u00fcm insanl\u0131\u011f\u0131n k\u00fclt\u00fcrel k\u00f6kenlerine \u0131\u015f\u0131k tutacak fikirlerinin oda\u011f\u0131nda ele ald\u0131\u011f\u0131 destanlar, farkl\u0131 \u00e7al\u0131\u015fma alanlar\u0131ndan biri olarak dikkat \u00e7ekmektedir. Destanlar ad\u0131n\u0131 ta\u015f\u0131yan bu kitap, Hilmi Ziya\u2019n\u0131n destanlar konusuna ne \u015fekilde e\u011fildi\u011fini a\u00e7\u0131k\u00e7a ortaya koymas\u0131 ve konuya dair yaz\u0131lar\u0131n\u0131n bir araya getirilmesi y\u00f6n\u00fcyle ara\u015ft\u0131rmac\u0131lar\u0131n i\u015fini kolayla\u015ft\u0131racak niteliktedir. Nitekim Hilmi Ziya; medeniyet tasavvurunda destanlar\u0131n oynad\u0131\u011f\u0131 rol ve s\u00f6z konusu destanlar\u0131n yeniden yaz\u0131m\u0131 hususlar\u0131na bilinenden \u00e7ok daha fazla k\u0131ymet vermektedir. Onun destanlara y\u00fckledi\u011fi anlam \u00e7er\u00e7evesinde bir medeniyet in\u015fa edilebilir, \u015fekillendirilebilir ve en \u00fcst noktaya varacak bir bi\u00e7imde geli\u015ftirilebilir. Bu nedenle \u00e7al\u0131\u015fmalar\u0131n\u0131n \u00f6nemli bir k\u0131sm\u0131n\u0131, yaz\u0131 hayat\u0131n\u0131n ba\u015flang\u0131c\u0131ndan \u00f6l\u00fcm\u00fcne kadar, sistemli bir \u015fekilde destan meselesine ay\u0131rm\u0131\u015ft\u0131r. Bir\u00e7ok a\u00e7\u0131dan yakla\u015ft\u0131\u011f\u0131 destanlara dair genel bilgilerin yan\u0131s\u0131ra onlar\u0131n tasnifi ve yeniden yaz\u0131m\u0131 hususlar\u0131nda gerek kendisi gerekse bu konuya g\u00f6n\u00fcl vermi\u015f arkada\u015flar\u0131 ile birlikte mesai harcam\u0131\u015ft\u0131r.<\/p>\n","protected":false},"excerpt":{"rendered":"<p>\u00c7ok boyutlu bir d\u00fc\u015f\u00fcnce d\u00fcnyas\u0131na ve birikime sahip olan Hilmi Ziya\u2019n\u0131n felsefi g\u00f6r\u00fc\u015f ve ele\u015ftirilerinin, sosyolojik yakla\u015f\u0131mlar\u0131n\u0131n, edeb\u00ee \u00fcr\u00fcnlerinin, tarih\u00ee vakalar kar\u015f\u0131s\u0131ndaki tavr\u0131n\u0131n yan\u0131s\u0131ra T\u00fcrk milletinin<span class=\"excerpt-hellip\"> [\u2026]<\/span><\/p>\n","protected":false},"featured_media":0,"template":"","meta":{"_monsterinsights_skip_tracking":false,"_monsterinsights_sitenote_active":false,"_monsterinsights_sitenote_note":"","_monsterinsights_sitenote_category":0},"product_brand":[],"product_cat":[12291,13706],"product_tag":[],"class_list":{"0":"post-721225","1":"product","2":"type-product","3":"status-publish","5":"product_cat-edebiyat","6":"product_cat-efsane-destan-masal","7":"pa_cilt-ciltsiz","8":"pa_tur-kitap","9":"pa_yayinevi-dogu-bati-yayinlari","10":"pa_yazar-hilmi-ziya-ulken","12":"first","13":"instock","14":"sale","15":"shipping-taxable","16":"purchasable","17":"product-type-simple"},"_links":{"self":[{"href":"https:\/\/roveyayinevi.com.tr\/index.php\/wp-json\/wp\/v2\/product\/721225","targetHints":{"allow":["GET"]}}],"collection":[{"href":"https:\/\/roveyayinevi.com.tr\/index.php\/wp-json\/wp\/v2\/product"}],"about":[{"href":"https:\/\/roveyayinevi.com.tr\/index.php\/wp-json\/wp\/v2\/types\/product"}],"wp:attachment":[{"href":"https:\/\/roveyayinevi.com.tr\/index.php\/wp-json\/wp\/v2\/media?parent=721225"}],"wp:term":[{"taxonomy":"product_brand","embeddable":true,"href":"https:\/\/roveyayinevi.com.tr\/index.php\/wp-json\/wp\/v2\/product_brand?post=721225"},{"taxonomy":"product_cat","embeddable":true,"href":"https:\/\/roveyayinevi.com.tr\/index.php\/wp-json\/wp\/v2\/product_cat?post=721225"},{"taxonomy":"product_tag","embeddable":true,"href":"https:\/\/roveyayinevi.com.tr\/index.php\/wp-json\/wp\/v2\/product_tag?post=721225"}],"curies":[{"name":"wp","href":"https:\/\/api.w.org\/{rel}","templated":true}]}}