{"id":721208,"date":"2025-08-27T18:46:59","date_gmt":"2025-08-27T15:46:59","guid":{"rendered":"https:\/\/roveyayinevi.com.tr\/index.php\/urun\/gantz-9\/"},"modified":"2026-04-16T02:29:17","modified_gmt":"2026-04-15T23:29:17","slug":"gantz-9","status":"publish","type":"product","link":"https:\/\/roveyayinevi.com.tr\/index.php\/urun\/gantz-9\/","title":{"rendered":"Gantz 9"},"content":{"rendered":"<p>Gantz ekibinin uzayl\u0131lar\u0131n kontrol\u00fcndeki Buda heykelleriyle ya\u015fad\u0131\u011f\u0131 \u00e7arp\u0131\u015fman\u0131n yeg\u00e2ne kurtulan\u0131 olan ve hem sevgilisini hem de en iyi arkada\u015f\u0131n\u0131 kaybeden Kurono, bu \u00f6l\u00fcmc\u00fcl oyuna tek ba\u015f\u0131na devam ediyor. Kurono\u2019nun d\u00f6v\u00fc\u015fmek \u00fczere g\u00f6nderildi\u011fi rakip Buda heykelleri kadar heybetli olmasa da en az onlar kadar \u00f6l\u00fcmc\u00fcl\u2026 Say\u0131ca \u00fcst\u00fcnler, d\u00fc\u015f\u00fcncelerini Kurono\u2019nun zihnine yerle\u015ftirebiliyorlar ve d\u00fcnyam\u0131za gelebiliyor olu\u015flar\u0131 da i\u015fleri epey kar\u0131\u015ft\u0131r\u0131yor\u2026   B\u00fcy\u00fck bir keyifle okuyup devam\u0131n\u0131 heyecanla bekledi\u011finiz yeti\u015fkin mangas\u0131 Gantz, hi\u00e7 d\u00fc\u015fmeyen temposuyla devam ediyor. <\/p>\n","protected":false},"excerpt":{"rendered":"<p>Gantz ekibinin uzayl\u0131lar\u0131n kontrol\u00fcndeki Buda heykelleriyle ya\u015fad\u0131\u011f\u0131 \u00e7arp\u0131\u015fman\u0131n yeg\u00e2ne kurtulan\u0131 olan ve hem sevgilisini hem de en iyi arkada\u015f\u0131n\u0131 kaybeden Kurono, bu \u00f6l\u00fcmc\u00fcl oyuna tek ba\u015f\u0131na<span class=\"excerpt-hellip\"> [\u2026]<\/span><\/p>\n","protected":false},"featured_media":0,"template":"","meta":{"_monsterinsights_skip_tracking":false,"_monsterinsights_sitenote_active":false,"_monsterinsights_sitenote_note":"","_monsterinsights_sitenote_category":0},"product_brand":[],"product_cat":[12416,12291],"product_tag":[],"class_list":{"0":"post-721208","1":"product","2":"type-product","3":"status-publish","5":"product_cat-cizgi-roman","6":"product_cat-edebiyat","7":"pa_cilt-ciltsiz","8":"pa_tur-kitap","9":"pa_yayinevi-kurukafa","10":"pa_yazar-hiroya-oku","12":"first","13":"instock","14":"sale","15":"shipping-taxable","16":"purchasable","17":"product-type-simple"},"_links":{"self":[{"href":"https:\/\/roveyayinevi.com.tr\/index.php\/wp-json\/wp\/v2\/product\/721208","targetHints":{"allow":["GET"]}}],"collection":[{"href":"https:\/\/roveyayinevi.com.tr\/index.php\/wp-json\/wp\/v2\/product"}],"about":[{"href":"https:\/\/roveyayinevi.com.tr\/index.php\/wp-json\/wp\/v2\/types\/product"}],"wp:attachment":[{"href":"https:\/\/roveyayinevi.com.tr\/index.php\/wp-json\/wp\/v2\/media?parent=721208"}],"wp:term":[{"taxonomy":"product_brand","embeddable":true,"href":"https:\/\/roveyayinevi.com.tr\/index.php\/wp-json\/wp\/v2\/product_brand?post=721208"},{"taxonomy":"product_cat","embeddable":true,"href":"https:\/\/roveyayinevi.com.tr\/index.php\/wp-json\/wp\/v2\/product_cat?post=721208"},{"taxonomy":"product_tag","embeddable":true,"href":"https:\/\/roveyayinevi.com.tr\/index.php\/wp-json\/wp\/v2\/product_tag?post=721208"}],"curies":[{"name":"wp","href":"https:\/\/api.w.org\/{rel}","templated":true}]}}