{"id":721203,"date":"2025-08-27T18:46:55","date_gmt":"2025-08-27T15:46:55","guid":{"rendered":"https:\/\/roveyayinevi.com.tr\/index.php\/urun\/gecenin-hikayesi-dora-ciltli\/"},"modified":"2026-04-16T02:29:17","modified_gmt":"2026-04-15T23:29:17","slug":"gecenin-hikayesi-dora-ciltli","status":"publish","type":"product","link":"https:\/\/roveyayinevi.com.tr\/index.php\/urun\/gecenin-hikayesi-dora-ciltli\/","title":{"rendered":"Gecenin Hikayesi &#8211; Dora (Ciltli)"},"content":{"rendered":"<p>Bana, kazanman\u0131n asl\u0131nda daim\u00ee bir kay\u0131p ol-du\u011funu g\u00f6stermi\u015flerdi. Ben art\u0131k biliyordum ki bar\u0131\u015f bayra\u011f\u0131n\u0131n renginin beyaz olmas\u0131n\u0131n bir anlam\u0131 vard\u0131. En k\u00fc\u00e7\u00fck kusuru dahi af-fetmeyen bu renk, benim barut kadar karar-m\u0131\u015f kaderimi sarmalayan isli parmaklar\u0131m\u0131n aras\u0131nda zaferin \u00e7anlar\u0131n\u0131 de\u011fil, k\u0131yametin s\u00fbrunu \u00fcfleyebilirdi ancak.   Maya en k\u00f6t\u00fc anlar\u0131n\u0131 geride b\u0131rakt\u0131\u011f\u0131n\u0131 san\u0131-yordur fakat hava hen\u00fcz o kadar da kararma-m\u0131\u015ft\u0131r. Zihninin i\u00e7indeki susmayan \u00e7a\u011fr\u0131, ona geri \u00e7eviremeyece\u011fi bir davet sunarken en b\u00fcy\u00fck felaketine do\u011fru ko\u015ftu\u011funun fark\u0131nda de\u011fildir. Tutku, nefret ve ac\u0131 d\u00f6n\u00fcm noktas\u0131na ula\u015ft\u0131\u011f\u0131n-da kendini hi\u00e7bir akl\u0131n kabul edemeyece\u011fi bir ger\u00e7ekle y\u00fcz y\u00fcze bulacakt\u0131r.   Maya, parmaklar\u0131n\u0131n aras\u0131nda sand\u0131\u011f\u0131 hayat\u0131-n\u0131n ipleri koparken ona sunulan kanatlar\u0131 \u00fcze-rine mi giyecek yoksa ellerini kana bulayarak devam m\u0131 edecek? <\/p>\n","protected":false},"excerpt":{"rendered":"<p>Bana, kazanman\u0131n asl\u0131nda daim\u00ee bir kay\u0131p ol-du\u011funu g\u00f6stermi\u015flerdi. Ben art\u0131k biliyordum ki bar\u0131\u015f bayra\u011f\u0131n\u0131n renginin beyaz olmas\u0131n\u0131n bir anlam\u0131 vard\u0131. En k\u00fc\u00e7\u00fck kusuru dahi af-fetmeyen bu<span class=\"excerpt-hellip\"> [\u2026]<\/span><\/p>\n","protected":false},"featured_media":0,"template":"","meta":{"_monsterinsights_skip_tracking":false,"_monsterinsights_sitenote_active":false,"_monsterinsights_sitenote_note":"","_monsterinsights_sitenote_category":0},"product_brand":[],"product_cat":[12291,14777],"product_tag":[],"class_list":{"0":"post-721203","1":"product","2":"type-product","3":"status-publish","5":"product_cat-edebiyat","6":"product_cat-fantastik","7":"pa_cilt-ciltli","8":"pa_tur-kitap","9":"pa_yayinevi-ephesus-yayinlari","10":"pa_yazar-n-g-kabal","12":"first","13":"instock","14":"sale","15":"shipping-taxable","16":"purchasable","17":"product-type-simple"},"_links":{"self":[{"href":"https:\/\/roveyayinevi.com.tr\/index.php\/wp-json\/wp\/v2\/product\/721203","targetHints":{"allow":["GET"]}}],"collection":[{"href":"https:\/\/roveyayinevi.com.tr\/index.php\/wp-json\/wp\/v2\/product"}],"about":[{"href":"https:\/\/roveyayinevi.com.tr\/index.php\/wp-json\/wp\/v2\/types\/product"}],"wp:attachment":[{"href":"https:\/\/roveyayinevi.com.tr\/index.php\/wp-json\/wp\/v2\/media?parent=721203"}],"wp:term":[{"taxonomy":"product_brand","embeddable":true,"href":"https:\/\/roveyayinevi.com.tr\/index.php\/wp-json\/wp\/v2\/product_brand?post=721203"},{"taxonomy":"product_cat","embeddable":true,"href":"https:\/\/roveyayinevi.com.tr\/index.php\/wp-json\/wp\/v2\/product_cat?post=721203"},{"taxonomy":"product_tag","embeddable":true,"href":"https:\/\/roveyayinevi.com.tr\/index.php\/wp-json\/wp\/v2\/product_tag?post=721203"}],"curies":[{"name":"wp","href":"https:\/\/api.w.org\/{rel}","templated":true}]}}