{"id":721194,"date":"2025-08-27T18:46:47","date_gmt":"2025-08-27T15:46:47","guid":{"rendered":"https:\/\/roveyayinevi.com.tr\/index.php\/urun\/degirmen-6\/"},"modified":"2026-04-08T02:37:05","modified_gmt":"2026-04-07T23:37:05","slug":"degirmen-6","status":"publish","type":"product","link":"https:\/\/roveyayinevi.com.tr\/index.php\/urun\/degirmen-6\/","title":{"rendered":"De\u011firmen"},"content":{"rendered":"<p>Siz sevemezsiniz ada\u015f\u0131m, siz \u015fehirde ya\u015fayanlar ve k\u00f6yde ya\u015fayanlar; siz, birisine itaat eden ve birisine emredenler; siz, birisinden korkan ve birisini tehdit edenler&#8230; Siz sevemezsiniz. Sevmeyi yaln\u0131z bizler biliriz&#8230; Bizler: Bat\u0131 r\u00fczg\u00e2r\u0131 kadar serbest dola\u015fan ve kendimizden ba\u015fka Allah tan\u0131mayan biz \u00c7ingeneler.Sabahattin Ali \u00f6yk\u00fclerinde kendi d\u00f6nemi i\u00e7inde zamans\u0131z olan\u0131 buluyor, yerel olandan evrensele ula\u015f\u0131yor. Habercilikle masalc\u0131l\u0131\u011f\u0131, an\u0131yla efsaneyi, bir g\u00f6zlemcinin tarafs\u0131zl\u0131\u011f\u0131yla k\u0131ssadan hisseler anlatan bir \u00e7\u0131nar alt\u0131 meddah\u0131n\u0131n dilini birbirine harmanl\u0131yor.<\/p>\n","protected":false},"excerpt":{"rendered":"<p>Siz sevemezsiniz ada\u015f\u0131m, siz \u015fehirde ya\u015fayanlar ve k\u00f6yde ya\u015fayanlar; siz, birisine itaat eden ve birisine emredenler; siz, birisinden korkan ve birisini tehdit edenler&#8230; Siz sevemezsiniz. Sevmeyi<span class=\"excerpt-hellip\"> [\u2026]<\/span><\/p>\n","protected":false},"featured_media":0,"template":"","meta":{"_monsterinsights_skip_tracking":false,"_monsterinsights_sitenote_active":false,"_monsterinsights_sitenote_note":"","_monsterinsights_sitenote_category":0},"product_brand":[],"product_cat":[12291,12711],"product_tag":[],"class_list":{"0":"post-721194","1":"product","2":"type-product","3":"status-publish","5":"product_cat-edebiyat","6":"product_cat-roman-oyku","7":"pa_cilt-ciltsiz","8":"pa_tur-kitap","9":"pa_yayinevi-can-yayinlari","10":"pa_yazar-sabahattin-ali","12":"first","13":"instock","14":"sale","15":"shipping-taxable","16":"purchasable","17":"product-type-simple"},"_links":{"self":[{"href":"https:\/\/roveyayinevi.com.tr\/index.php\/wp-json\/wp\/v2\/product\/721194","targetHints":{"allow":["GET"]}}],"collection":[{"href":"https:\/\/roveyayinevi.com.tr\/index.php\/wp-json\/wp\/v2\/product"}],"about":[{"href":"https:\/\/roveyayinevi.com.tr\/index.php\/wp-json\/wp\/v2\/types\/product"}],"wp:attachment":[{"href":"https:\/\/roveyayinevi.com.tr\/index.php\/wp-json\/wp\/v2\/media?parent=721194"}],"wp:term":[{"taxonomy":"product_brand","embeddable":true,"href":"https:\/\/roveyayinevi.com.tr\/index.php\/wp-json\/wp\/v2\/product_brand?post=721194"},{"taxonomy":"product_cat","embeddable":true,"href":"https:\/\/roveyayinevi.com.tr\/index.php\/wp-json\/wp\/v2\/product_cat?post=721194"},{"taxonomy":"product_tag","embeddable":true,"href":"https:\/\/roveyayinevi.com.tr\/index.php\/wp-json\/wp\/v2\/product_tag?post=721194"}],"curies":[{"name":"wp","href":"https:\/\/api.w.org\/{rel}","templated":true}]}}