{"id":721185,"date":"2025-08-27T18:46:40","date_gmt":"2025-08-27T15:46:40","guid":{"rendered":"https:\/\/roveyayinevi.com.tr\/index.php\/urun\/bes-benzemez-yer-cekimi-hirsizi\/"},"modified":"2026-04-16T02:29:17","modified_gmt":"2026-04-15T23:29:17","slug":"bes-benzemez-yer-cekimi-hirsizi","status":"publish","type":"product","link":"https:\/\/roveyayinevi.com.tr\/index.php\/urun\/bes-benzemez-yer-cekimi-hirsizi\/","title":{"rendered":"Be\u015f Benzemez &#8211; Yer \u00c7ekimi H\u0131rs\u0131z\u0131"},"content":{"rendered":"<p>\u00d6d\u00fcll\u00fc yazar A\u015fk\u0131n G\u00fcng\u00f6r&#8217;den \u00e7ok heyecanl\u0131, ak\u0131l almaz, dayan\u0131lmaz, tad\u0131ndan yenmez, sizi hop oturtup hop kald\u0131racak \u00e7ok acayip bir hikaye\u2026Be\u015f Benzemez\u2019in ba\u015f\u0131ndan ge\u00e7en ilk ser\u00fcven\u2026<\/p>\n","protected":false},"excerpt":{"rendered":"<p>\u00d6d\u00fcll\u00fc yazar A\u015fk\u0131n G\u00fcng\u00f6r&#8217;den \u00e7ok heyecanl\u0131, ak\u0131l almaz, dayan\u0131lmaz, tad\u0131ndan yenmez, sizi hop oturtup hop kald\u0131racak \u00e7ok acayip bir hikaye\u2026Be\u015f Benzemez\u2019in ba\u015f\u0131ndan ge\u00e7en ilk ser\u00fcven\u2026<\/p>\n","protected":false},"featured_media":0,"template":"","meta":{"_monsterinsights_skip_tracking":false,"_monsterinsights_sitenote_active":false,"_monsterinsights_sitenote_note":"","_monsterinsights_sitenote_category":0},"product_brand":[],"product_cat":[12274,12284],"product_tag":[],"class_list":{"0":"post-721185","1":"product","2":"type-product","3":"status-publish","5":"product_cat-cocuk-ve-genclik-kitaplari","6":"product_cat-hikayeler","7":"pa_cilt-ciltsiz","8":"pa_tur-kitap","9":"pa_yayinevi-bilgi-yayinevi","10":"pa_yazar-askin-gungor","12":"first","13":"instock","14":"sale","15":"shipping-taxable","16":"purchasable","17":"product-type-simple"},"_links":{"self":[{"href":"https:\/\/roveyayinevi.com.tr\/index.php\/wp-json\/wp\/v2\/product\/721185","targetHints":{"allow":["GET"]}}],"collection":[{"href":"https:\/\/roveyayinevi.com.tr\/index.php\/wp-json\/wp\/v2\/product"}],"about":[{"href":"https:\/\/roveyayinevi.com.tr\/index.php\/wp-json\/wp\/v2\/types\/product"}],"wp:attachment":[{"href":"https:\/\/roveyayinevi.com.tr\/index.php\/wp-json\/wp\/v2\/media?parent=721185"}],"wp:term":[{"taxonomy":"product_brand","embeddable":true,"href":"https:\/\/roveyayinevi.com.tr\/index.php\/wp-json\/wp\/v2\/product_brand?post=721185"},{"taxonomy":"product_cat","embeddable":true,"href":"https:\/\/roveyayinevi.com.tr\/index.php\/wp-json\/wp\/v2\/product_cat?post=721185"},{"taxonomy":"product_tag","embeddable":true,"href":"https:\/\/roveyayinevi.com.tr\/index.php\/wp-json\/wp\/v2\/product_tag?post=721185"}],"curies":[{"name":"wp","href":"https:\/\/api.w.org\/{rel}","templated":true}]}}