{"id":721182,"date":"2025-08-27T18:46:37","date_gmt":"2025-08-27T15:46:37","guid":{"rendered":"https:\/\/roveyayinevi.com.tr\/index.php\/urun\/saman-rengi-yaralar\/"},"modified":"2026-04-16T02:29:17","modified_gmt":"2026-04-15T23:29:17","slug":"saman-rengi-yaralar","status":"publish","type":"product","link":"https:\/\/roveyayinevi.com.tr\/index.php\/urun\/saman-rengi-yaralar\/","title":{"rendered":"Saman Rengi Yaralar"},"content":{"rendered":"<p>ayn\u0131 \u00f6l\u00fcm tutuyor ikimizin de yakas\u0131ndan ayn\u0131 suda bo\u011fulacak b\u00fct\u00fcn mevsimler   kasnakta \u00e7uha i\u011fnede iplik h\u00fczn\u00fc duru sakin \u00f6m\u00fcrl\u00fck nak\u0131\u015f i\u00e7ten i\u00e7e eriyor   i\u015flemek Tanr\u0131 i\u015fi benimse h\u00e2lim \u00fcz\u00fclmek sebepsiz g\u00fcnlerime \u00f6m\u00fcr diyorlar     a\u015fks\u0131z\u0131n h\u00e2li mi var ki s\u00f6nen ate\u015fleri yaks\u0131n \u015fehirde anca bir delinin g\u00f6zlerinde zil tak\u0131p oynuyorum <\/p>\n","protected":false},"excerpt":{"rendered":"<p>ayn\u0131 \u00f6l\u00fcm tutuyor ikimizin de yakas\u0131ndan ayn\u0131 suda bo\u011fulacak b\u00fct\u00fcn mevsimler kasnakta \u00e7uha i\u011fnede iplik h\u00fczn\u00fc duru sakin \u00f6m\u00fcrl\u00fck nak\u0131\u015f i\u00e7ten i\u00e7e eriyor i\u015flemek Tanr\u0131 i\u015fi<span class=\"excerpt-hellip\"> [\u2026]<\/span><\/p>\n","protected":false},"featured_media":0,"template":"","meta":{"_monsterinsights_skip_tracking":false,"_monsterinsights_sitenote_active":false,"_monsterinsights_sitenote_note":"","_monsterinsights_sitenote_category":0},"product_brand":[],"product_cat":[12291,12509],"product_tag":[],"class_list":{"0":"post-721182","1":"product","2":"type-product","3":"status-publish","5":"product_cat-edebiyat","6":"product_cat-siir","7":"pa_cilt-ciltsiz","8":"pa_tur-kitap","9":"pa_yayinevi-favori-yayinlari","10":"pa_yazar-onder-yilmaz","12":"first","13":"instock","14":"sale","15":"shipping-taxable","16":"purchasable","17":"product-type-simple"},"_links":{"self":[{"href":"https:\/\/roveyayinevi.com.tr\/index.php\/wp-json\/wp\/v2\/product\/721182","targetHints":{"allow":["GET"]}}],"collection":[{"href":"https:\/\/roveyayinevi.com.tr\/index.php\/wp-json\/wp\/v2\/product"}],"about":[{"href":"https:\/\/roveyayinevi.com.tr\/index.php\/wp-json\/wp\/v2\/types\/product"}],"wp:attachment":[{"href":"https:\/\/roveyayinevi.com.tr\/index.php\/wp-json\/wp\/v2\/media?parent=721182"}],"wp:term":[{"taxonomy":"product_brand","embeddable":true,"href":"https:\/\/roveyayinevi.com.tr\/index.php\/wp-json\/wp\/v2\/product_brand?post=721182"},{"taxonomy":"product_cat","embeddable":true,"href":"https:\/\/roveyayinevi.com.tr\/index.php\/wp-json\/wp\/v2\/product_cat?post=721182"},{"taxonomy":"product_tag","embeddable":true,"href":"https:\/\/roveyayinevi.com.tr\/index.php\/wp-json\/wp\/v2\/product_tag?post=721182"}],"curies":[{"name":"wp","href":"https:\/\/api.w.org\/{rel}","templated":true}]}}