{"id":721171,"date":"2025-08-27T18:46:28","date_gmt":"2025-08-27T15:46:28","guid":{"rendered":"https:\/\/roveyayinevi.com.tr\/index.php\/urun\/ilham-perim\/"},"modified":"2025-11-21T05:40:52","modified_gmt":"2025-11-21T02:40:52","slug":"ilham-perim","status":"publish","type":"product","link":"https:\/\/roveyayinevi.com.tr\/index.php\/urun\/ilham-perim\/","title":{"rendered":"\u0130lham Perim"},"content":{"rendered":"<p>Esrik bir ak\u015fam\u00fcst\u00fc Sarg\u0131n g\u00fcl\u00fc\u015flerle \u00e7\u0131kt\u0131m yola \u0130ndirdim heybemdeki a\u011f\u0131r y\u00fck\u00fc Y\u00fckledim g\u00f6nl\u00fcme Yasemin kokulu \u00e7i\u00e7eklerini Biraz tedirgin Biraz da mu\u011flak h\u00e2lde Y\u00fcr\u00fcd\u00fcm nazl\u0131 y\u00e2rin y\u00f6n\u00fcne Hepsini de seriverdim G\u00fczel y\u00fcreklimin \u00f6n\u00fcne.  <\/p>\n","protected":false},"excerpt":{"rendered":"<p>Esrik bir ak\u015fam\u00fcst\u00fc Sarg\u0131n g\u00fcl\u00fc\u015flerle \u00e7\u0131kt\u0131m yola \u0130ndirdim heybemdeki a\u011f\u0131r y\u00fck\u00fc Y\u00fckledim g\u00f6nl\u00fcme Yasemin kokulu \u00e7i\u00e7eklerini Biraz tedirgin Biraz da mu\u011flak h\u00e2lde Y\u00fcr\u00fcd\u00fcm nazl\u0131 y\u00e2rin y\u00f6n\u00fcne<span class=\"excerpt-hellip\"> [\u2026]<\/span><\/p>\n","protected":false},"featured_media":0,"template":"","meta":{"_monsterinsights_skip_tracking":false,"_monsterinsights_sitenote_active":false,"_monsterinsights_sitenote_note":"","_monsterinsights_sitenote_category":0},"product_brand":[],"product_cat":[12291,12509],"product_tag":[],"class_list":{"0":"post-721171","1":"product","2":"type-product","3":"status-publish","5":"product_cat-edebiyat","6":"product_cat-siir","7":"pa_cilt-ciltsiz","8":"pa_tur-kitap","9":"pa_yayinevi-favori-yayinlari","10":"pa_yazar-yasar-polat","12":"first","13":"instock","14":"sale","15":"shipping-taxable","16":"purchasable","17":"product-type-simple"},"_links":{"self":[{"href":"https:\/\/roveyayinevi.com.tr\/index.php\/wp-json\/wp\/v2\/product\/721171","targetHints":{"allow":["GET"]}}],"collection":[{"href":"https:\/\/roveyayinevi.com.tr\/index.php\/wp-json\/wp\/v2\/product"}],"about":[{"href":"https:\/\/roveyayinevi.com.tr\/index.php\/wp-json\/wp\/v2\/types\/product"}],"wp:attachment":[{"href":"https:\/\/roveyayinevi.com.tr\/index.php\/wp-json\/wp\/v2\/media?parent=721171"}],"wp:term":[{"taxonomy":"product_brand","embeddable":true,"href":"https:\/\/roveyayinevi.com.tr\/index.php\/wp-json\/wp\/v2\/product_brand?post=721171"},{"taxonomy":"product_cat","embeddable":true,"href":"https:\/\/roveyayinevi.com.tr\/index.php\/wp-json\/wp\/v2\/product_cat?post=721171"},{"taxonomy":"product_tag","embeddable":true,"href":"https:\/\/roveyayinevi.com.tr\/index.php\/wp-json\/wp\/v2\/product_tag?post=721171"}],"curies":[{"name":"wp","href":"https:\/\/api.w.org\/{rel}","templated":true}]}}