{"id":721166,"date":"2025-08-27T18:46:24","date_gmt":"2025-08-27T15:46:24","guid":{"rendered":"https:\/\/roveyayinevi.com.tr\/index.php\/urun\/turkcenin-yabanci-dil-olarak-ogretimi\/"},"modified":"2025-11-21T05:40:49","modified_gmt":"2025-11-21T02:40:49","slug":"turkcenin-yabanci-dil-olarak-ogretimi","status":"publish","type":"product","link":"https:\/\/roveyayinevi.com.tr\/index.php\/urun\/turkcenin-yabanci-dil-olarak-ogretimi\/","title":{"rendered":"T\u00fcrk\u00e7enin Yabanc\u0131 Dil Olarak \u00d6\u011fretimi"},"content":{"rendered":"<p>T\u00fcrkiye&#8217;nin d\u00fcnyadaki eski yerine tekrar g\u00fc\u00e7l\u00fc bir \u015fekilde gelebilmesi i\u00e7in dilini ve k\u00fclt\u00fcr\u00fcn\u00fc yabanc\u0131lara \u00f6\u011fretmesi gerekir.Kitapta,T\u00fcrk\u00e7e \u00f6\u011freten kurumlarda \u00e7al\u0131\u015fanlar\u0131n daha donan\u0131ml\u0131 olabilmeleri i\u00e7in dilimizi yabanc\u0131lara nas\u0131l \u00f6\u011fretecekleri hususu ele al\u0131nm\u0131\u015ft\u0131r.Bu gerek\u00e7eyle hem kendi projelerimizden hem de alanda \u00e7al\u0131\u015fan yabanc\u0131 d\u00fc\u015f\u00fcn\u00fcrlerin proje veya bak\u0131\u015f a\u00e7\u0131lar\u0131ndan s\u00f6z edilmi\u015f ve etkinlikler yoluyla uygulamalar\u0131n nas\u0131l yap\u0131laca\u011f\u0131 \u00f6rneklerle peki\u015ftirilmi\u015ftir.Yabanc\u0131lara T\u00fcrk\u00e7e \u00f6\u011fretiminin bilimsel ilkeler \u0131\u015f\u0131\u011f\u0131nda ger\u00e7ekle\u015ftirilmesi vurgulanarak konunun \u00f6nemi bir kez daha ortaya konmu\u015ftur.Bu kitap,yabanc\u0131lara t\u00fcrk\u00e7e \u00f6\u011fretmek i\u00e7in de\u011fil,T\u00fcrk\u00e7eyi yabanc\u0131lara \u00f6\u011fretecek \u00f6\u011fretmenlere yol g\u00f6stermek i\u00e7in haz\u0131rlanm\u0131\u015ft\u0131r.<\/p>\n","protected":false},"excerpt":{"rendered":"<p>T\u00fcrkiye&#8217;nin d\u00fcnyadaki eski yerine tekrar g\u00fc\u00e7l\u00fc bir \u015fekilde gelebilmesi i\u00e7in dilini ve k\u00fclt\u00fcr\u00fcn\u00fc yabanc\u0131lara \u00f6\u011fretmesi gerekir.Kitapta,T\u00fcrk\u00e7e \u00f6\u011freten kurumlarda \u00e7al\u0131\u015fanlar\u0131n daha donan\u0131ml\u0131 olabilmeleri i\u00e7in dilimizi yabanc\u0131lara nas\u0131l<span class=\"excerpt-hellip\"> [\u2026]<\/span><\/p>\n","protected":false},"featured_media":0,"template":"","meta":{"_monsterinsights_skip_tracking":false,"_monsterinsights_sitenote_active":false,"_monsterinsights_sitenote_note":"","_monsterinsights_sitenote_category":0},"product_brand":[],"product_cat":[14597,12566],"product_tag":[],"class_list":{"0":"post-721166","1":"product","2":"type-product","3":"status-publish","5":"product_cat-dil-ogrenimi","6":"product_cat-egitim","7":"pa_cilt-ciltsiz","8":"pa_tur-kitap","9":"pa_yayinevi-kalemkitap","10":"pa_yazar-muammer-nurlu","12":"first","13":"instock","14":"sale","15":"shipping-taxable","16":"purchasable","17":"product-type-simple"},"_links":{"self":[{"href":"https:\/\/roveyayinevi.com.tr\/index.php\/wp-json\/wp\/v2\/product\/721166","targetHints":{"allow":["GET"]}}],"collection":[{"href":"https:\/\/roveyayinevi.com.tr\/index.php\/wp-json\/wp\/v2\/product"}],"about":[{"href":"https:\/\/roveyayinevi.com.tr\/index.php\/wp-json\/wp\/v2\/types\/product"}],"wp:attachment":[{"href":"https:\/\/roveyayinevi.com.tr\/index.php\/wp-json\/wp\/v2\/media?parent=721166"}],"wp:term":[{"taxonomy":"product_brand","embeddable":true,"href":"https:\/\/roveyayinevi.com.tr\/index.php\/wp-json\/wp\/v2\/product_brand?post=721166"},{"taxonomy":"product_cat","embeddable":true,"href":"https:\/\/roveyayinevi.com.tr\/index.php\/wp-json\/wp\/v2\/product_cat?post=721166"},{"taxonomy":"product_tag","embeddable":true,"href":"https:\/\/roveyayinevi.com.tr\/index.php\/wp-json\/wp\/v2\/product_tag?post=721166"}],"curies":[{"name":"wp","href":"https:\/\/api.w.org\/{rel}","templated":true}]}}