{"id":721113,"date":"2025-08-27T18:45:41","date_gmt":"2025-08-27T15:45:41","guid":{"rendered":"https:\/\/roveyayinevi.com.tr\/index.php\/urun\/mutluluk-doktoru\/"},"modified":"2026-04-13T02:35:33","modified_gmt":"2026-04-12T23:35:33","slug":"mutluluk-doktoru","status":"publish","type":"product","link":"https:\/\/roveyayinevi.com.tr\/index.php\/urun\/mutluluk-doktoru\/","title":{"rendered":"Mutluluk Doktoru"},"content":{"rendered":"<p>Ben, Mutluluk Doktorunuz Metin Uyar. Bana mutluluk k\u00e2\u015fifi diyenler de var. Amac\u0131m mutlulu\u011fu ke\u015ffetmek ve yaymak! Mutlulukla ilgili say\u0131s\u0131z yay\u0131n, makale, ara\u015ft\u0131rma sonucu ve kitap okudum. Doktora tezim i\u00e7in 740 beyaz yaka ve mavi yaka \u00e7al\u0131\u015fan ile g\u00f6r\u00fc\u015ferek iyilik hali ile sa\u011fl\u0131k riskleri aras\u0131ndaki ili\u015fkiyi inceledim. \u0130stanbul Medipol \u00dcniversitesi Eczac\u0131l\u0131k Fak\u00fcltesi Anabilim Dal\u0131 Ba\u015fkan\u0131 olarak, verdi\u011fim derslerde, konu\u015fmac\u0131 olarak kat\u0131ld\u0131\u011f\u0131m yurti\u00e7i ve yurtd\u0131\u015f\u0131ndaki kongre ve sempozyumlarda g\u00f6zlem yapt\u0131m, veri toplad\u0131m, mutlulu\u011fun izini s\u00fcrd\u00fcm. Sonu\u00e7 olarak mutlulu\u011fa giden yolun evrensel form\u00fcllerini sizler i\u00e7in derledim. \u201cAma\u201dlardan, \u201cke\u015fke\u201dlerden uzakla\u015f\u0131p \u201cmutlulu\u011fa evet\u201d diyenlerle unutulmayacak bir yolculuk yapmak i\u00e7in de bu kitab\u0131 yazd\u0131m. Kolay anla\u015f\u0131l\u0131r ve uygulanabilir re\u00e7etelerden olu\u015fan \u201cad\u0131m ad\u0131m bir mutluluk k\u0131lavuzu\u201d haz\u0131rlad\u0131m.  Mutlulu\u011fun kestirmesi yok. Mutsuz olmak i\u00e7in de tuzak \u00e7ok. Mutluluk Doktoru bu tuzaklar\u0131 tek tek ortadan kald\u0131racak, k\u0131s\u0131rd\u00f6ng\u00fcn\u00fcn zincirlerini k\u0131racak.   Mutlu olmak i\u00e7in mutsuz olmay\u0131 beklemeye gerek yok. Mutluluk i\u00e7in her daim yat\u0131r\u0131m yapmak en iyisi. Mutluluk Doktoru bu yat\u0131r\u0131m\u0131 nas\u0131l yapabilece\u011finize y\u00f6nelik en g\u00fcvenilir rehberiniz olacak.   Mutluluk d\u00fczeyi merdivenler gibidir. Anl\u0131k d\u00fc\u015f\u00fc\u015fler ya\u015fad\u0131\u011f\u0131n\u0131zda bu kitab\u0131 a\u00e7\u0131n ve mutluluk dozunuzu y\u00fckseltecek \u00f6nerilerden yararlan\u0131n. Mutluluk Doktoru ba\u015f\u0131n\u0131z\u0131 omzuna yaslad\u0131\u011f\u0131n\u0131zda modunuzu y\u00fckselten iyi bir arkada\u015f olarak her daim yan\u0131n\u0131zda yer alacak. Modern \u00e7a\u011f\u0131n beraberinde getirdi\u011fi sorunlar\u0131n panzehiri olacak, mutluluk piliniz azald\u0131\u011f\u0131nda onu nas\u0131l \u015farj edece\u011finize y\u00f6nelik ipu\u00e7lar\u0131 verecek.   Mutluluk Doktoru, bak\u0131\u015f a\u00e7\u0131n\u0131z\u0131 mutluluk odakl\u0131 iyile\u015ftirecek ve d\u00f6n\u00fc\u015ft\u00fcrecek. 10 b\u00f6l\u00fcmde 100\u2019\u00fc a\u015fk\u0131n mutluluk \u00f6nerisi bulaca\u011f\u0131n\u0131z kitab\u0131n son b\u00f6l\u00fcm\u00fcnde ki\u015fisel mutluluk analizinizi yaparak kendi mutluluk re\u00e7etenizi olu\u015fturacaks\u0131n\u0131z. Re\u00e7etenizi haz\u0131rlad\u0131ktan sonra kendi mutluluk s\u0131rr\u0131n\u0131z\u0131n \u015fifresini \u00e7\u00f6zm\u00fc\u015f olacaks\u0131n\u0131z. O andan itibaren daha mutlu bir ya\u015fam\u0131n kap\u0131lar\u0131n\u0131 aralamak size kalacak. \u015eimdi kendinize sorun \u201cMutlulu\u011fa var m\u0131s\u0131n?\u201d. Cevab\u0131n\u0131z evetse, \u201cHo\u015f geldin mutluluk\u201d demek i\u00e7in sayfalar\u0131 \u00e7evirmeye ba\u015flay\u0131n.  Dr. Ecz. Metin Uyar <\/p>\n","protected":false},"excerpt":{"rendered":"<p>Ben, Mutluluk Doktorunuz Metin Uyar. Bana mutluluk k\u00e2\u015fifi diyenler de var. Amac\u0131m mutlulu\u011fu ke\u015ffetmek ve yaymak! Mutlulukla ilgili say\u0131s\u0131z yay\u0131n, makale, ara\u015ft\u0131rma sonucu ve kitap okudum.<span class=\"excerpt-hellip\"> [\u2026]<\/span><\/p>\n","protected":false},"featured_media":0,"template":"","meta":{"_monsterinsights_skip_tracking":false,"_monsterinsights_sitenote_active":false,"_monsterinsights_sitenote_note":"","_monsterinsights_sitenote_category":0},"product_brand":[],"product_cat":[12364,12376],"product_tag":[],"class_list":{"0":"post-721113","1":"product","2":"type-product","3":"status-publish","5":"product_cat-genel-konular","6":"product_cat-kisisel-gelisim","7":"pa_cilt-ciltsiz","8":"pa_tur-kitap","9":"pa_yayinevi-hayykitap","10":"pa_yazar-metin-uyar","12":"first","13":"instock","14":"sale","15":"shipping-taxable","16":"purchasable","17":"product-type-simple"},"_links":{"self":[{"href":"https:\/\/roveyayinevi.com.tr\/index.php\/wp-json\/wp\/v2\/product\/721113","targetHints":{"allow":["GET"]}}],"collection":[{"href":"https:\/\/roveyayinevi.com.tr\/index.php\/wp-json\/wp\/v2\/product"}],"about":[{"href":"https:\/\/roveyayinevi.com.tr\/index.php\/wp-json\/wp\/v2\/types\/product"}],"wp:attachment":[{"href":"https:\/\/roveyayinevi.com.tr\/index.php\/wp-json\/wp\/v2\/media?parent=721113"}],"wp:term":[{"taxonomy":"product_brand","embeddable":true,"href":"https:\/\/roveyayinevi.com.tr\/index.php\/wp-json\/wp\/v2\/product_brand?post=721113"},{"taxonomy":"product_cat","embeddable":true,"href":"https:\/\/roveyayinevi.com.tr\/index.php\/wp-json\/wp\/v2\/product_cat?post=721113"},{"taxonomy":"product_tag","embeddable":true,"href":"https:\/\/roveyayinevi.com.tr\/index.php\/wp-json\/wp\/v2\/product_tag?post=721113"}],"curies":[{"name":"wp","href":"https:\/\/api.w.org\/{rel}","templated":true}]}}