{"id":721108,"date":"2025-08-27T18:45:38","date_gmt":"2025-08-27T15:45:38","guid":{"rendered":"https:\/\/roveyayinevi.com.tr\/index.php\/urun\/asya-turk-hun-imparatorlugu\/"},"modified":"2026-04-16T02:29:15","modified_gmt":"2026-04-15T23:29:15","slug":"asya-turk-hun-imparatorlugu","status":"publish","type":"product","link":"https:\/\/roveyayinevi.com.tr\/index.php\/urun\/asya-turk-hun-imparatorlugu\/","title":{"rendered":"Asya T\u00fcrk Hun \u0130mparatorlu\u011fu"},"content":{"rendered":"<p>Bu kitapta T\u00fcrklerin k\u00f6keni, T\u00fcrk ad\u0131n\u0131n anlam\u0131, T\u00fcrk\u00e7\u00fcl\u00fck, Turanc\u0131l\u0131k ve T\u00fcrklerin M\u00d6 2.000\u2019li y\u0131llardan gelen tarihi; Asya Hunlar\u0131 [M\u00d6 209- MS 216] ve Ak Hunlar [MS 420-557] bir b\u00fct\u00fcn olarak ele al\u0131nm\u0131\u015f ve d\u00f6nemin en \u00f6zg\u00fcn y\u00f6nleri -kimi zaman g\u00fcn\u00fcm\u00fczle ba\u011flant\u0131lar kurularak- bir siyaset bilimci g\u00f6z\u00fcyle incelenmi\u015ftir. Yani antikac\u0131n\u0131n d\u00fckk\u00e2n\u0131ndaki k\u0131ymetli e\u015fyalar tarihsel s\u00fcre\u00e7 g\u00f6zetilerek tasnif edilmi\u015ftir. Bu bak\u0131\u015f a\u00e7\u0131s\u0131yla, Hun tarihinin incelenmesinin tarihimizdeki \u00f6nemli bir ihtiyac\u0131 kar\u015f\u0131layaca\u011f\u0131 d\u00fc\u015f\u00fcncesindeyim.<\/p>\n","protected":false},"excerpt":{"rendered":"<p>Bu kitapta T\u00fcrklerin k\u00f6keni, T\u00fcrk ad\u0131n\u0131n anlam\u0131, T\u00fcrk\u00e7\u00fcl\u00fck, Turanc\u0131l\u0131k ve T\u00fcrklerin M\u00d6 2.000\u2019li y\u0131llardan gelen tarihi; Asya Hunlar\u0131 [M\u00d6 209- MS 216] ve Ak Hunlar [MS<span class=\"excerpt-hellip\"> [\u2026]<\/span><\/p>\n","protected":false},"featured_media":0,"template":"","meta":{"_monsterinsights_skip_tracking":false,"_monsterinsights_sitenote_active":false,"_monsterinsights_sitenote_note":"","_monsterinsights_sitenote_category":0},"product_brand":[],"product_cat":[12304,13650],"product_tag":[],"class_list":{"0":"post-721108","1":"product","2":"type-product","3":"status-publish","5":"product_cat-tarih","6":"product_cat-turk-tarihi-arastirmalari","7":"pa_cilt-ciltsiz","8":"pa_tur-kitap","9":"pa_yayinevi-altinordu-yayinlari","10":"pa_yazar-erkan-hacifazlioglu","12":"first","13":"instock","14":"sale","15":"shipping-taxable","16":"purchasable","17":"product-type-simple"},"_links":{"self":[{"href":"https:\/\/roveyayinevi.com.tr\/index.php\/wp-json\/wp\/v2\/product\/721108","targetHints":{"allow":["GET"]}}],"collection":[{"href":"https:\/\/roveyayinevi.com.tr\/index.php\/wp-json\/wp\/v2\/product"}],"about":[{"href":"https:\/\/roveyayinevi.com.tr\/index.php\/wp-json\/wp\/v2\/types\/product"}],"wp:attachment":[{"href":"https:\/\/roveyayinevi.com.tr\/index.php\/wp-json\/wp\/v2\/media?parent=721108"}],"wp:term":[{"taxonomy":"product_brand","embeddable":true,"href":"https:\/\/roveyayinevi.com.tr\/index.php\/wp-json\/wp\/v2\/product_brand?post=721108"},{"taxonomy":"product_cat","embeddable":true,"href":"https:\/\/roveyayinevi.com.tr\/index.php\/wp-json\/wp\/v2\/product_cat?post=721108"},{"taxonomy":"product_tag","embeddable":true,"href":"https:\/\/roveyayinevi.com.tr\/index.php\/wp-json\/wp\/v2\/product_tag?post=721108"}],"curies":[{"name":"wp","href":"https:\/\/api.w.org\/{rel}","templated":true}]}}