{"id":721105,"date":"2025-08-27T18:45:36","date_gmt":"2025-08-27T15:45:36","guid":{"rendered":"https:\/\/roveyayinevi.com.tr\/index.php\/urun\/imparatorlugun-son-kalesi\/"},"modified":"2025-10-22T05:33:02","modified_gmt":"2025-10-22T02:33:02","slug":"imparatorlugun-son-kalesi","status":"publish","type":"product","link":"https:\/\/roveyayinevi.com.tr\/index.php\/urun\/imparatorlugun-son-kalesi\/","title":{"rendered":"\u0130mparatorlu\u011fun Son Kalesi"},"content":{"rendered":"<p>Yak\u0131n tarihimizin efsane karakterlerinden Kaz\u0131m Karabekir pa\u015fam\u0131z\u0131n hayat\u0131n\u0131n bir kesitinin i\u015flendi\u011fi kitap, ayn\u0131 zamanda imparatorluktan cumhuriyete ge\u00e7i\u015fte \u00fczerinde uzun tart\u0131\u015fmalar\u0131n yap\u0131ld\u0131\u011f\u0131 bir d\u00f6nemi de kapsamaktad\u0131r. Karabekir pa\u015fan\u0131n, Enver pa\u015fa ile birlikte, \u0130ttihat ve Terakkinin Manast\u0131r \u015fubesini te\u015fekk\u00fcl\u00fc esnas\u0131nda \u00e7ektikleri s\u0131k\u0131nt\u0131lar ve ba\u015fard\u0131klar\u0131, \u0130mparatorlu\u011fun Son Kalesi adl\u0131 elinizdeki eserde, tarihi kaynaklara sad\u0131k kal\u0131narak i\u015flenmi\u015ftir. Gen\u00e7 ve de\u011ferli yazar Caner \u00c7\u0130\u00c7EK\u2019in romanla\u015ft\u0131rarak bu tarihi kesiti g\u00f6z\u00fcm\u00fcz\u00fcn \u00f6n\u00fcnde canland\u0131rmas\u0131, genel okuyucu i\u00e7in fevkalade ufuk a\u00e7\u0131c\u0131 olma iddias\u0131 ta\u015f\u0131maktad\u0131r. Tarafs\u0131zl\u0131\u011f\u0131, yan\u0131 s\u0131ra belgelere sadakati ile de doyurucu olan bu eser, \u00f6ylesine ak\u0131c\u0131 bir usl\u00fcp ile verilmi\u015ftir ki, kendimi adeta o g\u00fcnleri ya\u015fayan bir ittihat\u00e7i gibi hissetmeme neden olmu\u015ftur.  Caner \u00c7\u0130\u00c7EK\u2019i kutluyor ve bu minvalde \u00e7al\u0131\u015fmalar\u0131n\u0131n devam\u0131n\u0131 merakla bekleyece\u011fimi ifade etmek istiyorum. Prof. Dr.Mim Kemal \u00d6KE  <\/p>\n","protected":false},"excerpt":{"rendered":"<p>Yak\u0131n tarihimizin efsane karakterlerinden Kaz\u0131m Karabekir pa\u015fam\u0131z\u0131n hayat\u0131n\u0131n bir kesitinin i\u015flendi\u011fi kitap, ayn\u0131 zamanda imparatorluktan cumhuriyete ge\u00e7i\u015fte \u00fczerinde uzun tart\u0131\u015fmalar\u0131n yap\u0131ld\u0131\u011f\u0131 bir d\u00f6nemi de kapsamaktad\u0131r. Karabekir<span class=\"excerpt-hellip\"> [\u2026]<\/span><\/p>\n","protected":false},"featured_media":0,"template":"","meta":{"_monsterinsights_skip_tracking":false,"_monsterinsights_sitenote_active":false,"_monsterinsights_sitenote_note":"","_monsterinsights_sitenote_category":0},"product_brand":[],"product_cat":[12291,12745],"product_tag":[],"class_list":{"0":"post-721105","1":"product","2":"type-product","3":"status-publish","5":"product_cat-edebiyat","6":"product_cat-tarihi-roman","7":"pa_cilt-ciltsiz","8":"pa_tur-kitap","9":"pa_yayinevi-cinaralti-yayinlari","10":"pa_yazar-caner-cicekdagi","12":"first","13":"instock","14":"sale","15":"shipping-taxable","16":"purchasable","17":"product-type-simple"},"_links":{"self":[{"href":"https:\/\/roveyayinevi.com.tr\/index.php\/wp-json\/wp\/v2\/product\/721105","targetHints":{"allow":["GET"]}}],"collection":[{"href":"https:\/\/roveyayinevi.com.tr\/index.php\/wp-json\/wp\/v2\/product"}],"about":[{"href":"https:\/\/roveyayinevi.com.tr\/index.php\/wp-json\/wp\/v2\/types\/product"}],"wp:attachment":[{"href":"https:\/\/roveyayinevi.com.tr\/index.php\/wp-json\/wp\/v2\/media?parent=721105"}],"wp:term":[{"taxonomy":"product_brand","embeddable":true,"href":"https:\/\/roveyayinevi.com.tr\/index.php\/wp-json\/wp\/v2\/product_brand?post=721105"},{"taxonomy":"product_cat","embeddable":true,"href":"https:\/\/roveyayinevi.com.tr\/index.php\/wp-json\/wp\/v2\/product_cat?post=721105"},{"taxonomy":"product_tag","embeddable":true,"href":"https:\/\/roveyayinevi.com.tr\/index.php\/wp-json\/wp\/v2\/product_tag?post=721105"}],"curies":[{"name":"wp","href":"https:\/\/api.w.org\/{rel}","templated":true}]}}