{"id":721104,"date":"2025-08-27T18:45:35","date_gmt":"2025-08-27T15:45:35","guid":{"rendered":"https:\/\/roveyayinevi.com.tr\/index.php\/urun\/adi-mutluluk\/"},"modified":"2026-04-16T02:29:15","modified_gmt":"2026-04-15T23:29:15","slug":"adi-mutluluk","status":"publish","type":"product","link":"https:\/\/roveyayinevi.com.tr\/index.php\/urun\/adi-mutluluk\/","title":{"rendered":"Ad\u0131; Mutluluk"},"content":{"rendered":"<p>Marketin hemen yan\u0131nda bulunan evin basama\u011f\u0131nda oturuyordu. \u201cAd\u0131n ne?\u201d dedim \u00e7ocu\u011fa. \u201cMutlu\u201d dedi. \u201cNe g\u00fczel ismin varm\u0131\u015f.\u201d dedim. \u201cBen se\u00e7tim.\u201d dedi. \u201cNas\u0131l yani?\u201d dedim. G\u00f6zlerimin i\u00e7ine bakt\u0131, Sessizce g\u00fcl\u00fcmsedi: \u201c\u00d6yle i\u015fte!\u201d dedi. \u201cSana top alay\u0131m m\u0131?\u201d dedim. \u201c\u00c7ikolata daha iyi.\u201d dedi. \u201cBekle\u201d dedim. Tekrar markete girip \u00e7ikolatay\u0131 ald\u0131m, \u00c7ocu\u011fa uzatt\u0131m:  \u201cAl bakal\u0131m\u2026\u201d O s\u0131rada evin kap\u0131s\u0131 a\u00e7\u0131ld\u0131, i\u00e7eriden bir kad\u0131n \u00e7\u0131kt\u0131. Elinde tuttu\u011fu bir \u00e7ift koltuk de\u011fne\u011fini \u00e7ocu\u011fa uzatt\u0131: \u201cAl bakal\u0131m Efeci\u011fim, art\u0131k gidebiliriz.\u201d \u00c7ocuk de\u011fneklere tutunarak do\u011fruldu ve uzakla\u015ft\u0131lar. Arkalar\u0131ndan bakarken anlad\u0131m ki; &#8220;MUTLU\u201d OLMAK, B\u0130R SE\u00c7\u0130MD\u0130R\u2026<\/p>\n","protected":false},"excerpt":{"rendered":"<p>Marketin hemen yan\u0131nda bulunan evin basama\u011f\u0131nda oturuyordu. \u201cAd\u0131n ne?\u201d dedim \u00e7ocu\u011fa. \u201cMutlu\u201d dedi. \u201cNe g\u00fczel ismin varm\u0131\u015f.\u201d dedim. \u201cBen se\u00e7tim.\u201d dedi. \u201cNas\u0131l yani?\u201d dedim. G\u00f6zlerimin i\u00e7ine<span class=\"excerpt-hellip\"> [\u2026]<\/span><\/p>\n","protected":false},"featured_media":0,"template":"","meta":{"_monsterinsights_skip_tracking":false,"_monsterinsights_sitenote_active":false,"_monsterinsights_sitenote_note":"","_monsterinsights_sitenote_category":0},"product_brand":[],"product_cat":[12364,12376],"product_tag":[],"class_list":{"0":"post-721104","1":"product","2":"type-product","3":"status-publish","5":"product_cat-genel-konular","6":"product_cat-kisisel-gelisim","7":"pa_cilt-ciltsiz","8":"pa_tur-kitap","9":"pa_yayinevi-cinaralti-yayinlari","10":"pa_yazar-gulbeniz-akduman-gulnaz-karahan","12":"first","13":"instock","14":"sale","15":"shipping-taxable","16":"purchasable","17":"product-type-simple"},"_links":{"self":[{"href":"https:\/\/roveyayinevi.com.tr\/index.php\/wp-json\/wp\/v2\/product\/721104","targetHints":{"allow":["GET"]}}],"collection":[{"href":"https:\/\/roveyayinevi.com.tr\/index.php\/wp-json\/wp\/v2\/product"}],"about":[{"href":"https:\/\/roveyayinevi.com.tr\/index.php\/wp-json\/wp\/v2\/types\/product"}],"wp:attachment":[{"href":"https:\/\/roveyayinevi.com.tr\/index.php\/wp-json\/wp\/v2\/media?parent=721104"}],"wp:term":[{"taxonomy":"product_brand","embeddable":true,"href":"https:\/\/roveyayinevi.com.tr\/index.php\/wp-json\/wp\/v2\/product_brand?post=721104"},{"taxonomy":"product_cat","embeddable":true,"href":"https:\/\/roveyayinevi.com.tr\/index.php\/wp-json\/wp\/v2\/product_cat?post=721104"},{"taxonomy":"product_tag","embeddable":true,"href":"https:\/\/roveyayinevi.com.tr\/index.php\/wp-json\/wp\/v2\/product_tag?post=721104"}],"curies":[{"name":"wp","href":"https:\/\/api.w.org\/{rel}","templated":true}]}}