{"id":721096,"date":"2025-08-27T18:45:29","date_gmt":"2025-08-27T15:45:29","guid":{"rendered":"https:\/\/roveyayinevi.com.tr\/index.php\/urun\/pessoa-pessoayi-anlatiyor\/"},"modified":"2025-10-20T05:27:59","modified_gmt":"2025-10-20T02:27:59","slug":"pessoa-pessoayi-anlatiyor","status":"publish","type":"product","link":"https:\/\/roveyayinevi.com.tr\/index.php\/urun\/pessoa-pessoayi-anlatiyor\/","title":{"rendered":"Pessoa Pessoa&#8217;y\u0131 Anlat\u0131yor"},"content":{"rendered":"<p>Fernando Pessoa geride b\u0131rakt\u0131\u011f\u0131m\u0131z y\u00fczy\u0131l\u0131n k\u0131sac\u0131k bir zaman dilimine say\u0131s\u0131 tam saptanamayan yazar ki\u015filiklerini ve \u015fiirden \u00f6yk\u00fcye, tiyatro oyunundan d\u00fc\u015f\u00fcnce metnine dek binlerce sayfal\u0131k eseri s\u0131\u011fd\u0131rm\u0131\u015f, edebiyat tarihinin en \u00f6zg\u00fcn \u015fahsiyetlerinden biridir.Pessoa&#8217;n\u0131n olays\u0131z diye niteledi\u011fi ve neredeyse okuma yazma \u00f6\u011frendi\u011fi andan \u00f6l\u00fcm\u00fcne dek tuttu\u011fu g\u00fcnl\u00fcklerle, say\u0131s\u0131z not ve elyazmas\u0131yla bir sanat eserine d\u00f6n\u00fc\u015ft\u00fcrd\u00fc\u011f\u00fc bu ya\u015fam\u00f6yk\u00fcs\u00fc, derin ruhsal \u00e7alkant\u0131larla dolu, sanat\u0131n, edebiyat\u0131n ve d\u00fc\u015f\u00fcncenin her alan\u0131na m\u00fcdahaleleriyle \u015fekillenmi\u015f, ba\u015fl\u0131 ba\u015f\u0131na bir yarat\u0131 olmay\u0131 ama\u00e7lam\u0131\u015f bir ya\u015fam\u0131n anlat\u0131s\u0131d\u0131r.Yazar\u0131n g\u00fcnl\u00fcklerinden, notlar\u0131ndan ve mektuplar\u0131ndan olu\u015fa n, hayali ve ger\u00e7ek ki\u015filikleriyle kurgulad\u0131\u011f\u0131 metin par\u00e7ac\u0131klar\u0131ndan olu\u015fan bu derleme, Pessoa evreninin kap\u0131s\u0131n\u0131 a\u00e7arken d\u00f6nemleriyle, ki\u015fili\u011fi ve ki\u015filikleriyle, d\u00fcnyas\u0131yla tan\u0131\u015fmam\u0131z\u0131 sa\u011fl\u0131yor.<\/p>\n","protected":false},"excerpt":{"rendered":"<p>Fernando Pessoa geride b\u0131rakt\u0131\u011f\u0131m\u0131z y\u00fczy\u0131l\u0131n k\u0131sac\u0131k bir zaman dilimine say\u0131s\u0131 tam saptanamayan yazar ki\u015filiklerini ve \u015fiirden \u00f6yk\u00fcye, tiyatro oyunundan d\u00fc\u015f\u00fcnce metnine dek binlerce sayfal\u0131k eseri s\u0131\u011fd\u0131rm\u0131\u015f,<span class=\"excerpt-hellip\"> [\u2026]<\/span><\/p>\n","protected":false},"featured_media":0,"template":"","meta":{"_monsterinsights_skip_tracking":false,"_monsterinsights_sitenote_active":false,"_monsterinsights_sitenote_note":"","_monsterinsights_sitenote_category":0},"product_brand":[],"product_cat":[27157,12291],"product_tag":[],"class_list":{"0":"post-721096","1":"product","2":"type-product","3":"status-publish","5":"product_cat-derleme","6":"product_cat-edebiyat","7":"pa_cilt-ciltsiz","8":"pa_tur-kitap","9":"pa_yayinevi-sel-yayincilik","10":"pa_yazar-fernando-pessoa","12":"first","13":"instock","14":"sale","15":"shipping-taxable","16":"purchasable","17":"product-type-simple"},"_links":{"self":[{"href":"https:\/\/roveyayinevi.com.tr\/index.php\/wp-json\/wp\/v2\/product\/721096","targetHints":{"allow":["GET"]}}],"collection":[{"href":"https:\/\/roveyayinevi.com.tr\/index.php\/wp-json\/wp\/v2\/product"}],"about":[{"href":"https:\/\/roveyayinevi.com.tr\/index.php\/wp-json\/wp\/v2\/types\/product"}],"wp:attachment":[{"href":"https:\/\/roveyayinevi.com.tr\/index.php\/wp-json\/wp\/v2\/media?parent=721096"}],"wp:term":[{"taxonomy":"product_brand","embeddable":true,"href":"https:\/\/roveyayinevi.com.tr\/index.php\/wp-json\/wp\/v2\/product_brand?post=721096"},{"taxonomy":"product_cat","embeddable":true,"href":"https:\/\/roveyayinevi.com.tr\/index.php\/wp-json\/wp\/v2\/product_cat?post=721096"},{"taxonomy":"product_tag","embeddable":true,"href":"https:\/\/roveyayinevi.com.tr\/index.php\/wp-json\/wp\/v2\/product_tag?post=721096"}],"curies":[{"name":"wp","href":"https:\/\/api.w.org\/{rel}","templated":true}]}}