{"id":721080,"date":"2025-08-27T18:45:19","date_gmt":"2025-08-27T15:45:19","guid":{"rendered":"https:\/\/roveyayinevi.com.tr\/index.php\/urun\/hambahar\/"},"modified":"2026-04-16T02:29:15","modified_gmt":"2026-04-15T23:29:15","slug":"hambahar","status":"publish","type":"product","link":"https:\/\/roveyayinevi.com.tr\/index.php\/urun\/hambahar\/","title":{"rendered":"Hambahar"},"content":{"rendered":"<p>Sizi bilmem Pazartesi&#8217;den sonra Sal\u0131&#8217;n\u0131n gelmesi Kabak tad\u0131 verdi bana Bir abak\u00fcs k\u0131rg\u0131nl\u0131\u011f\u0131d\u0131r art\u0131k Fas\u00fclyeden a\u015fklar Nohuttan ayr\u0131l\u0131klar Sen de biliyorsun Hepsinin bir de\u011feri var Taa i\u00e7inde \u0130ki duble rak\u0131 i\u00e7tim Soka\u011fa \u00e7\u0131kt\u0131m insans\u0131z Hassiktir Yine mi ay\u0131\u015f\u0131\u011f\u0131 <\/p>\n","protected":false},"excerpt":{"rendered":"<p>Sizi bilmem Pazartesi&#8217;den sonra Sal\u0131&#8217;n\u0131n gelmesi Kabak tad\u0131 verdi bana Bir abak\u00fcs k\u0131rg\u0131nl\u0131\u011f\u0131d\u0131r art\u0131k Fas\u00fclyeden a\u015fklar Nohuttan ayr\u0131l\u0131klar Sen de biliyorsun Hepsinin bir de\u011feri var Taa<span class=\"excerpt-hellip\"> [\u2026]<\/span><\/p>\n","protected":false},"featured_media":0,"template":"","meta":{"_monsterinsights_skip_tracking":false,"_monsterinsights_sitenote_active":false,"_monsterinsights_sitenote_note":"","_monsterinsights_sitenote_category":0},"product_brand":[],"product_cat":[12291,12509],"product_tag":[],"class_list":{"0":"post-721080","1":"product","2":"type-product","3":"status-publish","5":"product_cat-edebiyat","6":"product_cat-siir","7":"pa_cilt-ciltsiz","8":"pa_tur-kitap","9":"pa_yayinevi-favori-yayinlari","10":"pa_yazar-nazmi-kutluer","12":"first","13":"instock","14":"sale","15":"shipping-taxable","16":"purchasable","17":"product-type-simple"},"_links":{"self":[{"href":"https:\/\/roveyayinevi.com.tr\/index.php\/wp-json\/wp\/v2\/product\/721080","targetHints":{"allow":["GET"]}}],"collection":[{"href":"https:\/\/roveyayinevi.com.tr\/index.php\/wp-json\/wp\/v2\/product"}],"about":[{"href":"https:\/\/roveyayinevi.com.tr\/index.php\/wp-json\/wp\/v2\/types\/product"}],"wp:attachment":[{"href":"https:\/\/roveyayinevi.com.tr\/index.php\/wp-json\/wp\/v2\/media?parent=721080"}],"wp:term":[{"taxonomy":"product_brand","embeddable":true,"href":"https:\/\/roveyayinevi.com.tr\/index.php\/wp-json\/wp\/v2\/product_brand?post=721080"},{"taxonomy":"product_cat","embeddable":true,"href":"https:\/\/roveyayinevi.com.tr\/index.php\/wp-json\/wp\/v2\/product_cat?post=721080"},{"taxonomy":"product_tag","embeddable":true,"href":"https:\/\/roveyayinevi.com.tr\/index.php\/wp-json\/wp\/v2\/product_tag?post=721080"}],"curies":[{"name":"wp","href":"https:\/\/api.w.org\/{rel}","templated":true}]}}