{"id":721056,"date":"2025-08-27T18:45:02","date_gmt":"2025-08-27T15:45:02","guid":{"rendered":"https:\/\/roveyayinevi.com.tr\/index.php\/urun\/camcinin-iti\/"},"modified":"2025-12-30T10:26:36","modified_gmt":"2025-12-30T07:26:36","slug":"camcinin-iti","status":"publish","type":"product","link":"https:\/\/roveyayinevi.com.tr\/index.php\/urun\/camcinin-iti\/","title":{"rendered":"Camc\u0131n\u0131n \u0130ti"},"content":{"rendered":"<p>Kayg\u0131dan uzak ser\u00fcvenler ya\u015fatmay\u0131 d\u00fc\u015f\u00fcnmedim. Ortado\u011fu ve bat\u0131dan bombard\u0131man gibi \u00fczerimize gelen k\u00fclt\u00fcr\u00fcn \u00f6l\u00e7\u00fctleri ile g\u00f6sterilen b\u00fcy\u00fck resim i\u00e7erisinde yerimizi al\u0131rken, arka planda ask\u0131ya al\u0131nm\u0131\u015f ya\u015famlar\u0131m\u0131z\u0131n idamesinde ki\u015fisel sorunlar\u0131m\u0131z\u0131n bilincine varmadan ak\u0131p gidiyordu zaman. \u0130\u015fte bu ba\u011flam i\u00e7erisinde, \u00f6fkelerini kaybedip efsuna bulanm\u0131\u015f hayal d\u00fcnyas\u0131 ile dev\u015firilen insanlar\u0131m\u0131z\u0131n birle\u015ftirilmi\u015f e\u011fretileme ile olu\u015fturulan sarsak ya\u015famlar\u0131 i\u00e7erisinde yitirdi\u011fi ulusal kimli\u011finin getirisi olan hareket kayb\u0131n\u0131n yol a\u00e7t\u0131\u011f\u0131 zaman hovardal\u0131\u011f\u0131 ka\u00e7\u0131n\u0131lmaz sondu. Yok olma kayg\u0131s\u0131yla \u00f6nemsenebilmek i\u00e7in, ki\u015filere ve olaylara yabanc\u0131l\u0131k duyarak ki\u015fisel dramlar\u0131n\u0131 g\u00f6m\u00fctlere g\u00f6men insanlar\u0131m\u0131z\u0131n y\u00fcrekleri hoplatarak \u00f6m\u00fcr t\u00f6rp\u00fcleyen gerilimler e\u015fli\u011finde ya\u015fad\u0131\u011f\u0131 tersime ile i\u00e7inde do\u011fup b\u00fcy\u00fcd\u00fc\u011f\u00fcm\u00fcz toplumun gittik\u00e7e yabanc\u0131la\u015fmas\u0131na \u015fiir dili kullan\u0131larak verilen tepkidir i\u015f bu kitap&#8230; <\/p>\n","protected":false},"excerpt":{"rendered":"<p>Kayg\u0131dan uzak ser\u00fcvenler ya\u015fatmay\u0131 d\u00fc\u015f\u00fcnmedim. Ortado\u011fu ve bat\u0131dan bombard\u0131man gibi \u00fczerimize gelen k\u00fclt\u00fcr\u00fcn \u00f6l\u00e7\u00fctleri ile g\u00f6sterilen b\u00fcy\u00fck resim i\u00e7erisinde yerimizi al\u0131rken, arka planda ask\u0131ya al\u0131nm\u0131\u015f ya\u015famlar\u0131m\u0131z\u0131n<span class=\"excerpt-hellip\"> [\u2026]<\/span><\/p>\n","protected":false},"featured_media":0,"template":"","meta":{"_monsterinsights_skip_tracking":false,"_monsterinsights_sitenote_active":false,"_monsterinsights_sitenote_note":"","_monsterinsights_sitenote_category":0},"product_brand":[],"product_cat":[12291,12509],"product_tag":[],"class_list":{"0":"post-721056","1":"product","2":"type-product","3":"status-publish","5":"product_cat-edebiyat","6":"product_cat-siir","7":"pa_cilt-ciltsiz","8":"pa_tur-kitap","9":"pa_yayinevi-favori-yayinlari","10":"pa_yazar-mennan-akturk","12":"first","13":"instock","14":"sale","15":"shipping-taxable","16":"purchasable","17":"product-type-simple"},"_links":{"self":[{"href":"https:\/\/roveyayinevi.com.tr\/index.php\/wp-json\/wp\/v2\/product\/721056","targetHints":{"allow":["GET"]}}],"collection":[{"href":"https:\/\/roveyayinevi.com.tr\/index.php\/wp-json\/wp\/v2\/product"}],"about":[{"href":"https:\/\/roveyayinevi.com.tr\/index.php\/wp-json\/wp\/v2\/types\/product"}],"wp:attachment":[{"href":"https:\/\/roveyayinevi.com.tr\/index.php\/wp-json\/wp\/v2\/media?parent=721056"}],"wp:term":[{"taxonomy":"product_brand","embeddable":true,"href":"https:\/\/roveyayinevi.com.tr\/index.php\/wp-json\/wp\/v2\/product_brand?post=721056"},{"taxonomy":"product_cat","embeddable":true,"href":"https:\/\/roveyayinevi.com.tr\/index.php\/wp-json\/wp\/v2\/product_cat?post=721056"},{"taxonomy":"product_tag","embeddable":true,"href":"https:\/\/roveyayinevi.com.tr\/index.php\/wp-json\/wp\/v2\/product_tag?post=721056"}],"curies":[{"name":"wp","href":"https:\/\/api.w.org\/{rel}","templated":true}]}}