{"id":721043,"date":"2025-08-27T18:44:54","date_gmt":"2025-08-27T15:44:54","guid":{"rendered":"https:\/\/roveyayinevi.com.tr\/index.php\/urun\/emoji-guncesi\/"},"modified":"2026-04-16T02:29:14","modified_gmt":"2026-04-15T23:29:14","slug":"emoji-guncesi","status":"publish","type":"product","link":"https:\/\/roveyayinevi.com.tr\/index.php\/urun\/emoji-guncesi\/","title":{"rendered":"Emoji G\u00fcncesi"},"content":{"rendered":"<p>Ekin, g\u00fcler y\u00fczl\u00fc, en sevdi\u011fi harf \u201c\u011f\u201d olan, ilgin\u00e7 deneyler yapan merakl\u0131 bir \u00e7ocuk. \u015eimdi Ekin i\u00e7in yeni bir deney zaman\u0131. Bu gizemli deneyinde se\u00e7ti\u011fi farkl\u0131 bir emojinin duygusunu bir g\u00fcn boyunca ya\u015fayacak. \u00dcz\u00fclecek, g\u00fclecek, \u015fa\u015f\u0131racak, dans edecek, \u015fark\u0131 s\u00f6yleyecek&#8230;Ama deneyinden hi\u00e7 kimseye bahsetmeyecek. Zorlu, bir o kadar da komik bir macera seni bekliyor. Bakal\u0131m, Ekin deneyini tamamlayabilecek mi? Ekin\u2019in gizli deneyini fark edecekler mi?Ekin, emojilere g\u00f6re duygular\u0131n\u0131 planlayabilecek mi?<\/p>\n","protected":false},"excerpt":{"rendered":"<p>Ekin, g\u00fcler y\u00fczl\u00fc, en sevdi\u011fi harf \u201c\u011f\u201d olan, ilgin\u00e7 deneyler yapan merakl\u0131 bir \u00e7ocuk. \u015eimdi Ekin i\u00e7in yeni bir deney zaman\u0131. Bu gizemli deneyinde se\u00e7ti\u011fi farkl\u0131<span class=\"excerpt-hellip\"> [\u2026]<\/span><\/p>\n","protected":false},"featured_media":0,"template":"","meta":{"_monsterinsights_skip_tracking":false,"_monsterinsights_sitenote_active":false,"_monsterinsights_sitenote_note":"","_monsterinsights_sitenote_category":0},"product_brand":[],"product_cat":[12274,12284],"product_tag":[],"class_list":{"0":"post-721043","1":"product","2":"type-product","3":"status-publish","5":"product_cat-cocuk-ve-genclik-kitaplari","6":"product_cat-hikayeler","7":"pa_cilt-ciltsiz","8":"pa_tur-kitap","9":"pa_yayinevi-mandolin-yayinlari","10":"pa_yazar-sefa-ceran-ozturk","12":"first","13":"instock","14":"sale","15":"shipping-taxable","16":"purchasable","17":"product-type-simple"},"_links":{"self":[{"href":"https:\/\/roveyayinevi.com.tr\/index.php\/wp-json\/wp\/v2\/product\/721043","targetHints":{"allow":["GET"]}}],"collection":[{"href":"https:\/\/roveyayinevi.com.tr\/index.php\/wp-json\/wp\/v2\/product"}],"about":[{"href":"https:\/\/roveyayinevi.com.tr\/index.php\/wp-json\/wp\/v2\/types\/product"}],"wp:attachment":[{"href":"https:\/\/roveyayinevi.com.tr\/index.php\/wp-json\/wp\/v2\/media?parent=721043"}],"wp:term":[{"taxonomy":"product_brand","embeddable":true,"href":"https:\/\/roveyayinevi.com.tr\/index.php\/wp-json\/wp\/v2\/product_brand?post=721043"},{"taxonomy":"product_cat","embeddable":true,"href":"https:\/\/roveyayinevi.com.tr\/index.php\/wp-json\/wp\/v2\/product_cat?post=721043"},{"taxonomy":"product_tag","embeddable":true,"href":"https:\/\/roveyayinevi.com.tr\/index.php\/wp-json\/wp\/v2\/product_tag?post=721043"}],"curies":[{"name":"wp","href":"https:\/\/api.w.org\/{rel}","templated":true}]}}