{"id":721033,"date":"2025-08-27T18:44:46","date_gmt":"2025-08-27T15:44:46","guid":{"rendered":"https:\/\/roveyayinevi.com.tr\/index.php\/urun\/turk-kultur-cografyasi\/"},"modified":"2026-04-16T02:29:14","modified_gmt":"2026-04-15T23:29:14","slug":"turk-kultur-cografyasi","status":"publish","type":"product","link":"https:\/\/roveyayinevi.com.tr\/index.php\/urun\/turk-kultur-cografyasi\/","title":{"rendered":"T\u00fcrk K\u00fclt\u00fcr Co\u011frafyas\u0131"},"content":{"rendered":"<p>Bu \u00e7al\u0131\u015fmada T\u00fcrk k\u00fclt\u00fcr co\u011frafyas\u0131n\u0131n ana kaynaklar\u0131ndan T\u00fcrk halk bilimi ve gelenekli T\u00fcrk edebiyat\u0131, f\u00fct\u00fcvvet-n\u00e2meler, \u00f6l\u00e7\u00fcl\u00fc s\u00f6zler, manzum bilmeceler, ikincil s\u00f6zl\u00fc k\u00fclt\u00fcr ba\u011flam\u0131nda Ne\u015fet Erta\u015f\u2019\u0131n t\u00fcrk\u00fc da\u011farc\u0131\u011f\u0131, \u00e2\u015f\u0131k edebiyat\u0131 ve yerle\u015fim adlar\u0131 konulu ara\u015ft\u0131rmalara\/incelemelere yer verilmektedir. T\u00fcrk K\u00fclt\u00fcr Co\u011frafyas\u0131 &#8211; Halk Bilimi ve Edebiyat Ara\u015ft\u0131rmalar\u0131 adl\u0131 bu kitap; \u201cT\u00fcrk K\u00fclt\u00fcr Co\u011frafyas\u0131n\u0131n Ana Kaynaklar\u0131\u201d, \u201cF\u00fct\u00fcvvet K\u00fclt\u00fcr\u00fc ve Bu K\u00fclt\u00fcr\u00fcn K\u00f6kenleri\u201d, \u201cManzum S\u00f6z Varl\u0131\u011f\u0131 ve T\u00fcrk\u00fc K\u00fclt\u00fcr\u00fc\u201d, \u201cCo\u011frafyay\u0131 Vatanla\u015ft\u0131rma ve Ad Verme K\u00fclt\u00fcr\u00fc\u201d ba\u015fl\u0131klar\u0131n\u0131 ta\u015f\u0131yan d\u00f6rt b\u00f6l\u00fcmden olu\u015fmaktad\u0131r.S\u00f6zl\u00fc k\u00fclt\u00fcr ve edebiyat kaynakl\u0131 T\u00fcrk k\u00fclt\u00fcr\u00fc \u201colu\u015fturucusu bilinmeyen \/ unutulan\u201d de\u011fil, y\u00fczy\u0131llar boyunca T\u00fcrk milleti taraf\u0131ndan benimsenen ve olu\u015fumuna az \/ \u00e7ok katk\u0131da bulunulan ortak k\u00fclt\u00fcrd\u00fcr. Bu k\u00fclt\u00fcr \u00fcr\u00fcnlerinin ilk s\u00f6yleyicileri de\u011fil, T\u00fcrk milleti taraf\u0131ndan sahiplenili\u015fi ve her s\u00f6yleni\u015fte az \/ \u00e7ok katk\u0131da bulunulu\u015fu vurgulan\u0131rsa \u00e7a\u011fda\u015f halk bilimi yakla\u015f\u0131mlar\u0131na da uygun davran\u0131lm\u0131\u015f olur. Bu \u00fcr\u00fcnler T\u00fcrk milleti taraf\u0131ndan benimsendi\u011fi ve \u00f6z\u00fcn\u00fc de\u011fi\u015ftirmeden her \u00e7a\u011fa ve mek\u00e2na uyarlanarak yeniden olu\u015fturuldu\u011fu i\u00e7in \u201cortak k\u00fclt\u00fcr miras\u0131\u201d kapsam\u0131nda de\u011ferlendirilir. T\u00fcrk k\u00fclt\u00fcr co\u011frafyas\u0131n\u0131n temelini de bu ortak k\u00fclt\u00fcr miras\u0131 olu\u015fturur. \u00c7\u00fcnk\u00fc ortak T\u00fcrk k\u00fclt\u00fcr\u00fc ve edebiyat\u0131 olmasayd\u0131 T\u00fcrk k\u00fclt\u00fcr co\u011frafyas\u0131n\u0131 olu\u015fturan T\u00fcrk milletinden ve d\u00fcnyan\u0131n de\u011fi\u015fik yerlerinde ya\u015fayan T\u00fcrk boylar\u0131n\u0131n, akraba topluluklar\u0131n\u0131n olu\u015fturdu\u011fu bir \u201cT\u00fcrk D\u00fcnyas\u0131\u201dndan da s\u00f6z edilemezdi.Bu fikirler \u0131\u015f\u0131\u011f\u0131nda, T\u00fcrk halk bilimi ve edebiyat alan\u0131ndaki ara\u015ft\u0131rmalar\u0131n bir k\u0131sm\u0131yla olu\u015fturulan bu kitab\u0131n T\u00fcrk dili ve edebiyat\u0131 ara\u015ft\u0131rmac\u0131lar\u0131 ile birlikte T\u00fcrk k\u00fclt\u00fcr\u00fcne, T\u00fcrk edebiyat\u0131na ilgi duyan herkese yararl\u0131 olaca\u011f\u0131 umulmaktad\u0131r.<\/p>\n","protected":false},"excerpt":{"rendered":"<p>Bu \u00e7al\u0131\u015fmada T\u00fcrk k\u00fclt\u00fcr co\u011frafyas\u0131n\u0131n ana kaynaklar\u0131ndan T\u00fcrk halk bilimi ve gelenekli T\u00fcrk edebiyat\u0131, f\u00fct\u00fcvvet-n\u00e2meler, \u00f6l\u00e7\u00fcl\u00fc s\u00f6zler, manzum bilmeceler, ikincil s\u00f6zl\u00fc k\u00fclt\u00fcr ba\u011flam\u0131nda Ne\u015fet Erta\u015f\u2019\u0131n t\u00fcrk\u00fc<span class=\"excerpt-hellip\"> [\u2026]<\/span><\/p>\n","protected":false},"featured_media":0,"template":"","meta":{"_monsterinsights_skip_tracking":false,"_monsterinsights_sitenote_active":false,"_monsterinsights_sitenote_note":"","_monsterinsights_sitenote_category":0},"product_brand":[],"product_cat":[13072,12291],"product_tag":[],"class_list":{"0":"post-721033","1":"product","2":"type-product","3":"status-publish","5":"product_cat-arastirma-inceleme-referans","6":"product_cat-edebiyat","7":"pa_cilt-ciltsiz","8":"pa_tur-kitap","9":"pa_yayinevi-otuken-nesriyat","10":"pa_yazar-bayram-durbilmez","12":"first","13":"instock","14":"sale","15":"shipping-taxable","16":"purchasable","17":"product-type-simple"},"_links":{"self":[{"href":"https:\/\/roveyayinevi.com.tr\/index.php\/wp-json\/wp\/v2\/product\/721033","targetHints":{"allow":["GET"]}}],"collection":[{"href":"https:\/\/roveyayinevi.com.tr\/index.php\/wp-json\/wp\/v2\/product"}],"about":[{"href":"https:\/\/roveyayinevi.com.tr\/index.php\/wp-json\/wp\/v2\/types\/product"}],"wp:attachment":[{"href":"https:\/\/roveyayinevi.com.tr\/index.php\/wp-json\/wp\/v2\/media?parent=721033"}],"wp:term":[{"taxonomy":"product_brand","embeddable":true,"href":"https:\/\/roveyayinevi.com.tr\/index.php\/wp-json\/wp\/v2\/product_brand?post=721033"},{"taxonomy":"product_cat","embeddable":true,"href":"https:\/\/roveyayinevi.com.tr\/index.php\/wp-json\/wp\/v2\/product_cat?post=721033"},{"taxonomy":"product_tag","embeddable":true,"href":"https:\/\/roveyayinevi.com.tr\/index.php\/wp-json\/wp\/v2\/product_tag?post=721033"}],"curies":[{"name":"wp","href":"https:\/\/api.w.org\/{rel}","templated":true}]}}