{"id":721027,"date":"2025-08-27T18:44:07","date_gmt":"2025-08-27T15:44:07","guid":{"rendered":"https:\/\/roveyayinevi.com.tr\/index.php\/urun\/mutfak-ve-kultur\/"},"modified":"2026-04-16T02:29:14","modified_gmt":"2026-04-15T23:29:14","slug":"mutfak-ve-kultur","status":"publish","type":"product","link":"https:\/\/roveyayinevi.com.tr\/index.php\/urun\/mutfak-ve-kultur\/","title":{"rendered":"Mutfak ve K\u00fclt\u00fcr"},"content":{"rendered":"<p>Her \u015fey ate\u015fle, a\u015fla, a\u015fkla, inan\u00e7la ba\u015flad\u0131. \u00c7i\u011fnedi\u011fimiz her lokma, yuttu\u011fumuz her ekmek, yedi\u011fimiz her yemek, her koku, her renk, her sunum insanl\u0131k tarihini anlatt\u0131; anlatmaya da devam ediyor&#8230;   Neden baz\u0131 yiyecek ve i\u00e7ecekler kimi topluluklarda yasaklan\u0131rken kimilerinde kutsal say\u0131ld\u0131 ve kutlamaya d\u00f6n\u00fc\u015ft\u00fc?   Var olma \u00e7abam\u0131z hangi tatlarla keyif ve haz oldu bize?   Tuzu biberi kimler att\u0131 a\u015f\u0131m\u0131za? Hamuru yo\u011furan, ate\u015fe veren ilk eller, arpay\u0131 biraya, \u00fcz\u00fcm\u00fc \u015faraba d\u00f6n\u00fc\u015ft\u00fcren kim? Nas\u0131l, nerede, ne zaman?  Yery\u00fcz\u00fcnde ate\u015fle su nerede (nehirler) bulu\u015fup sevi\u015ftiyse \u201cinsan\u0131n beslenme tarihi\u201dni i\u00e7eren Mutfak ve K\u00fclt\u00fcr de bunu anlatmakta. Bu kitap, yaln\u0131zca tat alarak tat katarak okuyaca\u011f\u0131m\u0131z bir kitap de\u011fil; insan\u0131n ge\u00e7mi\u015fine ve tarihine keyifli bir yolculuk ayn\u0131 zamanda. Mehmet \u00d6z <\/p>\n","protected":false},"excerpt":{"rendered":"<p>Her \u015fey ate\u015fle, a\u015fla, a\u015fkla, inan\u00e7la ba\u015flad\u0131. \u00c7i\u011fnedi\u011fimiz her lokma, yuttu\u011fumuz her ekmek, yedi\u011fimiz her yemek, her koku, her renk, her sunum insanl\u0131k tarihini anlatt\u0131; anlatmaya<span class=\"excerpt-hellip\"> [\u2026]<\/span><\/p>\n","protected":false},"featured_media":0,"template":"","meta":{"_monsterinsights_skip_tracking":false,"_monsterinsights_sitenote_active":false,"_monsterinsights_sitenote_note":"","_monsterinsights_sitenote_category":0},"product_brand":[],"product_cat":[22706,12457],"product_tag":[],"class_list":{"0":"post-721027","1":"product","2":"type-product","3":"status-publish","5":"product_cat-dunya-mutfagi","6":"product_cat-yemek-kitaplari","7":"pa_cilt-ciltsiz","8":"pa_tur-kitap","9":"pa_yayinevi-bilim-ve-sanat-yayinlari","10":"pa_yazar-linda-civitello","12":"first","13":"instock","14":"sale","15":"shipping-taxable","16":"purchasable","17":"product-type-simple"},"_links":{"self":[{"href":"https:\/\/roveyayinevi.com.tr\/index.php\/wp-json\/wp\/v2\/product\/721027","targetHints":{"allow":["GET"]}}],"collection":[{"href":"https:\/\/roveyayinevi.com.tr\/index.php\/wp-json\/wp\/v2\/product"}],"about":[{"href":"https:\/\/roveyayinevi.com.tr\/index.php\/wp-json\/wp\/v2\/types\/product"}],"wp:attachment":[{"href":"https:\/\/roveyayinevi.com.tr\/index.php\/wp-json\/wp\/v2\/media?parent=721027"}],"wp:term":[{"taxonomy":"product_brand","embeddable":true,"href":"https:\/\/roveyayinevi.com.tr\/index.php\/wp-json\/wp\/v2\/product_brand?post=721027"},{"taxonomy":"product_cat","embeddable":true,"href":"https:\/\/roveyayinevi.com.tr\/index.php\/wp-json\/wp\/v2\/product_cat?post=721027"},{"taxonomy":"product_tag","embeddable":true,"href":"https:\/\/roveyayinevi.com.tr\/index.php\/wp-json\/wp\/v2\/product_tag?post=721027"}],"curies":[{"name":"wp","href":"https:\/\/api.w.org\/{rel}","templated":true}]}}