{"id":721025,"date":"2025-08-27T18:44:05","date_gmt":"2025-08-27T15:44:05","guid":{"rendered":"https:\/\/roveyayinevi.com.tr\/index.php\/urun\/felsefeye-giris-6\/"},"modified":"2026-04-16T02:29:14","modified_gmt":"2026-04-15T23:29:14","slug":"felsefeye-giris-6","status":"publish","type":"product","link":"https:\/\/roveyayinevi.com.tr\/index.php\/urun\/felsefeye-giris-6\/","title":{"rendered":"Felsefeye Giri\u015f"},"content":{"rendered":"<p>Kim demi\u015f felsefe anla\u015f\u0131lmaz diye!\u0130smail Tunal\u0131\u2019n\u0131n bir\u00e7ok dile \u00e7evrilen Felsefeye Giri\u015f kitab\u0131, uzun soluklu bir birikimin ve yal\u0131n \u00fcslubun bire\u015fiminin \u00fcr\u00fcn\u00fcd\u00fcr.\u0130smail Tunal\u0131, siyaset, bilim, ahlak, sanat ve din felsefesinin temel problemlerini ve felsefe tarihine y\u00f6n veren filozoflar\u0131n g\u00f6r\u00fc\u015flerini, \u00f6rnek okuma metinleri e\u015fli\u011finde ele almaktad\u0131r.Elinizdeki kitap, felsefe ak\u0131mlar\u0131n\u0131 kavramak isteyen gen\u00e7ler, yeni ba\u015flayanlar ve haf\u0131za tazelemek isteyenler i\u00e7in haz\u0131rland\u0131.<\/p>\n","protected":false},"excerpt":{"rendered":"<p>Kim demi\u015f felsefe anla\u015f\u0131lmaz diye!\u0130smail Tunal\u0131\u2019n\u0131n bir\u00e7ok dile \u00e7evrilen Felsefeye Giri\u015f kitab\u0131, uzun soluklu bir birikimin ve yal\u0131n \u00fcslubun bire\u015fiminin \u00fcr\u00fcn\u00fcd\u00fcr.\u0130smail Tunal\u0131, siyaset, bilim, ahlak, sanat<span class=\"excerpt-hellip\"> [\u2026]<\/span><\/p>\n","protected":false},"featured_media":0,"template":"","meta":{"_monsterinsights_skip_tracking":false,"_monsterinsights_sitenote_active":false,"_monsterinsights_sitenote_note":"","_monsterinsights_sitenote_category":0},"product_brand":[],"product_cat":[12388,13555],"product_tag":[],"class_list":{"0":"post-721025","1":"product","2":"type-product","3":"status-publish","5":"product_cat-felsefe","6":"product_cat-genel-felsefe","7":"pa_cilt-ciltsiz","8":"pa_tur-kitap","9":"pa_yayinevi-fol-kitap","10":"pa_yazar-ismail-tunali","12":"first","13":"instock","14":"sale","15":"shipping-taxable","16":"purchasable","17":"product-type-simple"},"_links":{"self":[{"href":"https:\/\/roveyayinevi.com.tr\/index.php\/wp-json\/wp\/v2\/product\/721025","targetHints":{"allow":["GET"]}}],"collection":[{"href":"https:\/\/roveyayinevi.com.tr\/index.php\/wp-json\/wp\/v2\/product"}],"about":[{"href":"https:\/\/roveyayinevi.com.tr\/index.php\/wp-json\/wp\/v2\/types\/product"}],"wp:attachment":[{"href":"https:\/\/roveyayinevi.com.tr\/index.php\/wp-json\/wp\/v2\/media?parent=721025"}],"wp:term":[{"taxonomy":"product_brand","embeddable":true,"href":"https:\/\/roveyayinevi.com.tr\/index.php\/wp-json\/wp\/v2\/product_brand?post=721025"},{"taxonomy":"product_cat","embeddable":true,"href":"https:\/\/roveyayinevi.com.tr\/index.php\/wp-json\/wp\/v2\/product_cat?post=721025"},{"taxonomy":"product_tag","embeddable":true,"href":"https:\/\/roveyayinevi.com.tr\/index.php\/wp-json\/wp\/v2\/product_tag?post=721025"}],"curies":[{"name":"wp","href":"https:\/\/api.w.org\/{rel}","templated":true}]}}