{"id":721024,"date":"2025-08-27T18:44:05","date_gmt":"2025-08-27T15:44:05","guid":{"rendered":"https:\/\/roveyayinevi.com.tr\/index.php\/urun\/felsefi-antropoloji\/"},"modified":"2026-04-16T02:29:14","modified_gmt":"2026-04-15T23:29:14","slug":"felsefi-antropoloji","status":"publish","type":"product","link":"https:\/\/roveyayinevi.com.tr\/index.php\/urun\/felsefi-antropoloji\/","title":{"rendered":"Felsefi Antropoloji"},"content":{"rendered":"<p>Felsefi Antropoloji, Nicolai Hartmann\u2019\u0131n \u00f6\u011frencisi ve asistan\u0131 Alman filozof Hermann Wein\u2019\u0131n k\u00fclt\u00fcr, dil ve tarih felsefesi yaz\u0131lar\u0131ndan olu\u015fmaktad\u0131r. Nicolai Hartmann felsefesinin temel d\u00fc\u015f\u00fcnceleri \u00fczerinden, Hegel\u2019in Nesnel Tin kategorisi ve k\u00fclt\u00fcr yorumunu; dil felsefesinin antropolojik ve sosyolojik fonksiyonunu; Hartmann felsefesinin Sartre, Heidegger ve Whitehead felsefesi ile kesi\u015fimlerini ele alan Wein\u2019\u0131n bu \u00f6nemli eserini \u0130smail Tunal\u0131 \u00e7evirisi ile sunuyoruz. <\/p>\n","protected":false},"excerpt":{"rendered":"<p>Felsefi Antropoloji, Nicolai Hartmann\u2019\u0131n \u00f6\u011frencisi ve asistan\u0131 Alman filozof Hermann Wein\u2019\u0131n k\u00fclt\u00fcr, dil ve tarih felsefesi yaz\u0131lar\u0131ndan olu\u015fmaktad\u0131r. Nicolai Hartmann felsefesinin temel d\u00fc\u015f\u00fcnceleri \u00fczerinden, Hegel\u2019in Nesnel<span class=\"excerpt-hellip\"> [\u2026]<\/span><\/p>\n","protected":false},"featured_media":0,"template":"","meta":{"_monsterinsights_skip_tracking":false,"_monsterinsights_sitenote_active":false,"_monsterinsights_sitenote_note":"","_monsterinsights_sitenote_category":0},"product_brand":[],"product_cat":[12389,12388],"product_tag":[],"class_list":{"0":"post-721024","1":"product","2":"type-product","3":"status-publish","5":"product_cat-diger-felsefe","6":"product_cat-felsefe","7":"pa_cilt-ciltsiz","8":"pa_tur-kitap","9":"pa_yayinevi-fol-kitap","10":"pa_yazar-hermann-wein","12":"first","13":"instock","14":"sale","15":"shipping-taxable","16":"purchasable","17":"product-type-simple"},"_links":{"self":[{"href":"https:\/\/roveyayinevi.com.tr\/index.php\/wp-json\/wp\/v2\/product\/721024","targetHints":{"allow":["GET"]}}],"collection":[{"href":"https:\/\/roveyayinevi.com.tr\/index.php\/wp-json\/wp\/v2\/product"}],"about":[{"href":"https:\/\/roveyayinevi.com.tr\/index.php\/wp-json\/wp\/v2\/types\/product"}],"wp:attachment":[{"href":"https:\/\/roveyayinevi.com.tr\/index.php\/wp-json\/wp\/v2\/media?parent=721024"}],"wp:term":[{"taxonomy":"product_brand","embeddable":true,"href":"https:\/\/roveyayinevi.com.tr\/index.php\/wp-json\/wp\/v2\/product_brand?post=721024"},{"taxonomy":"product_cat","embeddable":true,"href":"https:\/\/roveyayinevi.com.tr\/index.php\/wp-json\/wp\/v2\/product_cat?post=721024"},{"taxonomy":"product_tag","embeddable":true,"href":"https:\/\/roveyayinevi.com.tr\/index.php\/wp-json\/wp\/v2\/product_tag?post=721024"}],"curies":[{"name":"wp","href":"https:\/\/api.w.org\/{rel}","templated":true}]}}