{"id":721002,"date":"2025-08-27T18:43:50","date_gmt":"2025-08-27T15:43:50","guid":{"rendered":"https:\/\/roveyayinevi.com.tr\/index.php\/urun\/gecmisten-gunumuze-eskisehirde-tatarlar\/"},"modified":"2026-04-16T02:28:48","modified_gmt":"2026-04-15T23:28:48","slug":"gecmisten-gunumuze-eskisehirde-tatarlar","status":"publish","type":"product","link":"https:\/\/roveyayinevi.com.tr\/index.php\/urun\/gecmisten-gunumuze-eskisehirde-tatarlar\/","title":{"rendered":"Ge\u00e7mi\u015ften G\u00fcn\u00fcm\u00fcze Eski\u015fehir&#8217;de Tatarlar"},"content":{"rendered":"<p>G\u00f6\u00e7, insano\u011flunun en ac\u0131 seyahatidir d\u00fcnyada. Sadece n\u00fcfusun de\u011fil, i\u00e7inde bin bir t\u00fcrl\u00fc hik\u00e2yeyi de bar\u0131nd\u0131ran ge\u00e7mi\u015fin ve k\u00fclt\u00fcr\u00fcn de yer de\u011fi\u015ftirmesi olarak g\u00f6r\u00fclmelidir. G\u00f6\u00e7, sadece isk\u00e2n sorunundan ibaret olmay\u0131p, siyasi ve etnik olu\u015fum, sosyal ve ekonomik geli\u015fim, siyasi bask\u0131 ve rekabet, k\u00fclt\u00fcrel etkile\u015fim gibi i\u00e7 i\u00e7e ge\u00e7mi\u015f olan karma\u015f\u0131k konulardan olu\u015fur. Ge\u00e7mi\u015ften G\u00fcn\u00fcm\u00fcze Eski\u015fehir\u2019de Tatarlar kitab\u0131n\u0131n ana konusu; XIII. y\u00fczy\u0131ldan ba\u015flayarak, g\u00fcn\u00fcm\u00fcze kadar devam eden s\u00fcre\u00e7te Tatarlar\u0131n Eski\u015fehir y\u00f6resine olan g\u00f6\u00e7leri ve yerle\u015fmeleridir. Ayr\u0131ca Tatar tarihini detayl\u0131ca aktarman\u0131n yan\u0131 s\u0131ra Tatarlar\u0131n Eski\u015fehir\u2019de isk\u00e2n edilme s\u00fcre\u00e7lerini ve sonu\u00e7lar\u0131n\u0131 da ele almaktad\u0131r. Eski\u015fehir b\u00f6lgesi, co\u011frafi konumu ba\u015fta olmak \u00fczere, sahip oldu\u011fu birtak\u0131m \u00f6zellikleri nedeniyle tarihsel s\u00fcre\u00e7 i\u00e7erisinde Tatarlar ve \u00e7e\u015fitli g\u00f6\u00e7men gruplar\u0131n\u0131n yerle\u015ftirildi\u011fi ideal yerle\u015fim b\u00f6lgelerinden biri olmu\u015ftur. Bu do\u011frultuda, g\u00f6\u00e7men kenti olarak nitelendirebilece\u011fimiz Eski\u015fehir\u2019de olu\u015fan sosyal ve k\u00fclt\u00fcrel dokuda Tatarlar, vazge\u00e7ilmez bir yere ve \u00f6neme sahiptir. Eski\u015fehir\u2019de Tatarlar\u0131n n\u00fcfusu, sosyal, ekonomik ve k\u00fclt\u00fcrel yap\u0131lar\u0131n\u0131n da anlat\u0131ld\u0131\u011f\u0131 bu eserde Tatarlar\u0131n her alanda b\u00f6lgeye yapm\u0131\u015f olduklar\u0131 katk\u0131lar da ortaya koyulmaya \u00e7al\u0131\u015f\u0131lm\u0131\u015ft\u0131r. <\/p>\n","protected":false},"excerpt":{"rendered":"<p>G\u00f6\u00e7, insano\u011flunun en ac\u0131 seyahatidir d\u00fcnyada. Sadece n\u00fcfusun de\u011fil, i\u00e7inde bin bir t\u00fcrl\u00fc hik\u00e2yeyi de bar\u0131nd\u0131ran ge\u00e7mi\u015fin ve k\u00fclt\u00fcr\u00fcn de yer de\u011fi\u015ftirmesi olarak g\u00f6r\u00fclmelidir. G\u00f6\u00e7, sadece<span class=\"excerpt-hellip\"> [\u2026]<\/span><\/p>\n","protected":false},"featured_media":0,"template":"","meta":{"_monsterinsights_skip_tracking":false,"_monsterinsights_sitenote_active":false,"_monsterinsights_sitenote_note":"","_monsterinsights_sitenote_category":0},"product_brand":[],"product_cat":[12370,12304],"product_tag":[],"class_list":{"0":"post-721002","1":"product","2":"type-product","3":"status-publish","5":"product_cat-arastirma-inceleme","6":"product_cat-tarih","7":"pa_cilt-ciltsiz","8":"pa_tur-kitap","9":"pa_yayinevi-ideal-kultur-yayincilik","10":"pa_yazar-cemile-sahin","12":"first","13":"instock","14":"sale","15":"shipping-taxable","16":"purchasable","17":"product-type-simple"},"_links":{"self":[{"href":"https:\/\/roveyayinevi.com.tr\/index.php\/wp-json\/wp\/v2\/product\/721002","targetHints":{"allow":["GET"]}}],"collection":[{"href":"https:\/\/roveyayinevi.com.tr\/index.php\/wp-json\/wp\/v2\/product"}],"about":[{"href":"https:\/\/roveyayinevi.com.tr\/index.php\/wp-json\/wp\/v2\/types\/product"}],"wp:attachment":[{"href":"https:\/\/roveyayinevi.com.tr\/index.php\/wp-json\/wp\/v2\/media?parent=721002"}],"wp:term":[{"taxonomy":"product_brand","embeddable":true,"href":"https:\/\/roveyayinevi.com.tr\/index.php\/wp-json\/wp\/v2\/product_brand?post=721002"},{"taxonomy":"product_cat","embeddable":true,"href":"https:\/\/roveyayinevi.com.tr\/index.php\/wp-json\/wp\/v2\/product_cat?post=721002"},{"taxonomy":"product_tag","embeddable":true,"href":"https:\/\/roveyayinevi.com.tr\/index.php\/wp-json\/wp\/v2\/product_tag?post=721002"}],"curies":[{"name":"wp","href":"https:\/\/api.w.org\/{rel}","templated":true}]}}