{"id":721000,"date":"2025-08-27T18:43:49","date_gmt":"2025-08-27T15:43:49","guid":{"rendered":"https:\/\/roveyayinevi.com.tr\/index.php\/urun\/misir-mitolojisi\/"},"modified":"2026-04-16T02:28:48","modified_gmt":"2026-04-15T23:28:48","slug":"misir-mitolojisi","status":"publish","type":"product","link":"https:\/\/roveyayinevi.com.tr\/index.php\/urun\/misir-mitolojisi\/","title":{"rendered":"M\u0131s\u0131r Mitolojisi"},"content":{"rendered":"<p>Eski M\u0131s\u0131r modern insan\u0131n imgelemindeki yerini 19. yu\u0308zy\u0131lda yap\u0131lan ilk ke\u015fif ve kaz\u0131lardan bu yana gitgide sa\u011flamla\u015ft\u0131r\u0131yor. Eski M\u0131s\u0131r\u2019a duyulan hayranl\u0131\u011f\u0131n sebebini mimarl\u0131k harikalar\u0131 ve sanat eserlerinin yan\u0131 s\u0131ra mitolojik ve dinsel anlat\u0131larda da buluyoruz. Sanduka Metinleri, Tap\u0131nak Metinleri ve \u00d6lu\u0308ler Kitab\u0131 gibi metinler arac\u0131l\u0131\u011f\u0131yla gu\u0308nu\u0308mu\u0308ze ula\u015fan bu anlat\u0131lar Eski M\u0131s\u0131rl\u0131lar\u0131n du\u0308nyay\u0131 alg\u0131lay\u0131\u015f\u0131na oldu\u011fu kadar kolektif bilin\u00e7alt\u0131na da \u0131\u015f\u0131k tutuyor. Geraldine Pinch M\u0131s\u0131r mitleri, tanr\u0131\u00e7alar\u0131 ve tanr\u0131lar\u0131yla ilgili ayr\u0131nt\u0131l\u0131 yorumlar\u0131n\u0131 M\u0131s\u0131r tarihi ve ku\u0308ltu\u0308ru\u0308yle ilgili a\u00e7\u0131klamalarla destekleyerek sizlere ideal bir M\u0131s\u0131r mitolojisine giri\u015f kitab\u0131 sunuyor.   M\u0131s\u0131r Mitolojisi mumyalar, binlerce y\u0131ll\u0131k lanetler, gu\u0308\u00e7lu\u0308 firavunlar ve gizemli piramiter gibi popu\u0308ler ku\u0308ltu\u0308r ikonlar\u0131n\u0131n gerisinde neler yatt\u0131\u011f\u0131n\u0131 \u00f6\u011frenmek isteyenler i\u00e7in \u00e7ok uygun bir kitap. <\/p>\n","protected":false},"excerpt":{"rendered":"<p>Eski M\u0131s\u0131r modern insan\u0131n imgelemindeki yerini 19. yu\u0308zy\u0131lda yap\u0131lan ilk ke\u015fif ve kaz\u0131lardan bu yana gitgide sa\u011flamla\u015ft\u0131r\u0131yor. Eski M\u0131s\u0131r\u2019a duyulan hayranl\u0131\u011f\u0131n sebebini mimarl\u0131k harikalar\u0131 ve sanat<span class=\"excerpt-hellip\"> [\u2026]<\/span><\/p>\n","protected":false},"featured_media":0,"template":"","meta":{"_monsterinsights_skip_tracking":false,"_monsterinsights_sitenote_active":false,"_monsterinsights_sitenote_note":"","_monsterinsights_sitenote_category":0},"product_brand":[],"product_cat":[12718,12858],"product_tag":[],"class_list":{"0":"post-721000","1":"product","2":"type-product","3":"status-publish","5":"product_cat-din","6":"product_cat-mitolojiler","7":"pa_cilt-ciltsiz","8":"pa_tur-kitap","9":"pa_yayinevi-say-yayinlari","10":"pa_yazar-geraldine-pinch","12":"first","13":"instock","14":"sale","15":"shipping-taxable","16":"purchasable","17":"product-type-simple"},"_links":{"self":[{"href":"https:\/\/roveyayinevi.com.tr\/index.php\/wp-json\/wp\/v2\/product\/721000","targetHints":{"allow":["GET"]}}],"collection":[{"href":"https:\/\/roveyayinevi.com.tr\/index.php\/wp-json\/wp\/v2\/product"}],"about":[{"href":"https:\/\/roveyayinevi.com.tr\/index.php\/wp-json\/wp\/v2\/types\/product"}],"wp:attachment":[{"href":"https:\/\/roveyayinevi.com.tr\/index.php\/wp-json\/wp\/v2\/media?parent=721000"}],"wp:term":[{"taxonomy":"product_brand","embeddable":true,"href":"https:\/\/roveyayinevi.com.tr\/index.php\/wp-json\/wp\/v2\/product_brand?post=721000"},{"taxonomy":"product_cat","embeddable":true,"href":"https:\/\/roveyayinevi.com.tr\/index.php\/wp-json\/wp\/v2\/product_cat?post=721000"},{"taxonomy":"product_tag","embeddable":true,"href":"https:\/\/roveyayinevi.com.tr\/index.php\/wp-json\/wp\/v2\/product_tag?post=721000"}],"curies":[{"name":"wp","href":"https:\/\/api.w.org\/{rel}","templated":true}]}}