{"id":720984,"date":"2025-08-27T18:43:39","date_gmt":"2025-08-27T15:43:39","guid":{"rendered":"https:\/\/roveyayinevi.com.tr\/index.php\/urun\/neseli\/"},"modified":"2026-04-13T02:35:30","modified_gmt":"2026-04-12T23:35:30","slug":"neseli","status":"publish","type":"product","link":"https:\/\/roveyayinevi.com.tr\/index.php\/urun\/neseli\/","title":{"rendered":"Ne\u015feli"},"content":{"rendered":"<p>G\u00fcne\u015f batmadan hemen \u00f6nceki turuncu par\u0131lt\u0131y\u0131 g\u00f6rd\u00fc\u011f\u00fcm\u00fczde neden durup izleriz? Ya da neden binlerce insan bahar aylar\u0131nda kiraz \u00e7i\u00e7e\u011fi a\u011fa\u00e7lar\u0131n\u0131n \u00e7i\u00e7eklenmesini izlemek i\u00e7in ak\u0131n eder, hi\u00e7 d\u00fc\u015f\u00fcnd\u00fcn\u00fcz m\u00fc? Bebeklerden etkilenmemizin, patlayan konfetiler ya da reng\u00e2renk balonlar g\u00f6rd\u00fc\u011f\u00fcm\u00fczde sebepsiz yere g\u00fcl\u00fcmsememizin somut bir nedeni var m\u0131?   Hepimize, etraf\u0131m\u0131zdaki d\u0131\u015f ortam\u0131n i\u00e7imizdeki ne\u015feyi neredeyse hi\u00e7 etkilemedi\u011fi \u00f6\u011fretilmi\u015ftir. Son y\u0131llarda gittik\u00e7e pop\u00fclerle\u015fen uygulamalarda ise uzmanlar meditasyon ya da bilin\u00e7li fark\u0131ndal\u0131k etkinlikleriyle d\u0131\u015f d\u00fcnyadan kendimizi soyutlayarak i\u00e7imizdeki dengeyi bulmam\u0131z\u0131 \u00f6neriyorlar. Peki ya ne\u015felenmemiz i\u00e7in en verimli ve ula\u015f\u0131labilir kaynaklar\u0131m\u0131z etraf\u0131m\u0131zdaki e\u015fyalar\u0131n do\u011fal enerjisinde sakl\u0131ysa?   Tasar\u0131mc\u0131 Ingrid Fetell Lee, Ne\u015feli&#8217;de her g\u00fcn kar\u015f\u0131la\u015ft\u0131\u011f\u0131m\u0131z s\u0131radan mek\u00e2n ve nesnelerin duygudurumumuz \u00fczerindeki \u015fa\u015f\u0131rt\u0131c\u0131 ve g\u00fc\u00e7l\u00fc etkilerini inceliyor. Sinirbilimi ve psikoloji \u00e7al\u0131\u015fmalar\u0131ndan verdi\u011fi \u00f6rneklerle, neden baz\u0131 ortamlar bizi kayg\u0131l\u0131 ya da rekabet\u00e7i bir ruh haline sokarken, baz\u0131lar\u0131nda keyifli ve payla\u015f\u0131mc\u0131 hissetti\u011fimizi, en \u00f6nemlisi ise daha doyumlu, sa\u011fl\u0131kl\u0131 ve ne\u015feli bir hayat s\u00fcrebilmek i\u00e7in etraf\u0131m\u0131zdakileri nas\u0131l kullanabilece\u011fimizi anlat\u0131yor. <\/p>\n","protected":false},"excerpt":{"rendered":"<p>G\u00fcne\u015f batmadan hemen \u00f6nceki turuncu par\u0131lt\u0131y\u0131 g\u00f6rd\u00fc\u011f\u00fcm\u00fczde neden durup izleriz? Ya da neden binlerce insan bahar aylar\u0131nda kiraz \u00e7i\u00e7e\u011fi a\u011fa\u00e7lar\u0131n\u0131n \u00e7i\u00e7eklenmesini izlemek i\u00e7in ak\u0131n eder, hi\u00e7<span class=\"excerpt-hellip\"> [\u2026]<\/span><\/p>\n","protected":false},"featured_media":0,"template":"","meta":{"_monsterinsights_skip_tracking":false,"_monsterinsights_sitenote_active":false,"_monsterinsights_sitenote_note":"","_monsterinsights_sitenote_category":0},"product_brand":[],"product_cat":[12364,12376],"product_tag":[],"class_list":{"0":"post-720984","1":"product","2":"type-product","3":"status-publish","5":"product_cat-genel-konular","6":"product_cat-kisisel-gelisim","7":"pa_cilt-ciltsiz","8":"pa_tur-kitap","9":"pa_yayinevi-profil-kitap","10":"pa_yazar-ingrid-fetell-lee","12":"first","13":"instock","14":"sale","15":"shipping-taxable","16":"purchasable","17":"product-type-simple"},"_links":{"self":[{"href":"https:\/\/roveyayinevi.com.tr\/index.php\/wp-json\/wp\/v2\/product\/720984","targetHints":{"allow":["GET"]}}],"collection":[{"href":"https:\/\/roveyayinevi.com.tr\/index.php\/wp-json\/wp\/v2\/product"}],"about":[{"href":"https:\/\/roveyayinevi.com.tr\/index.php\/wp-json\/wp\/v2\/types\/product"}],"wp:attachment":[{"href":"https:\/\/roveyayinevi.com.tr\/index.php\/wp-json\/wp\/v2\/media?parent=720984"}],"wp:term":[{"taxonomy":"product_brand","embeddable":true,"href":"https:\/\/roveyayinevi.com.tr\/index.php\/wp-json\/wp\/v2\/product_brand?post=720984"},{"taxonomy":"product_cat","embeddable":true,"href":"https:\/\/roveyayinevi.com.tr\/index.php\/wp-json\/wp\/v2\/product_cat?post=720984"},{"taxonomy":"product_tag","embeddable":true,"href":"https:\/\/roveyayinevi.com.tr\/index.php\/wp-json\/wp\/v2\/product_tag?post=720984"}],"curies":[{"name":"wp","href":"https:\/\/api.w.org\/{rel}","templated":true}]}}