{"id":720980,"date":"2025-08-27T18:43:36","date_gmt":"2025-08-27T15:43:36","guid":{"rendered":"https:\/\/roveyayinevi.com.tr\/index.php\/urun\/hitlerin-ozel-kutuphanesi\/"},"modified":"2026-04-16T02:28:48","modified_gmt":"2026-04-15T23:28:48","slug":"hitlerin-ozel-kutuphanesi","status":"publish","type":"product","link":"https:\/\/roveyayinevi.com.tr\/index.php\/urun\/hitlerin-ozel-kutuphanesi\/","title":{"rendered":"Hitler&#8217;in \u00d6zel K\u00fct\u00fcphanesi"},"content":{"rendered":"<p>Adolf Hitler\u2019in hayat\u0131na dair bu harika ve orijinal kitapta Timothy Ryback, Hitler\u2019in ki\u015fili\u011fini ve d\u00fc\u015f\u00fcncesini \u015fekillendiren kitaplar\u0131 inceliyor. Asl\u0131na bak\u0131l\u0131rsa Hitler kitap toplamaktan ziyade yakmas\u0131yla me\u015fhurdur ancak Ryback\u2019in bize a\u00e7\u0131k\u00e7a g\u00f6sterdi\u011fi \u00fczere kitaplar Hitler\u2019in ayr\u0131lmaz yolda\u015flar\u0131 olmu\u015ftur. Birinci D\u00fcnya Sava\u015f\u0131 s\u0131ras\u0131nda \u00f6n cephede oldu\u011fu zamanlardan Berlin\u2019de intihar etmeden \u00f6nceki son anlar\u0131na kadar beraberinde hep kitap bulundurmu\u015ftur. Ayr\u0131nt\u0131lara derinlemesine n\u00fcfuz eden Ryback, Hitler\u2019in mahrem saatlerinde kendisini me\u015fgul eden fikir ve tak\u0131nt\u0131lar\u0131 a\u00e7\u0131\u011fa \u00e7\u0131kar\u0131yor. Hitler\u2019in \u00d6zel K\u00fct\u00fcphanesibug\u00fcne kadar ara\u015ft\u0131r\u0131lmam\u0131\u015f bir konu \u00fczerinden bize incelikli ve nitelikli bir portre sunuyor. \u201cGayet iyi yaz\u0131lm\u0131\u015f\u2026 Derinlemesine s\u00fcr\u00fckleyici\u2026 Etkileyici ve sinir bozucu.\u201d                                                                                               The Washington Post Book World \u201cRayback\u2019in \u00e7abas\u0131 dikkate de\u011fer. Bir kimse bu derli toplu kitab\u0131 bitirdi\u011finde, Avrupa\u2019daki en iyi e\u011fitilmi\u015f ulusu medeniyete kar\u015f\u0131 bir sava\u015f vermeye ikna eden ve Yahudileri tamamen yok etmeyi deneyen bir entelekt\u00fcel -sahte entelekt\u00fcel- \u00e7e\u015fidine sa\u011flam bir bak\u0131\u015f atm\u0131\u015f olur&#8230; Ryback\u2019in kitab\u0131 bizi bir canavar\u0131n zihnine biraz daha yakla\u015ft\u0131r\u0131yor.\u201d                                                The New Republic <\/p>\n","protected":false},"excerpt":{"rendered":"<p>Adolf Hitler\u2019in hayat\u0131na dair bu harika ve orijinal kitapta Timothy Ryback, Hitler\u2019in ki\u015fili\u011fini ve d\u00fc\u015f\u00fcncesini \u015fekillendiren kitaplar\u0131 inceliyor. Asl\u0131na bak\u0131l\u0131rsa Hitler kitap toplamaktan ziyade yakmas\u0131yla me\u015fhurdur<span class=\"excerpt-hellip\"> [\u2026]<\/span><\/p>\n","protected":false},"featured_media":0,"template":"","meta":{"_monsterinsights_skip_tracking":false,"_monsterinsights_sitenote_active":false,"_monsterinsights_sitenote_note":"","_monsterinsights_sitenote_category":0},"product_brand":[],"product_cat":[12370,12304],"product_tag":[],"class_list":{"0":"post-720980","1":"product","2":"type-product","3":"status-publish","5":"product_cat-arastirma-inceleme","6":"product_cat-tarih","7":"pa_cilt-ciltsiz","8":"pa_tur-kitap","9":"pa_yayinevi-profil-kitap","10":"pa_yazar-timothy-w-ryback","12":"first","13":"instock","14":"sale","15":"shipping-taxable","16":"purchasable","17":"product-type-simple"},"_links":{"self":[{"href":"https:\/\/roveyayinevi.com.tr\/index.php\/wp-json\/wp\/v2\/product\/720980","targetHints":{"allow":["GET"]}}],"collection":[{"href":"https:\/\/roveyayinevi.com.tr\/index.php\/wp-json\/wp\/v2\/product"}],"about":[{"href":"https:\/\/roveyayinevi.com.tr\/index.php\/wp-json\/wp\/v2\/types\/product"}],"wp:attachment":[{"href":"https:\/\/roveyayinevi.com.tr\/index.php\/wp-json\/wp\/v2\/media?parent=720980"}],"wp:term":[{"taxonomy":"product_brand","embeddable":true,"href":"https:\/\/roveyayinevi.com.tr\/index.php\/wp-json\/wp\/v2\/product_brand?post=720980"},{"taxonomy":"product_cat","embeddable":true,"href":"https:\/\/roveyayinevi.com.tr\/index.php\/wp-json\/wp\/v2\/product_cat?post=720980"},{"taxonomy":"product_tag","embeddable":true,"href":"https:\/\/roveyayinevi.com.tr\/index.php\/wp-json\/wp\/v2\/product_tag?post=720980"}],"curies":[{"name":"wp","href":"https:\/\/api.w.org\/{rel}","templated":true}]}}