{"id":720953,"date":"2025-08-27T18:43:17","date_gmt":"2025-08-27T15:43:17","guid":{"rendered":"https:\/\/roveyayinevi.com.tr\/index.php\/urun\/kara-kutu\/"},"modified":"2026-04-16T02:28:47","modified_gmt":"2026-04-15T23:28:47","slug":"kara-kutu","status":"publish","type":"product","link":"https:\/\/roveyayinevi.com.tr\/index.php\/urun\/kara-kutu\/","title":{"rendered":"Kara Kutu"},"content":{"rendered":"<p>Tarih: 5 Ocak 1978.Yer: Ankara.B\u00fclent Ecevit yeni h\u00fck\u00fcmeti kurdu.Sa\u011fl\u0131k ve Sosyal Yard\u0131m Bakanl\u0131\u011f\u0131\u2019ndaki gizli toplant\u0131da \u201cdevrim\u201d gibi kararlar al\u0131nd\u0131.Tarih: 12 Eyl\u00fcl 1978.Yer: Kazakistan Alma Ata.D\u00fcnya Sa\u011fl\u0131k \u00d6rg\u00fct\u00fc d\u00fczenledi\u011fi uluslararas\u0131 konferans\u0131n sonunda yay\u0131mlad\u0131\u011f\u0131 bildiriyle ABD k\u00fcresel ila\u00e7 \u015firketlerini k\u0131zd\u0131rd\u0131\u2026Tarih: 26 Mart 1979.Yer: \u0130talya Como G\u00f6l\u00fc sayfiyesi.Rockefeller sahibi oldu\u011fu Bellagio Evi\u2019nde yapt\u0131\u011f\u0131 NATO g\u00fcvenlik toplant\u0131s\u0131nda, y\u00fcz y\u0131ld\u0131r kontrol\u00fcnde olan \u201cend\u00fcstriyel t\u0131p\u201d ile ilgili bir dizi kararlar ald\u0131\u2026Ve:Tarih: 25 Haziran 1979.Yer: Manisa\u2026Cemil \u00c7\u00f6ll\u00fc MHP \u0130l Ba\u015fkan\u0131 idi.Sahibi oldu\u011fu Huzur Eczanesi\u2019nde \u00f6ld\u00fcr\u00fcld\u00fc.Ertesi g\u00fcn\u2026Tarih: 26 Haziran 1979.Yer: Manisa.Ne\u015fe G\u00fclersoy CHP Kad\u0131n Kollar\u0131 \u00dcyesi idi.Sahibi oldu\u011fu Yeni Afiyet Eczanesi\u2019nde meslekta\u015f\u0131 MHP\u2019li Cemil \u00c7\u00f6ll\u00fc\u2019n\u00fcn katledilmesini protesto eden bildiriyi yazarken \u00f6ld\u00fcr\u00fcld\u00fc.Yine Manisa\u2026Yine bir eczane\u2026Tarih: 19 Aral\u0131k 1979.Mete Erdem CHP \u0130l Ba\u015fkan\u0131 idi.Eczanesinde i\u00e7eri giren sald\u0131rgan taraf\u0131ndan kur\u015funlanarak \u00f6ld\u00fcr\u00fcld\u00fc.Bu bir cinayet roman\u0131 de\u011fil\u2026Modern t\u0131bb\u0131n karanl\u0131k y\u00fcz\u00fc ayd\u0131nlan\u0131yor\u2026Rockefeller\u2019\u0131n kozmik odas\u0131ndaki T\u00fcrkler kim?Neyin kar\u015f\u0131l\u0131\u011f\u0131, ne kadar para ald\u0131lar?Tabular y\u0131k\u0131lacak\u2026 Ezberler bozulacak\u2026Art\u0131k y\u00fczle\u015fme vakti\u2026<\/p>\n","protected":false},"excerpt":{"rendered":"<p>Tarih: 5 Ocak 1978.Yer: Ankara.B\u00fclent Ecevit yeni h\u00fck\u00fcmeti kurdu.Sa\u011fl\u0131k ve Sosyal Yard\u0131m Bakanl\u0131\u011f\u0131\u2019ndaki gizli toplant\u0131da \u201cdevrim\u201d gibi kararlar al\u0131nd\u0131.Tarih: 12 Eyl\u00fcl 1978.Yer: Kazakistan Alma Ata.D\u00fcnya Sa\u011fl\u0131k<span class=\"excerpt-hellip\"> [\u2026]<\/span><\/p>\n","protected":false},"featured_media":0,"template":"","meta":{"_monsterinsights_skip_tracking":false,"_monsterinsights_sitenote_active":false,"_monsterinsights_sitenote_note":"","_monsterinsights_sitenote_category":0},"product_brand":[],"product_cat":[13590,12337],"product_tag":[],"class_list":{"0":"post-720953","1":"product","2":"type-product","3":"status-publish","5":"product_cat-arastirma-inceleme-politika-siyaset","6":"product_cat-politika-siyaset","7":"pa_cilt-ciltsiz","8":"pa_tur-kitap","9":"pa_yayinevi-kirmizi-kedi-yayinevi","10":"pa_yazar-soner-yalcin","12":"first","13":"instock","14":"sale","15":"shipping-taxable","16":"purchasable","17":"product-type-simple"},"_links":{"self":[{"href":"https:\/\/roveyayinevi.com.tr\/index.php\/wp-json\/wp\/v2\/product\/720953","targetHints":{"allow":["GET"]}}],"collection":[{"href":"https:\/\/roveyayinevi.com.tr\/index.php\/wp-json\/wp\/v2\/product"}],"about":[{"href":"https:\/\/roveyayinevi.com.tr\/index.php\/wp-json\/wp\/v2\/types\/product"}],"wp:attachment":[{"href":"https:\/\/roveyayinevi.com.tr\/index.php\/wp-json\/wp\/v2\/media?parent=720953"}],"wp:term":[{"taxonomy":"product_brand","embeddable":true,"href":"https:\/\/roveyayinevi.com.tr\/index.php\/wp-json\/wp\/v2\/product_brand?post=720953"},{"taxonomy":"product_cat","embeddable":true,"href":"https:\/\/roveyayinevi.com.tr\/index.php\/wp-json\/wp\/v2\/product_cat?post=720953"},{"taxonomy":"product_tag","embeddable":true,"href":"https:\/\/roveyayinevi.com.tr\/index.php\/wp-json\/wp\/v2\/product_tag?post=720953"}],"curies":[{"name":"wp","href":"https:\/\/api.w.org\/{rel}","templated":true}]}}