{"id":720950,"date":"2025-08-27T18:43:15","date_gmt":"2025-08-27T15:43:15","guid":{"rendered":"https:\/\/roveyayinevi.com.tr\/index.php\/urun\/tehlikeli-oyun-macera-pesinde\/"},"modified":"2026-04-16T02:28:47","modified_gmt":"2026-04-15T23:28:47","slug":"tehlikeli-oyun-macera-pesinde","status":"publish","type":"product","link":"https:\/\/roveyayinevi.com.tr\/index.php\/urun\/tehlikeli-oyun-macera-pesinde\/","title":{"rendered":"Tehlikeli Oyun &#8211; Macera Pe\u015finde"},"content":{"rendered":"<p>Bu macerada bir dedektifsiniz. Telefonla ald\u0131\u011f\u0131n\u0131z bir i\u015f \u00f6nerisiyle, kendinizi bir anda, tehlikeli bir oyunun i\u00e7inde buluyorsunuz. E\u011fer yanl\u0131\u015f kararlar verirseniz, sizi de i\u00e7inde yok edebilecek korkun\u00e7 bir oyun bu&#8230; Hayatta kalman\u0131z\u0131n tek yolu, bu oyunu bozmak&#8230; Oyunu bozup su\u00e7lular\u0131n hak ettikleri cezay\u0131 almas\u0131n\u0131 sa\u011flamak&#8230; Bu kitapta tam 13 farkl\u0131 son var. Kimi iyi, kimi k\u00f6t\u00fc&#8230; Do\u011fru se\u00e7imler yapabilirseniz, hayatta kalabilir, ya\u015fam\u0131n\u0131z\u0131 zengin ve \u00fcnl\u00fc biri olarak s\u00fcrd\u00fcrebilirsiniz. Ya da bu ac\u0131mas\u0131z oyunun i\u00e7inde yok olup gidersiniz. Bunu, roman\u0131 okurken verece\u011finiz kararlar belirleyecek. \u00c7\u00fcnk\u00fc roman\u0131n kahraman\u0131 olan gen\u00e7 dedektif sizsiniz. <\/p>\n","protected":false},"excerpt":{"rendered":"<p>Bu macerada bir dedektifsiniz. Telefonla ald\u0131\u011f\u0131n\u0131z bir i\u015f \u00f6nerisiyle, kendinizi bir anda, tehlikeli bir oyunun i\u00e7inde buluyorsunuz. E\u011fer yanl\u0131\u015f kararlar verirseniz, sizi de i\u00e7inde yok edebilecek<span class=\"excerpt-hellip\"> [\u2026]<\/span><\/p>\n","protected":false},"featured_media":0,"template":"","meta":{"_monsterinsights_skip_tracking":false,"_monsterinsights_sitenote_active":false,"_monsterinsights_sitenote_note":"","_monsterinsights_sitenote_category":0},"product_brand":[],"product_cat":[12275,12274],"product_tag":[],"class_list":{"0":"post-720950","1":"product","2":"type-product","3":"status-publish","5":"product_cat-6-12-yas-kitaplari","6":"product_cat-cocuk-ve-genclik-kitaplari","7":"pa_cilt-ciltsiz","8":"pa_tur-kitap","9":"pa_yayinevi-genc-hayat","10":"pa_yazar-tuncel-altinkopru","12":"first","13":"instock","14":"sale","15":"shipping-taxable","16":"purchasable","17":"product-type-simple"},"_links":{"self":[{"href":"https:\/\/roveyayinevi.com.tr\/index.php\/wp-json\/wp\/v2\/product\/720950","targetHints":{"allow":["GET"]}}],"collection":[{"href":"https:\/\/roveyayinevi.com.tr\/index.php\/wp-json\/wp\/v2\/product"}],"about":[{"href":"https:\/\/roveyayinevi.com.tr\/index.php\/wp-json\/wp\/v2\/types\/product"}],"wp:attachment":[{"href":"https:\/\/roveyayinevi.com.tr\/index.php\/wp-json\/wp\/v2\/media?parent=720950"}],"wp:term":[{"taxonomy":"product_brand","embeddable":true,"href":"https:\/\/roveyayinevi.com.tr\/index.php\/wp-json\/wp\/v2\/product_brand?post=720950"},{"taxonomy":"product_cat","embeddable":true,"href":"https:\/\/roveyayinevi.com.tr\/index.php\/wp-json\/wp\/v2\/product_cat?post=720950"},{"taxonomy":"product_tag","embeddable":true,"href":"https:\/\/roveyayinevi.com.tr\/index.php\/wp-json\/wp\/v2\/product_tag?post=720950"}],"curies":[{"name":"wp","href":"https:\/\/api.w.org\/{rel}","templated":true}]}}