{"id":720944,"date":"2025-08-27T18:43:10","date_gmt":"2025-08-27T15:43:10","guid":{"rendered":"https:\/\/roveyayinevi.com.tr\/index.php\/urun\/eglenceli-tarih-yeni-nesil-padisah-yildirim-bayezid\/"},"modified":"2026-04-16T02:28:47","modified_gmt":"2026-04-15T23:28:47","slug":"eglenceli-tarih-yeni-nesil-padisah-yildirim-bayezid","status":"publish","type":"product","link":"https:\/\/roveyayinevi.com.tr\/index.php\/urun\/eglenceli-tarih-yeni-nesil-padisah-yildirim-bayezid\/","title":{"rendered":"E\u011flenceli Tarih &#8211; Yeni Nesil Padi\u015fah Y\u0131ld\u0131r\u0131m Bayezid"},"content":{"rendered":"<p>Osman Bey\u2019in kurdu\u011fu beyli\u011fi Orhan Gazi devlete d\u00f6n\u00fc\u015ft\u00fcrm\u00fc\u015ft\u00fc. 1. Murat ise s\u0131n\u0131rlar\u0131 geni\u015fletmi\u015fti. Bayra\u011f\u0131 ondan devralan Y\u0131ld\u0131r\u0131m Bayezid ise devleti imparatorlu\u011fa \u00e7evirmek unvan\u0131na yak\u0131\u015f\u0131r \u015fekilde h\u0131zla, canla ba\u015fla \u00e7al\u0131\u015ft\u0131. Ordusunu, d\u00f6nemin \u015fartlar\u0131nda h\u0131zla manevra yapt\u0131ran, sevk eden, y\u00f6neten, stratejiler belirleyen \u00e7\u0131\u011f\u0131r a\u00e7an \u201cyeni nesil\u201d bir padi\u015faht\u0131 Y\u0131ld\u0131r\u0131m Bayezid\u2026\u0130\u015fte bu kitap onun ger\u00e7ek hikayesidir. Orta \u00c7a\u011f\u2019\u0131n s\u00fcper iki g\u00fcc\u00fcn\u00fc kar\u015f\u0131 kar\u015f\u0131ya getiren en b\u00fcy\u00fck meydan sava\u015f\u0131, y\u00fcz otuz bin ki\u015finin kat\u0131ld\u0131\u011f\u0131 son Ha\u00e7l\u0131 seferi, \u00fc\u00e7 bin askeriyle yetmi\u015f bin ki\u015fiye kar\u015f\u0131 sava\u015fan bir padi\u015fah ve elbette Osmanl\u0131\u2019n\u0131n bulundu\u011fu her yerde oldu\u011fu gibi kahramanl\u0131k, sevgi, merhamet, \u015fefkat, adalet ve iyilik de bu kitab\u0131n i\u00e7inde\u2026<\/p>\n","protected":false},"excerpt":{"rendered":"<p>Osman Bey\u2019in kurdu\u011fu beyli\u011fi Orhan Gazi devlete d\u00f6n\u00fc\u015ft\u00fcrm\u00fc\u015ft\u00fc. 1. Murat ise s\u0131n\u0131rlar\u0131 geni\u015fletmi\u015fti. Bayra\u011f\u0131 ondan devralan Y\u0131ld\u0131r\u0131m Bayezid ise devleti imparatorlu\u011fa \u00e7evirmek unvan\u0131na yak\u0131\u015f\u0131r \u015fekilde h\u0131zla,<span class=\"excerpt-hellip\"> [\u2026]<\/span><\/p>\n","protected":false},"featured_media":0,"template":"","meta":{"_monsterinsights_skip_tracking":false,"_monsterinsights_sitenote_active":false,"_monsterinsights_sitenote_note":"","_monsterinsights_sitenote_category":0},"product_brand":[],"product_cat":[12274,12284],"product_tag":[],"class_list":{"0":"post-720944","1":"product","2":"type-product","3":"status-publish","5":"product_cat-cocuk-ve-genclik-kitaplari","6":"product_cat-hikayeler","7":"pa_cilt-ciltsiz","8":"pa_tur-kitap","9":"pa_yayinevi-eglenceli-bilgi-yayinlari","10":"pa_yazar-metin-ozdamarlar","12":"first","13":"instock","14":"sale","15":"shipping-taxable","16":"purchasable","17":"product-type-simple"},"_links":{"self":[{"href":"https:\/\/roveyayinevi.com.tr\/index.php\/wp-json\/wp\/v2\/product\/720944","targetHints":{"allow":["GET"]}}],"collection":[{"href":"https:\/\/roveyayinevi.com.tr\/index.php\/wp-json\/wp\/v2\/product"}],"about":[{"href":"https:\/\/roveyayinevi.com.tr\/index.php\/wp-json\/wp\/v2\/types\/product"}],"wp:attachment":[{"href":"https:\/\/roveyayinevi.com.tr\/index.php\/wp-json\/wp\/v2\/media?parent=720944"}],"wp:term":[{"taxonomy":"product_brand","embeddable":true,"href":"https:\/\/roveyayinevi.com.tr\/index.php\/wp-json\/wp\/v2\/product_brand?post=720944"},{"taxonomy":"product_cat","embeddable":true,"href":"https:\/\/roveyayinevi.com.tr\/index.php\/wp-json\/wp\/v2\/product_cat?post=720944"},{"taxonomy":"product_tag","embeddable":true,"href":"https:\/\/roveyayinevi.com.tr\/index.php\/wp-json\/wp\/v2\/product_tag?post=720944"}],"curies":[{"name":"wp","href":"https:\/\/api.w.org\/{rel}","templated":true}]}}