{"id":720919,"date":"2025-08-27T18:42:51","date_gmt":"2025-08-27T15:42:51","guid":{"rendered":"https:\/\/roveyayinevi.com.tr\/index.php\/urun\/akilli-insanlarin-mantiksiz-kararlari\/"},"modified":"2026-01-25T02:48:44","modified_gmt":"2026-01-24T23:48:44","slug":"akilli-insanlarin-mantiksiz-kararlari","status":"publish","type":"product","link":"https:\/\/roveyayinevi.com.tr\/index.php\/urun\/akilli-insanlarin-mantiksiz-kararlari\/","title":{"rendered":"Ak\u0131ll\u0131 \u0130nsanlar\u0131n Mant\u0131ks\u0131z Kararlar\u0131"},"content":{"rendered":"<p>Nobel \u00f6d\u00fcll\u00fc Richard H. Thaler t\u00fcm kariyerini, ekonomideki en temel fakt\u00f6r\u00fcn insanlar, yani hata yapmaya e\u011filimli, \u00f6ng\u00f6r\u00fclebilir davran\u0131\u015flarda bulunan bireyler oldu\u011fu fikrini ara\u015ft\u0131rarak ge\u00e7irmi\u015ftir. Ak\u0131ll\u0131 \u0130nsanlar\u0131n Mant\u0131ks\u0131z Kararlar\u0131 i\u015fte bu akademik alan\u0131 biraz daha g\u00fcndelik hayata indirgemeyi ve hem ekonomiyi hem de d\u00fcnyay\u0131 kavray\u0131\u015f\u0131m\u0131z\u0131 de\u011fi\u015ftirmeyi hedeflemi\u015f, kimi zaman \u015fa\u015f\u0131rt\u0131c\u0131 kimi zaman da son derece esprili bir kitap.Geleneksel ekonomi, rasyonel akt\u00f6rleri hesaba katarak teoriler \u00fcretir. Fakat ara\u015ft\u0131rmas\u0131n\u0131n ilk d\u00f6nemlerinde Thaler bu rasyonel akt\u00f6rlerin ger\u00e7ek insanlara pek benzemedi\u011fini fark etti. \u0130ster bir elektronik cihaz alal\u0131m, ister ma\u00e7 bileti satal\u0131m ya da ev kredisine ba\u015fvural\u0131m, hepimiz baz\u0131 \u00f6nyarg\u0131larla hareket ediyoruz ve ekonomistler taraf\u0131ndan varsay\u0131lan mant\u0131k standartlar\u0131na uymayan kararlar veriyoruz. Di\u011fer bir deyi\u015fle, \u201cuygunsuz davran\u0131yoruz.\u201d Daha da \u00f6nemlisi bu uygunsuz davran\u0131\u015flar\u0131m\u0131z ciddi sonu\u00e7lara yol a\u00e7\u0131yor. \u0130nsanlar\u0131n hatal\u0131 kararlar\u0131 \u00fczerine ara\u015ft\u0131rma yapan bu alan, ekonomistler taraf\u0131ndan ba\u015fta e\u011flenceli bir fikir olarak g\u00f6r\u00fcl\u00fcp \u00e7ok \u00f6nemsenmese de art\u0131k b\u00fcy\u00fck ilgi g\u00f6r\u00fcyor ve hayat\u0131n t\u00fcm alanlar\u0131nda, ticari i\u015fletmelerde ve h\u00fck\u00fcmetlerde daha iyi kararlar\u0131n al\u0131nmas\u0131nda fayda sa\u011fl\u0131yor.\u0130nsan psikolojisiyle ilgili yeni ke\u015fifleri piyasa davran\u0131\u015flar\u0131yla birle\u015ftiren Thaler gitgide daha karma\u015f\u0131k bir hal alan d\u00fcnyam\u0131zda daha ak\u0131ll\u0131ca kararlar verebilmesi i\u00e7in okuyucuyu bilgilendiriyor. Thaler ayr\u0131ca davran\u0131\u015fsal ekonomi analizinin ev ekonomisinden televizyon \u015fovlar\u0131na, yeni bir binadaki ofis planlamas\u0131ndan Uber gibi i\u015fletmelere kadar pek \u00e7ok farkl\u0131 konuya yeni bir bak\u0131\u015f a\u00e7\u0131s\u0131 sundu\u011funu kan\u0131tl\u0131yor.Thaler\u2019\u0131n geleneksel ekonomi anlay\u0131\u015f\u0131na kar\u015f\u0131 verdi\u011fi tutkulu sava\u015fla ilgili pek \u00e7ok an\u0131yla da s\u00fcslenmi\u015f Ak\u0131ll\u0131 \u0130nsanlar\u0131n Mant\u0131ks\u0131z Kararlar\u0131, insano\u011flunun en b\u00fcy\u00fck zaaflar\u0131n\u0131n mercek alt\u0131na al\u0131nd\u0131\u011f\u0131 bir eser. Ekonomi ve psikolojinin bulu\u015ftu\u011fu bu ortak noktada y\u00f6neticilerin, karar mercilerinin ve t\u00fcm insanlar\u0131n \u00f6\u011frenebilece\u011fi \u00e7ok \u00f6nemli bilgiler ortaya \u00e7\u0131k\u0131yor.\u201cDavran\u0131\u015fsal ekonomi alan\u0131n\u0131 var eden bu yarat\u0131c\u0131 deha ayn\u0131 zamanda usta bir hik\u00e2ye anlat\u0131c\u0131s\u0131 ve \u00e7ok e\u011flenceli bir adam. T\u00fcm bu kabiliyetler Ak\u0131ll\u0131 \u0130nsanlar\u0131n Mant\u0131ks\u0131z Kararlar\u0131\u2019nda bir araya toplanm\u0131\u015f.\u201dDaniel Kahneman, Nobel \u00f6d\u00fcll\u00fc yazar\u201cKlasikler aras\u0131na girece\u011fi \u015fimdiden belli. Ekonomi tarihinin en \u00f6nemli isimlerinden biri haline gelen Thaler m\u00fcthi\u015f g\u00f6zlem yetene\u011fiyle ve bilgeli\u011fiyle yine b\u00fcy\u00fck bir ba\u015far\u0131ya imza atm\u0131\u015f.\u201dCass Sunstein, New Rambler\u201cRichard Thaler son otuz y\u0131lda ekonomi alan\u0131nda ger\u00e7ekle\u015fen en \u00f6nemli devrimin kalbinde yer ald\u0131. Bu ilgi \u00e7ekici kitab\u0131nda Thaler davran\u0131\u015fsal ekonomiyle ilgili bulgular\u0131n\u0131 ortaya seriyor. Ekonominin heyecan verici yeni boyutlar\u0131yla tan\u0131\u015fmak i\u00e7in daha iyi bir rehber olamaz.\u201dRobert J. Shiller, Nobel \u00f6d\u00fcll\u00fc yazar\u201cModern ekonominin en temel noktalar\u0131n\u0131 daha iyi kavrayaca\u011f\u0131n\u0131z bir eser. G\u00fcn\u00fcm\u00fcz entelekt\u00fcellerinden biriyle asans\u00f6rde kalacak olsayd\u0131m kesinlikle Richard Thaler\u2019\u0131 se\u00e7erdim.\u201dMalcolm Gladwell\u201c\u015ea\u015f\u0131rt\u0131c\u0131 \u00f6rneklerle dolu ve kesinlikle \u00e7ok e\u011flenceli. Hem teoride hem de pratikte art\u0131k Ekon\u2019lar\u0131 insanlarla de\u011fi\u015ftirmenin vakti geldi.\u201dCarol Tavris, Wall Street Journal \u201cThaler mizahi bir g\u00fc\u00e7le ekonomide devrim niteli\u011finde bir de\u011fi\u015fimi ba\u015flatm\u0131\u015f ve bu alan\u0131n en temel kavramlar\u0131yla ilgili \u00f6nc\u00fc fikirler geli\u015ftirmi\u015f.\u201dJulia M. Klein, Chicago Tribune\u201cDavran\u0131\u015fsal ekonomiyle ilgili kolay okunur, ustal\u0131kl\u0131 bir i\u015f. Thaler harika bir i\u015f \u00e7\u0131karm\u0131\u015f.\u201dDavid Wessel, Pulitzer \u00f6d\u00fcll\u00fc gazeteci\u201c\u00c7ok e\u011flenceli\u2026 Klasik ekonominin \u00e7\u0131kmazlar\u0131 \u00fczerine harika bir kitap.\u201dRonald L. Moy, CFA Institute\u201cKesinlikle akl\u0131n\u0131z\u0131 \u00e7eliyor.\u201dBloomberg\u201c\u0130lgi \u00e7ekici\u2026 Zaferlerle ve felaketlerle, m\u00fccadelelerle ve \u00e7at\u0131\u015fmalarla dolu, entelekt\u00fcellerin dikkatini \u00e7ekecek bir ekonomi kitab\u0131. Ba\u015far\u0131l\u0131 bir akademisyen olan Thaler t\u00fckenmeyen merak\u0131n\u0131 sayfalara yans\u0131tm\u0131\u015f.\u201dGuardian\u201cDavran\u0131\u015fsal ekonominin geli\u015fimini, onun yarat\u0131c\u0131lar\u0131ndan birinin a\u011fz\u0131ndan, esprili bir \u00fcslupla okuyacaks\u0131n\u0131z. Kahneman, Thaler\u2019\u0131n tembel biri oldu\u011funu iddia etmi\u015fti ama bunu bir iltifat olarak s\u00f6ylemi\u015f olmal\u0131 \u00e7\u00fcnk\u00fc Thaler\u2019\u0131n tembelli\u011fi onun sadece en \u00f6nemli meselelere kafa yormas\u0131n\u0131 ve kafa yordu\u011fu tek \u015feyde de m\u00fckemmelli\u011fe ula\u015fmas\u0131n\u0131 sa\u011flam\u0131\u015f.\u201dSunday Times\u201cBu kitap \u00f6nemli bir sosyoloji eseri olmas\u0131n\u0131n yan\u0131 s\u0131ra her t\u00fcrl\u00fc okuyucuyu cezbedecek kadar e\u011flenceli bir dille yaz\u0131lm\u0131\u015f.\u201dThe Times\u201cProfes\u00f6r Thaler\u2019\u0131n hem keyifli hem de \u00e7ok ciddi bir mesele \u00fczerine e\u011filen \u00e7al\u0131\u015fmas\u0131 akademik disiplinler aras\u0131ndaki \u00e7o\u011fu zaman yapay s\u0131n\u0131rlar\u0131n \u00f6tesinde bir alana ad\u0131m at\u0131yor.\u201dJonathan A. Knee, New York Times<\/p>\n","protected":false},"excerpt":{"rendered":"<p>Nobel \u00f6d\u00fcll\u00fc Richard H. Thaler t\u00fcm kariyerini, ekonomideki en temel fakt\u00f6r\u00fcn insanlar, yani hata yapmaya e\u011filimli, \u00f6ng\u00f6r\u00fclebilir davran\u0131\u015flarda bulunan bireyler oldu\u011fu fikrini ara\u015ft\u0131rarak ge\u00e7irmi\u015ftir. Ak\u0131ll\u0131 \u0130nsanlar\u0131n<span class=\"excerpt-hellip\"> [\u2026]<\/span><\/p>\n","protected":false},"featured_media":0,"template":"","meta":{"_monsterinsights_skip_tracking":false,"_monsterinsights_sitenote_active":false,"_monsterinsights_sitenote_note":"","_monsterinsights_sitenote_category":0},"product_brand":[],"product_cat":[12364,12376],"product_tag":[],"class_list":{"0":"post-720919","1":"product","2":"type-product","3":"status-publish","5":"product_cat-genel-konular","6":"product_cat-kisisel-gelisim","7":"pa_cilt-ciltsiz","8":"pa_tur-kitap","9":"pa_yayinevi-pegasus-yayinlari","10":"pa_yazar-richard-h-thaler","12":"first","13":"instock","14":"sale","15":"shipping-taxable","16":"purchasable","17":"product-type-simple"},"_links":{"self":[{"href":"https:\/\/roveyayinevi.com.tr\/index.php\/wp-json\/wp\/v2\/product\/720919","targetHints":{"allow":["GET"]}}],"collection":[{"href":"https:\/\/roveyayinevi.com.tr\/index.php\/wp-json\/wp\/v2\/product"}],"about":[{"href":"https:\/\/roveyayinevi.com.tr\/index.php\/wp-json\/wp\/v2\/types\/product"}],"wp:attachment":[{"href":"https:\/\/roveyayinevi.com.tr\/index.php\/wp-json\/wp\/v2\/media?parent=720919"}],"wp:term":[{"taxonomy":"product_brand","embeddable":true,"href":"https:\/\/roveyayinevi.com.tr\/index.php\/wp-json\/wp\/v2\/product_brand?post=720919"},{"taxonomy":"product_cat","embeddable":true,"href":"https:\/\/roveyayinevi.com.tr\/index.php\/wp-json\/wp\/v2\/product_cat?post=720919"},{"taxonomy":"product_tag","embeddable":true,"href":"https:\/\/roveyayinevi.com.tr\/index.php\/wp-json\/wp\/v2\/product_tag?post=720919"}],"curies":[{"name":"wp","href":"https:\/\/api.w.org\/{rel}","templated":true}]}}