{"id":720916,"date":"2025-08-27T18:42:50","date_gmt":"2025-08-27T15:42:50","guid":{"rendered":"https:\/\/roveyayinevi.com.tr\/index.php\/urun\/anlatim-teknikleri-ve-dramaturji\/"},"modified":"2026-03-12T02:38:00","modified_gmt":"2026-03-11T23:38:00","slug":"anlatim-teknikleri-ve-dramaturji","status":"publish","type":"product","link":"https:\/\/roveyayinevi.com.tr\/index.php\/urun\/anlatim-teknikleri-ve-dramaturji\/","title":{"rendered":"Anlat\u0131m Teknikleri ve Dramaturji"},"content":{"rendered":"<p>Senaryo yazar\u0131 Bob Foss\u2019un kaleme ald\u0131\u011f\u0131 , film yap\u0131m\u0131nda kullan\u0131lan temel anlat\u0131 teknikleri ve dramaturji konusunda kapsaml\u0131, sistematik bilgiler sunuyor. \u00dcnl\u00fc filmlerin senaryolar\u0131ndan ve \u00fcretim s\u00fcre\u00e7lerinden \u00f6rnekler vererek konuyu ele alan Foss, y\u00f6netmenlerden yap\u0131mc\u0131lara, senaryo yazarlar\u0131ndan g\u00f6r\u00fcnt\u00fc y\u00f6netmenlerine kadar herkesin faydalanaca\u011f\u0131 ipu\u00e7lar\u0131n\u0131 s\u0131ralar\u0131yor.Film ve televizyon programlar\u0131 yap\u0131l\u0131rken izlenecek y\u00f6ntemler hakk\u0131nda edindi\u011fi ki\u015fisel tecr\u00fcbelerinden yola \u00e7\u0131karak yazd\u0131\u011f\u0131 bu kitapta Foss, malzeme se\u00e7iminde etkin ilkeleri a\u00e7\u0131kl\u0131yor. Bu ilkeler do\u011frultusunda metnini, \u201cAnlat\u0131m Tekni\u011fi\u201d ve \u201cDramaturji\u201d olarak iki ba\u015fl\u0131k alt\u0131nda d\u00fczenleyen yazar, okurun \u00e7ekece\u011fi filmde ya da televizyon program\u0131nda verimli, tatmin edici sonuca ula\u015fmas\u0131n\u0131 sa\u011flayacak y\u00f6ntemleri anlat\u0131yor.Film yap\u0131m\u0131 metadolojisinin t\u00fcm a\u015famalar\u0131n\u0131 pratik bilgilerle zenginle\u015ftiren kitap, okurun kendi deneyimine ve anlay\u0131\u015f\u0131na g\u00f6re neyi ne zaman kullanaca\u011f\u0131na, neyi nas\u0131l g\u00f6z ard\u0131 edece\u011fine kendisinin karar verebilece\u011fi bir k\u0131lavuz niteli\u011fi ta\u015f\u0131yor.<\/p>\n","protected":false},"excerpt":{"rendered":"<p>Senaryo yazar\u0131 Bob Foss\u2019un kaleme ald\u0131\u011f\u0131 , film yap\u0131m\u0131nda kullan\u0131lan temel anlat\u0131 teknikleri ve dramaturji konusunda kapsaml\u0131, sistematik bilgiler sunuyor. \u00dcnl\u00fc filmlerin senaryolar\u0131ndan ve \u00fcretim s\u00fcre\u00e7lerinden<span class=\"excerpt-hellip\"> [\u2026]<\/span><\/p>\n","protected":false},"featured_media":0,"template":"","meta":{"_monsterinsights_skip_tracking":false,"_monsterinsights_sitenote_active":false,"_monsterinsights_sitenote_note":"","_monsterinsights_sitenote_category":0},"product_brand":[],"product_cat":[12409,12408],"product_tag":[],"class_list":{"0":"post-720916","1":"product","2":"type-product","3":"status-publish","5":"product_cat-fotograf-sinema-tiyatro","6":"product_cat-sanat","7":"pa_cilt-ciltsiz","8":"pa_tur-kitap","9":"pa_yayinevi-hayalperest-yayinlari","10":"pa_yazar-bob-foss","12":"first","13":"instock","14":"sale","15":"shipping-taxable","16":"purchasable","17":"product-type-simple"},"_links":{"self":[{"href":"https:\/\/roveyayinevi.com.tr\/index.php\/wp-json\/wp\/v2\/product\/720916","targetHints":{"allow":["GET"]}}],"collection":[{"href":"https:\/\/roveyayinevi.com.tr\/index.php\/wp-json\/wp\/v2\/product"}],"about":[{"href":"https:\/\/roveyayinevi.com.tr\/index.php\/wp-json\/wp\/v2\/types\/product"}],"wp:attachment":[{"href":"https:\/\/roveyayinevi.com.tr\/index.php\/wp-json\/wp\/v2\/media?parent=720916"}],"wp:term":[{"taxonomy":"product_brand","embeddable":true,"href":"https:\/\/roveyayinevi.com.tr\/index.php\/wp-json\/wp\/v2\/product_brand?post=720916"},{"taxonomy":"product_cat","embeddable":true,"href":"https:\/\/roveyayinevi.com.tr\/index.php\/wp-json\/wp\/v2\/product_cat?post=720916"},{"taxonomy":"product_tag","embeddable":true,"href":"https:\/\/roveyayinevi.com.tr\/index.php\/wp-json\/wp\/v2\/product_tag?post=720916"}],"curies":[{"name":"wp","href":"https:\/\/api.w.org\/{rel}","templated":true}]}}