{"id":720914,"date":"2025-08-27T18:42:48","date_gmt":"2025-08-27T15:42:48","guid":{"rendered":"https:\/\/roveyayinevi.com.tr\/index.php\/urun\/cocuk-cocukluk-ve-cocuk-edebiyati\/"},"modified":"2026-04-16T02:28:46","modified_gmt":"2026-04-15T23:28:46","slug":"cocuk-cocukluk-ve-cocuk-edebiyati","status":"publish","type":"product","link":"https:\/\/roveyayinevi.com.tr\/index.php\/urun\/cocuk-cocukluk-ve-cocuk-edebiyati\/","title":{"rendered":"\u00c7ocuk \u00c7ocukluk ve \u00c7ocuk Edebiyat\u0131"},"content":{"rendered":"<p>\u00c7ocuk edebiyat\u0131 b\u00fct\u00fcn bile\u015fenleri ile k\u00fclt\u00fcrel kozalar\u0131n\u0131  yeniledi\u011fi bir evre i\u00e7inde. Bug\u00fcn art\u0131k \u00e7ocuk edebiyat\u0131 kamusundan s\u00f6z etmek yad\u0131rganmad\u0131\u011f\u0131 gibi, bu alan  edebiyat\u0131 \u00f6zel bir ilgi oda\u011f\u0131 durumuna geldi.    \u00c7ocuk modernle\u015fmesine paralel olarak de\u011fi\u015fen \u00e7ocuk ve \u00e7ocuklukla birlikte \u00e7ocuk edebiyat\u0131nda \u00e7ok h\u0131zl\u0131 bir ama\u00e7 ve i\u015flev de\u011fi\u015fimi ya\u015fan\u0131yor. \u00c7ocuk klasi\u011fi olarak adland\u0131r\u0131lan  kitaplar yan\u0131nda \u00e7o\u011fu d\u00f6nem yazar\u0131n\u0131n \u00e7ocuk kitaplar\u0131 yeni ku\u015faklarca okunmuyor art\u0131k. Yeni \u00e7ocuklu\u011fun edebiyat\u0131 boy atarken \u00e7ocuk edebiyat\u0131n\u0131n pedagojik, g\u00f6rsel ve estetik \u00f6l\u00e7\u00fctleri de farkl\u0131la\u015f\u0131yor ve evriliyor.    Bir yandan \u00e7ocuk edebiyat\u0131n\u0131n ya\u015f\u0131 k\u00fc\u00e7\u00fcl\u00fcrken, \u00f6te yandan bu alan giderek \u201cmedyatik\u201dle\u015fiyor. Bu \u00e7ok y\u00f6nl\u00fc ku\u015fatmaya kar\u015f\u0131n \u00e7ocuk edebiyat\u0131, ana dili \u00f6\u011fretimi, okuma k\u00fclt\u00fcr\u00fc kazand\u0131rma, edebiyat okuru yeti\u015ftirme ve sanat e\u011fitiminde ba\u015fat kaynak durumuna gelmesi daha da belirginle\u015fiyor.   Mustafa Ruhi \u015eirin; \u00c7ocuk, \u00c7ocukluk ve \u00c7ocuk Edebiyat\u0131\u2019nda edebiyat ve \u00e7ocuk edebiyat\u0131, T\u00fcrk \u00e7ocuk edebiyat\u0131n\u0131n gecikerek geli\u015fmesi, modern \u00e7ocuk edebiyat\u0131 k\u00fclt\u00fcr\u00fc, \u00e7ocuk edebiyat\u0131 yazarl\u0131\u011f\u0131, \u00e7ocuk edebiyat\u0131nda kanon tart\u0131\u015fmalar\u0131 ile \u00e7ocuk edebiyat\u0131ndaki de\u011fi\u015fimi yorumluyor.<\/p>\n","protected":false},"excerpt":{"rendered":"<p>\u00c7ocuk edebiyat\u0131 b\u00fct\u00fcn bile\u015fenleri ile k\u00fclt\u00fcrel kozalar\u0131n\u0131 yeniledi\u011fi bir evre i\u00e7inde. Bug\u00fcn art\u0131k \u00e7ocuk edebiyat\u0131 kamusundan s\u00f6z etmek yad\u0131rganmad\u0131\u011f\u0131 gibi, bu alan edebiyat\u0131 \u00f6zel bir ilgi<span class=\"excerpt-hellip\"> [\u2026]<\/span><\/p>\n","protected":false},"featured_media":0,"template":"","meta":{"_monsterinsights_skip_tracking":false,"_monsterinsights_sitenote_active":false,"_monsterinsights_sitenote_note":"","_monsterinsights_sitenote_category":0},"product_brand":[],"product_cat":[12291,12610],"product_tag":[],"class_list":{"0":"post-720914","1":"product","2":"type-product","3":"status-publish","5":"product_cat-edebiyat","6":"product_cat-elestiri-inceleme-kuram","7":"pa_cilt-ciltsiz","8":"pa_tur-kitap","9":"pa_yayinevi-ucan-at","10":"pa_yazar-mustafa-ruhi-sirin","12":"first","13":"instock","14":"sale","15":"shipping-taxable","16":"purchasable","17":"product-type-simple"},"_links":{"self":[{"href":"https:\/\/roveyayinevi.com.tr\/index.php\/wp-json\/wp\/v2\/product\/720914","targetHints":{"allow":["GET"]}}],"collection":[{"href":"https:\/\/roveyayinevi.com.tr\/index.php\/wp-json\/wp\/v2\/product"}],"about":[{"href":"https:\/\/roveyayinevi.com.tr\/index.php\/wp-json\/wp\/v2\/types\/product"}],"wp:attachment":[{"href":"https:\/\/roveyayinevi.com.tr\/index.php\/wp-json\/wp\/v2\/media?parent=720914"}],"wp:term":[{"taxonomy":"product_brand","embeddable":true,"href":"https:\/\/roveyayinevi.com.tr\/index.php\/wp-json\/wp\/v2\/product_brand?post=720914"},{"taxonomy":"product_cat","embeddable":true,"href":"https:\/\/roveyayinevi.com.tr\/index.php\/wp-json\/wp\/v2\/product_cat?post=720914"},{"taxonomy":"product_tag","embeddable":true,"href":"https:\/\/roveyayinevi.com.tr\/index.php\/wp-json\/wp\/v2\/product_tag?post=720914"}],"curies":[{"name":"wp","href":"https:\/\/api.w.org\/{rel}","templated":true}]}}