{"id":720908,"date":"2025-08-27T18:42:44","date_gmt":"2025-08-27T15:42:44","guid":{"rendered":"https:\/\/roveyayinevi.com.tr\/index.php\/urun\/identity-and-the-other-in-byzantium\/"},"modified":"2026-04-16T02:28:46","modified_gmt":"2026-04-15T23:28:46","slug":"identity-and-the-other-in-byzantium","status":"publish","type":"product","link":"https:\/\/roveyayinevi.com.tr\/index.php\/urun\/identity-and-the-other-in-byzantium\/","title":{"rendered":"Identity And The Other In Byzantium"},"content":{"rendered":"<p>2007 y\u0131l\u0131ndan bu yana \u00fc\u00e7 y\u0131lda bir d\u00fczenlenen Uluslararas\u0131 Sevgi G\u00f6n\u00fcl Bizans \u00c7al\u0131\u015fmalar\u0131 Sempozyumu\u2019nun 23-25 Haziran 2016 tarihinde d\u00fczenlenen d\u00f6rd\u00fcnc\u00fcs\u00fcn\u00fcn bildiri kitab\u0131 yay\u0131mland\u0131. Identity and the Other in Byzantium ba\u015fl\u0131kl\u0131 \u0130ngilizce yay\u0131mlanan kitapta 17 bildiri yer al\u0131yor.Identifying the Other: Ethnicity, Clothing, Body \/ Identity and the Other in Space \/ Identity and the Other in Memory \/ On the Margins of Orthodoxy: Belief Carved in Stone \/ Manifestation of Identity Through Patronage \/ Appropriating the Other ba\u015fl\u0131klar\u0131ndaki alt\u0131 b\u00f6l\u00fcmde yer alan bildirilerde Bizans\u2019ta \u201c\u00f6teki\u201dnin nas\u0131l alg\u0131land\u0131\u011f\u0131 ve betimlendi\u011fi ile igili konular\u0131 irdeleniyor. Ayr\u0131ca bildiriler Bizans d\u00fcnyas\u0131nda \u00f6zbenli\u011fin etnik, politik, dinsel, dilsel ve mek\u00e2nsal d\u00fczlemlerde nas\u0131l kuruldu\u011funa y\u00f6nelik sorulara cevap ar\u0131yor.Alanlar\u0131nda \u00f6nde gelen akademisyenlerin bildirilerinin yer ald\u0131\u011f\u0131 kitap Bizans d\u00fcnyas\u0131nda kimlik ve \u201c\u00f6teki\u201d konular\u0131na katk\u0131 sa\u011flayan \u00f6nemli bir yay\u0131n olma \u00f6zelli\u011fini ta\u015f\u0131yor.<\/p>\n","protected":false},"excerpt":{"rendered":"<p>2007 y\u0131l\u0131ndan bu yana \u00fc\u00e7 y\u0131lda bir d\u00fczenlenen Uluslararas\u0131 Sevgi G\u00f6n\u00fcl Bizans \u00c7al\u0131\u015fmalar\u0131 Sempozyumu\u2019nun 23-25 Haziran 2016 tarihinde d\u00fczenlenen d\u00f6rd\u00fcnc\u00fcs\u00fcn\u00fcn bildiri kitab\u0131 yay\u0131mland\u0131. Identity and the<span class=\"excerpt-hellip\"> [\u2026]<\/span><\/p>\n","protected":false},"featured_media":0,"template":"","meta":{"_monsterinsights_skip_tracking":false,"_monsterinsights_sitenote_active":false,"_monsterinsights_sitenote_note":"","_monsterinsights_sitenote_category":0},"product_brand":[],"product_cat":[12370,12304],"product_tag":[],"class_list":{"0":"post-720908","1":"product","2":"type-product","3":"status-publish","5":"product_cat-arastirma-inceleme","6":"product_cat-tarih","7":"pa_cilt-ciltsiz","8":"pa_tur-kitap","9":"pa_yayinevi-koc-universitesi-yayinlari","10":"pa_yazar-ivana-jevtic-koray-durak","12":"first","13":"instock","14":"sale","15":"shipping-taxable","16":"purchasable","17":"product-type-simple"},"_links":{"self":[{"href":"https:\/\/roveyayinevi.com.tr\/index.php\/wp-json\/wp\/v2\/product\/720908","targetHints":{"allow":["GET"]}}],"collection":[{"href":"https:\/\/roveyayinevi.com.tr\/index.php\/wp-json\/wp\/v2\/product"}],"about":[{"href":"https:\/\/roveyayinevi.com.tr\/index.php\/wp-json\/wp\/v2\/types\/product"}],"wp:attachment":[{"href":"https:\/\/roveyayinevi.com.tr\/index.php\/wp-json\/wp\/v2\/media?parent=720908"}],"wp:term":[{"taxonomy":"product_brand","embeddable":true,"href":"https:\/\/roveyayinevi.com.tr\/index.php\/wp-json\/wp\/v2\/product_brand?post=720908"},{"taxonomy":"product_cat","embeddable":true,"href":"https:\/\/roveyayinevi.com.tr\/index.php\/wp-json\/wp\/v2\/product_cat?post=720908"},{"taxonomy":"product_tag","embeddable":true,"href":"https:\/\/roveyayinevi.com.tr\/index.php\/wp-json\/wp\/v2\/product_tag?post=720908"}],"curies":[{"name":"wp","href":"https:\/\/api.w.org\/{rel}","templated":true}]}}