{"id":720894,"date":"2025-08-27T18:42:33","date_gmt":"2025-08-27T15:42:33","guid":{"rendered":"https:\/\/roveyayinevi.com.tr\/index.php\/urun\/fark-yaratan-sunumlar\/"},"modified":"2026-04-16T02:28:46","modified_gmt":"2026-04-15T23:28:46","slug":"fark-yaratan-sunumlar","status":"publish","type":"product","link":"https:\/\/roveyayinevi.com.tr\/index.php\/urun\/fark-yaratan-sunumlar\/","title":{"rendered":"Fark Yaratan Sunumlar"},"content":{"rendered":"<p>\u0130\u015f d\u00fcnyas\u0131nda yap\u0131lan sunumlarda ciddi bir sorun var! Bir\u00e7o\u011fumuz sunumlarda s\u0131k\u0131l\u0131yoruz. Ama h\u00e2l\u00e2 yayg\u0131n bir ileti\u015fim arac\u0131 olarak kullan\u0131l\u0131yor. Yapt\u0131\u011f\u0131n\u0131z bir sunum ile kariyerinizi rezil veya vezir edebilirsiniz. Bu y\u00fczden, yakla\u015fan bir sunum \u00f6ncesi zor bir se\u00e7im yapmak zorunda kalabilirsiniz: Bilindik \u015fekilde sunum yap\u0131p herkesi s\u0131kmak, Tam h\u00e2kim olmad\u0131\u011f\u0131n\u0131z yeni \u015feyler deneyip b\u00fcy\u00fck bir risk almak. Ama \u00fc\u00e7\u00fcnc\u00fc bir se\u00e7enek daha var: \u0130yi sunum yapmak i\u00e7in kendinizi geli\u015ftirmek. B\u00f6ylece, yakla\u015fan sunumu kariyerinizi y\u00fckseltme veya mevcut i\u015finizi geli\u015ftirme f\u0131rsat\u0131na d\u00f6n\u00fc\u015ft\u00fcrebilirsiniz.Ofis veya ofis d\u0131\u015f\u0131ndaki ya\u015fam\u0131n\u0131zda sunumlar yap\u0131yorsan\u0131z, bu kitapta yazanlar\u0131 uygulayarak ileti\u015fim g\u00fcc\u00fcn\u00fcz\u00fc art\u0131rabilirsiniz. Bu sayede daha etkin bir konu\u015fmac\u0131 olabilirsiniz. Kar\u015f\u0131n\u0131zdakiler sizi \u00e7ok daha net anlayabilirler. K\u0131saca, hayat\u0131n\u0131z daha kolay bir hale gelir.<\/p>\n","protected":false},"excerpt":{"rendered":"<p>\u0130\u015f d\u00fcnyas\u0131nda yap\u0131lan sunumlarda ciddi bir sorun var! Bir\u00e7o\u011fumuz sunumlarda s\u0131k\u0131l\u0131yoruz. Ama h\u00e2l\u00e2 yayg\u0131n bir ileti\u015fim arac\u0131 olarak kullan\u0131l\u0131yor. Yapt\u0131\u011f\u0131n\u0131z bir sunum ile kariyerinizi rezil veya<span class=\"excerpt-hellip\"> [\u2026]<\/span><\/p>\n","protected":false},"featured_media":0,"template":"","meta":{"_monsterinsights_skip_tracking":false,"_monsterinsights_sitenote_active":false,"_monsterinsights_sitenote_note":"","_monsterinsights_sitenote_category":0},"product_brand":[],"product_cat":[13043,17647],"product_tag":[],"class_list":{"0":"post-720894","1":"product","2":"type-product","3":"status-publish","5":"product_cat-ekonomi","6":"product_cat-is-dunyasi","7":"pa_cilt-ciltsiz","8":"pa_tur-kitap","9":"pa_yayinevi-kuraldisi-yayinevi","10":"pa_yazar-alper-rozanes","12":"first","13":"instock","14":"sale","15":"shipping-taxable","16":"purchasable","17":"product-type-simple"},"_links":{"self":[{"href":"https:\/\/roveyayinevi.com.tr\/index.php\/wp-json\/wp\/v2\/product\/720894","targetHints":{"allow":["GET"]}}],"collection":[{"href":"https:\/\/roveyayinevi.com.tr\/index.php\/wp-json\/wp\/v2\/product"}],"about":[{"href":"https:\/\/roveyayinevi.com.tr\/index.php\/wp-json\/wp\/v2\/types\/product"}],"wp:attachment":[{"href":"https:\/\/roveyayinevi.com.tr\/index.php\/wp-json\/wp\/v2\/media?parent=720894"}],"wp:term":[{"taxonomy":"product_brand","embeddable":true,"href":"https:\/\/roveyayinevi.com.tr\/index.php\/wp-json\/wp\/v2\/product_brand?post=720894"},{"taxonomy":"product_cat","embeddable":true,"href":"https:\/\/roveyayinevi.com.tr\/index.php\/wp-json\/wp\/v2\/product_cat?post=720894"},{"taxonomy":"product_tag","embeddable":true,"href":"https:\/\/roveyayinevi.com.tr\/index.php\/wp-json\/wp\/v2\/product_tag?post=720894"}],"curies":[{"name":"wp","href":"https:\/\/api.w.org\/{rel}","templated":true}]}}