{"id":720892,"date":"2025-08-27T18:42:32","date_gmt":"2025-08-27T15:42:32","guid":{"rendered":"https:\/\/roveyayinevi.com.tr\/index.php\/urun\/kahramanin-yolculugu\/"},"modified":"2026-04-16T02:28:46","modified_gmt":"2026-04-15T23:28:46","slug":"kahramanin-yolculugu","status":"publish","type":"product","link":"https:\/\/roveyayinevi.com.tr\/index.php\/urun\/kahramanin-yolculugu\/","title":{"rendered":"Kahraman\u0131n Yolculu\u011fu"},"content":{"rendered":"<p>\u00c7o\u011funlukla ger\u00e7ek ki\u015fi ve olaylara dayanan, b\u00fcy\u00fck kahramanl\u0131klar i\u00e7eren, insana ve hayata dair derin ve de\u011ferli mesajlar i\u00e7ermesi nedeniyle ku\u015faktan ku\u015fa\u011fa aktar\u0131lan, tarihsel \u00f6neme sahip, b\u00fcy\u00fck anlat\u0131lar&#8230; Efsaneler kabaca b\u00f6yle tan\u0131mlanabilir. Onca g\u00fczelli\u011finin yan\u0131 s\u0131ra say\u0131s\u0131z efsaneye de ev sahipli\u011fi yapm\u0131\u015f olan \u0130stanbul, 2019 yerel se\u00e7imleri s\u0131ras\u0131nda yeni bir efsanenin do\u011fu\u015funa tan\u0131kl\u0131k etti: Ekrem \u0130mamo\u011flu. Kahraman\u0131m\u0131z, \u0130stanbul&#8217;u 25, T\u00fcrkiye&#8217;yi 17 y\u0131ld\u0131r y\u00f6netmekte olan, t\u00fcm devlet kurumlar\u0131 ve medya \u00fczerinde a\u011f\u0131r ve a\u015f\u0131r\u0131 bir hakimiyete sahip iktidar\u0131 ve onun bakanl\u0131k, ba\u015fbakanl\u0131k, meclis ba\u015fkanl\u0131\u011f\u0131 yapm\u0131\u015f aday\u0131n\u0131 \u00fcst \u00fcste iki kere yendi. Bu, yeni nesil siyaset anlay\u0131\u015f\u0131n\u0131n bir zaferiydi. 31 Mart se\u00e7imlerinin b\u00fct\u00fcn\u00fcyle me\u015fru sonu\u00e7lar\u0131n\u0131 tan\u0131mayanlar\u0131n yapt\u0131klar\u0131n\u0131 i\u00e7lerine sindiremeyen milyonlar, \u0130mamo\u011flu&#8217;nda kendi vicdanlar\u0131n\u0131n ve adalet duygular\u0131n\u0131n ifadesini buldular. &#8220;Hak yemem, hakk\u0131m\u0131 da yedirmem&#8221; diyerek \u00e7ok sakin, \u00e7ok g\u00fc\u00e7l\u00fc, \u00e7ok kararl\u0131 ama hep zarif ve nazik bir duru\u015f sergileyen bu gen\u00e7 adamda kendilerini ve tabiri caizse kahramanlar\u0131n\u0131 g\u00f6rd\u00fcler. \u00c7o\u011funlukla ger\u00e7ek ki\u015fi ve olaylara dayanan, b\u00fcy\u00fck kahramanl\u0131klar i\u00e7eren, insana ve hayata dair derin ve de\u011ferli mesajlar i\u00e7ermesi nedeniyle ku\u015faktan ku\u015fa\u011fa aktar\u0131lan, tarihsel \u00f6neme sahip, b\u00fcy\u00fck anlat\u0131lar&#8230; Efsaneler kabaca b\u00f6yle tan\u0131mlanabilir. Onca g\u00fczelli\u011finin yan\u0131 s\u0131ra say\u0131s\u0131z efsaneye de ev sahipli\u011fi yapm\u0131\u015f olan \u0130stanbul, 2019 yerel se\u00e7imleri s\u0131ras\u0131nda yeni bir efsanenin do\u011fu\u015funa tan\u0131kl\u0131k etti: Ekrem \u0130mamo\u011flu. Kahraman\u0131m\u0131z, \u0130stanbul&#8217;u 25, T\u00fcrkiye&#8217;yi 17 y\u0131ld\u0131r y\u00f6netmekte olan, t\u00fcm devlet kurumlar\u0131 ve medya \u00fczerinde a\u011f\u0131r ve a\u015f\u0131r\u0131 bir hakimiyete sahip iktidar\u0131 ve onun bakanl\u0131k, ba\u015fbakanl\u0131k, meclis ba\u015fkanl\u0131\u011f\u0131 yapm\u0131\u015f aday\u0131n\u0131 \u00fcst \u00fcste iki kere yendi. Bu, yeni nesil siyaset anlay\u0131\u015f\u0131n\u0131n bir zaferiydi. 31 Mart se\u00e7imlerinin b\u00fct\u00fcn\u00fcyle me\u015fru sonu\u00e7lar\u0131n\u0131 tan\u0131mayanlar\u0131n yapt\u0131klar\u0131n\u0131 i\u00e7lerine sindiremeyen milyonlar, \u0130mamo\u011flu&#8217;nda kendi vicdanlar\u0131n\u0131n ve adalet duygular\u0131n\u0131n ifadesini buldular. &#8220;Hak yemem, hakk\u0131m\u0131 da yedirmem&#8221; diyerek \u00e7ok sakin, \u00e7ok g\u00fc\u00e7l\u00fc, \u00e7ok kararl\u0131 ama hep zarif ve nazik bir duru\u015f sergileyen bu gen\u00e7 adamda kendilerini ve tabiri caizse kahramanlar\u0131n\u0131 g\u00f6rd\u00fcler. <\/p>\n","protected":false},"excerpt":{"rendered":"<p>\u00c7o\u011funlukla ger\u00e7ek ki\u015fi ve olaylara dayanan, b\u00fcy\u00fck kahramanl\u0131klar i\u00e7eren, insana ve hayata dair derin ve de\u011ferli mesajlar i\u00e7ermesi nedeniyle ku\u015faktan ku\u015fa\u011fa aktar\u0131lan, tarihsel \u00f6neme sahip, b\u00fcy\u00fck<span class=\"excerpt-hellip\"> [\u2026]<\/span><\/p>\n","protected":false},"featured_media":0,"template":"","meta":{"_monsterinsights_skip_tracking":false,"_monsterinsights_sitenote_active":false,"_monsterinsights_sitenote_note":"","_monsterinsights_sitenote_category":0},"product_brand":[],"product_cat":[31194,12337],"product_tag":[],"class_list":{"0":"post-720892","1":"product","2":"type-product","3":"status-publish","5":"product_cat-guncel-siyaset","6":"product_cat-politika-siyaset","7":"pa_cilt-ciltsiz","8":"pa_tur-kitap","9":"pa_yayinevi-mediacat-kitaplari","10":"pa_yazar-necati-ozkan","12":"first","13":"instock","14":"sale","15":"shipping-taxable","16":"purchasable","17":"product-type-simple"},"_links":{"self":[{"href":"https:\/\/roveyayinevi.com.tr\/index.php\/wp-json\/wp\/v2\/product\/720892","targetHints":{"allow":["GET"]}}],"collection":[{"href":"https:\/\/roveyayinevi.com.tr\/index.php\/wp-json\/wp\/v2\/product"}],"about":[{"href":"https:\/\/roveyayinevi.com.tr\/index.php\/wp-json\/wp\/v2\/types\/product"}],"wp:attachment":[{"href":"https:\/\/roveyayinevi.com.tr\/index.php\/wp-json\/wp\/v2\/media?parent=720892"}],"wp:term":[{"taxonomy":"product_brand","embeddable":true,"href":"https:\/\/roveyayinevi.com.tr\/index.php\/wp-json\/wp\/v2\/product_brand?post=720892"},{"taxonomy":"product_cat","embeddable":true,"href":"https:\/\/roveyayinevi.com.tr\/index.php\/wp-json\/wp\/v2\/product_cat?post=720892"},{"taxonomy":"product_tag","embeddable":true,"href":"https:\/\/roveyayinevi.com.tr\/index.php\/wp-json\/wp\/v2\/product_tag?post=720892"}],"curies":[{"name":"wp","href":"https:\/\/api.w.org\/{rel}","templated":true}]}}